{"id":8031,"date":"2022-04-25T11:29:43","date_gmt":"2022-04-25T09:29:43","guid":{"rendered":"https:\/\/wp.unil.ch\/alumnil\/?post_type=tribe_events&#038;p=8031"},"modified":"2023-05-30T10:21:16","modified_gmt":"2023-05-30T08:21:16","slug":"lintelligence-emotionnelle","status":"publish","type":"tribe_events","link":"https:\/\/wp.unil.ch\/alumnil\/event\/lintelligence-emotionnelle\/","title":{"rendered":"L&rsquo;intelligence \u00e9motionnelle"},"content":{"rendered":"\r\n<p>Contrairement \u00e0 ce qui est commun\u00e9ment admis, l\u2019intelligence cognitive &#8211; d\u00e9finie par le QI &#8211; n\u2019est pas un pr\u00e9dicteur fiable de notre succ\u00e8s professionnel ou socio-\u00e9conomique. On parle alors d\u2019une autre intelligence, dite \u00ab\u00e9motionnelle\u00bb, qui la compl\u00e8te et augmente notre capacit\u00e9 \u00e0 faire face aux probl\u00e8mes li\u00e9s \u00e0 l\u2019environnement social. Comment peut-on d\u00e9finir cette intelligence \u00e9motionnelle? Est-elle inn\u00e9e ou peut-on apprendre \u00e0 la d\u00e9velopper? Comment en tirer profit dans le milieu professionnel, mais \u00e9galement dans la vie sociale? R\u00e9ponses avec Branka Zei Pollermann, psychologue et linguiste.<\/p>\r\n\r\n\r\n\r\n\r\n\r\n\r\n\r\n\r\n\r\n\r\n","protected":false},"excerpt":{"rendered":"<p>Contrairement \u00e0 ce qui est commun\u00e9ment admis, l\u2019intelligence cognitive &#8211; d\u00e9finie par le QI &#8211; n\u2019est pas un pr\u00e9dicteur fiable de notre succ\u00e8s professionnel ou socio-\u00e9conomique. On parle alors d\u2019une autre intelligence, dite \u00ab\u00e9motionnelle\u00bb, qui la compl\u00e8te et augmente notre &hellip; <\/p>\n","protected":false},"author":1001058,"featured_media":8034,"template":"","meta":{"_seopress_robots_primary_cat":"","_seopress_titles_title":"","_seopress_titles_desc":"","_seopress_robots_index":"","_tribe_events_status":"","_tribe_events_status_reason":"","footnotes":""},"tags":[],"tribe_events_cat":[],"class_list":["post-8031","tribe_events","type-tribe_events","status-publish","has-post-thumbnail"],"_links":{"self":[{"href":"https:\/\/wp.unil.ch\/alumnil\/wp-json\/wp\/v2\/tribe_events\/8031","targetHints":{"allow":["GET"]}}],"collection":[{"href":"https:\/\/wp.unil.ch\/alumnil\/wp-json\/wp\/v2\/tribe_events"}],"about":[{"href":"https:\/\/wp.unil.ch\/alumnil\/wp-json\/wp\/v2\/types\/tribe_events"}],"author":[{"embeddable":true,"href":"https:\/\/wp.unil.ch\/alumnil\/wp-json\/wp\/v2\/users\/1001058"}],"version-history":[{"count":3,"href":"https:\/\/wp.unil.ch\/alumnil\/wp-json\/wp\/v2\/tribe_events\/8031\/revisions"}],"predecessor-version":[{"id":9496,"href":"https:\/\/wp.unil.ch\/alumnil\/wp-json\/wp\/v2\/tribe_events\/8031\/revisions\/9496"}],"wp:featuredmedia":[{"embeddable":true,"href":"https:\/\/wp.unil.ch\/alumnil\/wp-json\/wp\/v2\/media\/8034"}],"wp:attachment":[{"href":"https:\/\/wp.unil.ch\/alumnil\/wp-json\/wp\/v2\/media?parent=8031"}],"wp:term":[{"taxonomy":"post_tag","embeddable":true,"href":"https:\/\/wp.unil.ch\/alumnil\/wp-json\/wp\/v2\/tags?post=8031"},{"taxonomy":"tribe_events_cat","embeddable":true,"href":"https:\/\/wp.unil.ch\/alumnil\/wp-json\/wp\/v2\/tribe_events_cat?post=8031"}],"curies":[{"name":"wp","href":"https:\/\/api.w.org\/{rel}","templated":true}]}}

L&rsquo;intelligence émotionnelle

<p>Contrairement à ce qui est communément admis, l’intelligence cognitive &#8211; définie par le QI &#8211; n’est pas un prédicteur fiable de notre succès professionnel ou socio-économique. On parle alors d’une autre intelligence, dite «émotionnelle», qui la complète et augmente notre capacité à faire face aux problèmes liés à l’environnement social. Comment peut-on définir cette intelligence émotionnelle? Est-elle innée ou peut-on apprendre à la développer? Comment en tirer profit dans le milieu professionnel, mais également dans la vie sociale? Réponses avec Branka Zei Pollermann, psychologue et linguiste.</p>

<p>Contrairement à ce qui est communément admis, l’intelligence cognitive &#8211; définie par le QI &#8211; n’est pas un prédicteur fiable de notre succès professionnel ou socio-économique. On parle alors d’une autre intelligence, dite «émotionnelle», qui la complète et augmente notre &hellip; </p>
