{"id":17773,"date":"2026-08-28T10:34:21","date_gmt":"2026-08-28T08:34:21","guid":{"rendered":"https:\/\/wp.unil.ch\/alumnil\/?post_type=tribe_events&#038;p=17773"},"modified":"2026-08-28T10:34:21","modified_gmt":"2026-08-28T08:34:21","slug":"le-medecin-de-la-nati","status":"publish","type":"tribe_events","link":"https:\/\/wp.unil.ch\/alumnil\/event\/le-medecin-de-la-nati\/","title":{"rendered":"Le m\u00e9decin de la Nati"},"content":{"rendered":"<p><strong>Le Dr Philippe Tscholl, m\u00e9decin de l\u2019\u00e9quipe suisse de football, est l\u2019invit\u00e9 d\u2019honneur de la C\u00e9r\u00e9monie d\u2019ouverture de l\u2019ann\u00e9e acad\u00e9mique de la FBM. Sa conf\u00e9rence sera suivie d\u2019un \u00e9change avec le public.<\/strong><\/p>\n<p>Lors de la derni\u00e8re Coupe du monde, l\u2019\u00e9quipe suisse de foot a brill\u00e9 sur le gazon nord-am\u00e9ricain en se qualifiant pour les quarts de finale. Que se passe-t-il dans les coulisses m\u00e9dicales d\u2019une \u00e9quipe nationale? Comment concilier sant\u00e9 des joueurs, performance sportive et pression des comp\u00e9titions?<\/p>\n<p>Responsable du Centre de m\u00e9decine de l&rsquo;appareil locomoteur &amp; du sport des HUG\u202fet chirurgien orthop\u00e9dique, le Dr Philippe Tscholl partagera son parcours et son exp\u00e9rience de m\u00e9decin de la Nati, tant sur le plan humain que m\u00e9dical.<\/p>\n<p><strong>Programme &amp; inscription sur la <a href=\"https:\/\/www.alumnil.unil.ch\/event\/event\/detail\/event-id\/1982\" target=\"_blank\" rel=\"noopener\">plateforme Alumnil<\/a>.<\/strong><\/p>\n<p><em>Vous avez oubli\u00e9 votre mot de passe pour acc\u00e9der \u00e0 la plateforme? <a href=\"https:\/\/wp.unil.ch\/alumnil\/qui-sommes-nous\/questions-frequentes\/\">Suivez le guide<\/a>.\u00a0 |\u00a0\u00a0Vous ne faites pas encore partie du r\u00e9seau Alumnil de l\u2019Unil? <a href=\"https:\/\/wp.unil.ch\/alumnil\/reseau\/adherer-au-reseau-alumnil\/\" target=\"_blank\" rel=\"noreferrer noopener\">Devenez membre<\/a>.<\/em><\/p>\n","protected":false},"excerpt":{"rendered":"<p>Le Dr Philippe Tscholl, m\u00e9decin de l\u2019\u00e9quipe suisse de football, est l\u2019invit\u00e9 d\u2019honneur de la C\u00e9r\u00e9monie d\u2019ouverture de l\u2019ann\u00e9e acad\u00e9mique de la FBM. Sa conf\u00e9rence sera suivie d\u2019un \u00e9change avec le public.<\/p>\n","protected":false},"author":1001058,"featured_media":17775,"template":"","meta":{"_seopress_titles_title":"","_seopress_titles_desc":"","_seopress_robots_index":"","_seopress_robots_follow":"","_seopress_robots_imageindex":"","_seopress_robots_snippet":"","_seopress_robots_primary_cat":"","_seopress_robots_breadcrumbs":"","_seopress_robots_freeze_modified_date":"","_seopress_robots_custom_modified_date":"","_seopress_robots_canonical":"","_seopress_social_fb_title":"","_seopress_social_fb_desc":"","_seopress_social_fb_img":"","_seopress_social_fb_img_attachment_id":0,"_seopress_social_fb_img_width":0,"_seopress_social_fb_img_height":0,"_seopress_social_twitter_title":"","_seopress_social_twitter_desc":"","_seopress_social_twitter_img":"","_seopress_social_twitter_img_attachment_id":0,"_seopress_social_twitter_img_width":0,"_seopress_social_twitter_img_height":0,"_seopress_redirections_value":"","_seopress_redirections_enabled":"","_seopress_redirections_enabled_regex":"","_seopress_redirections_logged_status":"","_seopress_redirections_param":"","_seopress_redirections_type":0,"_seopress_analysis_target_kw":"","_seopress_news_disabled":"","_seopress_video_disabled":"","_seopress_video":[],"_seopress_pro_schemas_manual":[],"_seopress_pro_rich_snippets_disable_all":"","_seopress_pro_rich_snippets_disable":[],"_seopress_pro_schemas":[],"_tribe_events_status":"","_tribe_events_status_reason":"","footnotes":""},"tags":[],"tribe_events_cat":[56250],"class_list":["post-17773","tribe_events","type-tribe_events","status-publish","has-post-thumbnail","tribe_events_cat-suisse","cat_suisse"],"_links":{"self":[{"href":"https:\/\/wp.unil.ch\/alumnil\/wp-json\/wp\/v2\/tribe_events\/17773","targetHints":{"allow":["GET"]}}],"collection":[{"href":"https:\/\/wp.unil.ch\/alumnil\/wp-json\/wp\/v2\/tribe_events"}],"about":[{"href":"https:\/\/wp.unil.ch\/alumnil\/wp-json\/wp\/v2\/types\/tribe_events"}],"author":[{"embeddable":true,"href":"https:\/\/wp.unil.ch\/alumnil\/wp-json\/wp\/v2\/users\/1001058"}],"version-history":[{"count":1,"href":"https:\/\/wp.unil.ch\/alumnil\/wp-json\/wp\/v2\/tribe_events\/17773\/revisions"}],"predecessor-version":[{"id":17774,"href":"https:\/\/wp.unil.ch\/alumnil\/wp-json\/wp\/v2\/tribe_events\/17773\/revisions\/17774"}],"wp:featuredmedia":[{"embeddable":true,"href":"https:\/\/wp.unil.ch\/alumnil\/wp-json\/wp\/v2\/media\/17775"}],"wp:attachment":[{"href":"https:\/\/wp.unil.ch\/alumnil\/wp-json\/wp\/v2\/media?parent=17773"}],"wp:term":[{"taxonomy":"post_tag","embeddable":true,"href":"https:\/\/wp.unil.ch\/alumnil\/wp-json\/wp\/v2\/tags?post=17773"},{"taxonomy":"tribe_events_cat","embeddable":true,"href":"https:\/\/wp.unil.ch\/alumnil\/wp-json\/wp\/v2\/tribe_events_cat?post=17773"}],"curies":[{"name":"wp","href":"https:\/\/api.w.org\/{rel}","templated":true}]}}

Le médecin de la Nati

<p><strong>Le Dr Philippe Tscholl, médecin de l’équipe suisse de football, est l’invité d’honneur de la Cérémonie d’ouverture de l’année académique de la FBM. Sa conférence sera suivie d’un échange avec le public.</strong></p>
<p>Lors de la dernière Coupe du monde, l’équipe suisse de foot a brillé sur le gazon nord-américain en se qualifiant pour les quarts de finale. Que se passe-t-il dans les coulisses médicales d’une équipe nationale? Comment concilier santé des joueurs, performance sportive et pression des compétitions?</p>
<p>Responsable du Centre de médecine de l&rsquo;appareil locomoteur &amp; du sport des HUG et chirurgien orthopédique, le Dr Philippe Tscholl partagera son parcours et son expérience de médecin de la Nati, tant sur le plan humain que médical.</p>
<p><strong>Programme &amp; inscription sur la <a href="https://www.alumnil.unil.ch/event/event/detail/event-id/1982" target="_blank" rel="noopener">plateforme Alumnil</a>.</strong></p>
<p><em>Vous avez oublié votre mot de passe pour accéder à la plateforme? <a href="https://wp.unil.ch/alumnil/qui-sommes-nous/questions-frequentes/">Suivez le guide</a>.  |  Vous ne faites pas encore partie du réseau Alumnil de l’Unil? <a href="https://wp.unil.ch/alumnil/reseau/adherer-au-reseau-alumnil/" target="_blank" rel="noreferrer noopener">Devenez membre</a>.</em></p>

<p>Le Dr Philippe Tscholl, médecin de l’équipe suisse de football, est l’invité d’honneur de la Cérémonie d’ouverture de l’année académique de la FBM. Sa conférence sera suivie d’un échange avec le public.</p>
