{"id":17769,"date":"2026-08-28T10:30:49","date_gmt":"2026-08-28T08:30:49","guid":{"rendered":"https:\/\/wp.unil.ch\/alumnil\/?post_type=tribe_events&#038;p=17769"},"modified":"2026-08-28T10:32:05","modified_gmt":"2026-08-28T08:32:05","slug":"droit-extraterrestres","status":"publish","type":"tribe_events","link":"https:\/\/wp.unil.ch\/alumnil\/event\/droit-extraterrestres\/","title":{"rendered":"Droit &amp; Extraterrestres"},"content":{"rendered":"<p><strong>\u00ab Droit &amp; \u2026 \u00bb est une s\u00e9rie de conf\u00e9rences interdisciplinaire, organis\u00e9e par l&rsquo;Institut suisse de droit compar\u00e9, qui s\u2019adresse au grand public. \u00c0 travers son approche ludique et cr\u00e9ative, elle cr\u00e9e des liens surprenants entre le droit et les tendances contemporaines.<\/strong><\/p>\n<p>Pour l&rsquo;ann\u00e9e 2026, l&rsquo;ISDC s&rsquo;interroge sur les questions suivantes: sommes-nous seuls dans l\u2019Univers\u2026 et le droit est-il pr\u00eat \u00e0 y r\u00e9pondre? De la vie extraterrestre au droit spatial, en passant par les voyages dans l\u2019espace, participez \u00e0 une soir\u00e9e o\u00f9 droit et science se rencontrent.<\/p>\n<p><strong><a href=\"https:\/\/www.isdc.ch\/fr\/evenements\/prochains-evenements\/droit-extraterrestres\" target=\"_blank\" rel=\"noopener\">Programme &amp; inscription<\/a><\/strong><\/p>\n<p><em>Vous avez oubli\u00e9 votre mot de passe pour acc\u00e9der \u00e0 la plateforme? <a href=\"https:\/\/wp.unil.ch\/alumnil\/qui-sommes-nous\/questions-frequentes\/\">Suivez le guide<\/a>.\u00a0 |\u00a0\u00a0Vous ne faites pas encore partie du r\u00e9seau Alumnil de l\u2019Unil? <a href=\"https:\/\/wp.unil.ch\/alumnil\/reseau\/adherer-au-reseau-alumnil\/\" target=\"_blank\" rel=\"noreferrer noopener\">Devenez membre<\/a>.<\/em><\/p>\n","protected":false},"excerpt":{"rendered":"<p>\u00ab Droit &amp; \u2026 \u00bb est une s\u00e9rie de conf\u00e9rences interdisciplinaire qui s\u2019adresse au grand public. \u00c0 travers son approche ludique et cr\u00e9ative, elle cr\u00e9e des liens surprenants entre le droit et les tendances contemporaines.<\/p>\n","protected":false},"author":1001058,"featured_media":17771,"template":"","meta":{"_seopress_titles_title":"","_seopress_titles_desc":"","_seopress_robots_index":"","_seopress_robots_follow":"","_seopress_robots_imageindex":"","_seopress_robots_snippet":"","_seopress_robots_primary_cat":"","_seopress_robots_breadcrumbs":"","_seopress_robots_freeze_modified_date":"","_seopress_robots_custom_modified_date":"","_seopress_robots_canonical":"","_seopress_social_fb_title":"","_seopress_social_fb_desc":"","_seopress_social_fb_img":"","_seopress_social_fb_img_attachment_id":0,"_seopress_social_fb_img_width":0,"_seopress_social_fb_img_height":0,"_seopress_social_twitter_title":"","_seopress_social_twitter_desc":"","_seopress_social_twitter_img":"","_seopress_social_twitter_img_attachment_id":0,"_seopress_social_twitter_img_width":0,"_seopress_social_twitter_img_height":0,"_seopress_redirections_value":"","_seopress_redirections_enabled":"","_seopress_redirections_enabled_regex":"","_seopress_redirections_logged_status":"","_seopress_redirections_param":"","_seopress_redirections_type":0,"_seopress_analysis_target_kw":"","_seopress_news_disabled":"","_seopress_video_disabled":"","_seopress_video":[],"_seopress_pro_schemas_manual":[],"_seopress_pro_rich_snippets_disable_all":"","_seopress_pro_rich_snippets_disable":[],"_seopress_pro_schemas":[],"_tribe_events_status":"","_tribe_events_status_reason":"","footnotes":""},"tags":[],"tribe_events_cat":[56250],"class_list":["post-17769","tribe_events","type-tribe_events","status-publish","has-post-thumbnail","tribe_events_cat-suisse","cat_suisse"],"_links":{"self":[{"href":"https:\/\/wp.unil.ch\/alumnil\/wp-json\/wp\/v2\/tribe_events\/17769","targetHints":{"allow":["GET"]}}],"collection":[{"href":"https:\/\/wp.unil.ch\/alumnil\/wp-json\/wp\/v2\/tribe_events"}],"about":[{"href":"https:\/\/wp.unil.ch\/alumnil\/wp-json\/wp\/v2\/types\/tribe_events"}],"author":[{"embeddable":true,"href":"https:\/\/wp.unil.ch\/alumnil\/wp-json\/wp\/v2\/users\/1001058"}],"version-history":[{"count":4,"href":"https:\/\/wp.unil.ch\/alumnil\/wp-json\/wp\/v2\/tribe_events\/17769\/revisions"}],"predecessor-version":[{"id":17779,"href":"https:\/\/wp.unil.ch\/alumnil\/wp-json\/wp\/v2\/tribe_events\/17769\/revisions\/17779"}],"wp:featuredmedia":[{"embeddable":true,"href":"https:\/\/wp.unil.ch\/alumnil\/wp-json\/wp\/v2\/media\/17771"}],"wp:attachment":[{"href":"https:\/\/wp.unil.ch\/alumnil\/wp-json\/wp\/v2\/media?parent=17769"}],"wp:term":[{"taxonomy":"post_tag","embeddable":true,"href":"https:\/\/wp.unil.ch\/alumnil\/wp-json\/wp\/v2\/tags?post=17769"},{"taxonomy":"tribe_events_cat","embeddable":true,"href":"https:\/\/wp.unil.ch\/alumnil\/wp-json\/wp\/v2\/tribe_events_cat?post=17769"}],"curies":[{"name":"wp","href":"https:\/\/api.w.org\/{rel}","templated":true}]}}

<p><strong>« Droit &amp; … » est une série de conférences interdisciplinaire, organisée par l&rsquo;Institut suisse de droit comparé, qui s’adresse au grand public. À travers son approche ludique et créative, elle crée des liens surprenants entre le droit et les tendances contemporaines.</strong></p>
<p>Pour l&rsquo;année 2026, l&rsquo;ISDC s&rsquo;interroge sur les questions suivantes: sommes-nous seuls dans l’Univers… et le droit est-il prêt à y répondre? De la vie extraterrestre au droit spatial, en passant par les voyages dans l’espace, participez à une soirée où droit et science se rencontrent.</p>
<p><strong><a href="https://www.isdc.ch/fr/evenements/prochains-evenements/droit-extraterrestres" target="_blank" rel="noopener">Programme &amp; inscription</a></strong></p>
<p><em>Vous avez oublié votre mot de passe pour accéder à la plateforme? <a href="https://wp.unil.ch/alumnil/qui-sommes-nous/questions-frequentes/">Suivez le guide</a>.  |  Vous ne faites pas encore partie du réseau Alumnil de l’Unil? <a href="https://wp.unil.ch/alumnil/reseau/adherer-au-reseau-alumnil/" target="_blank" rel="noreferrer noopener">Devenez membre</a>.</em></p>

<p>« Droit &amp; … » est une série de conférences interdisciplinaire qui s’adresse au grand public. À travers son approche ludique et créative, elle crée des liens surprenants entre le droit et les tendances contemporaines.</p>
