{"id":17746,"date":"2026-08-27T16:33:16","date_gmt":"2026-08-27T14:33:16","guid":{"rendered":"https:\/\/wp.unil.ch\/alumnil\/?post_type=tribe_events&#038;p=17746"},"modified":"2026-08-27T16:33:16","modified_gmt":"2026-08-27T14:33:16","slug":"vision-entreprise-2026","status":"publish","type":"tribe_events","link":"https:\/\/wp.unil.ch\/alumnil\/event\/vision-entreprise-2026\/","title":{"rendered":"Vision Entreprise 2026"},"content":{"rendered":"<p><strong>Le nouveau rendez-vous d\u00e9di\u00e9 aux mutations du travail, de la technologie et du management en Suisse romande.<\/strong><\/p>\n<p>Organis\u00e9 par l\u2019Unil et\u00a0HEC Lausanne, en collaboration avec\u00a0<em>PME<\/em>, cet \u00e9v\u00e9nement 100% gratuit donne aux dirigeant\u00b7es les cl\u00e9s concr\u00e8tes pour\u00a0anticiper leurs 12 prochains mois.<\/p>\n<p>En 2026, l&rsquo;IA devient op\u00e9rationnelle. Entre p\u00e9nurie de talents, cyberattaques, r\u00e9invention des bureaux et d\u00e9rives \u00e9thiques, comment garder le cap?<\/p>\n<p>Au travers de tables rondes, d&rsquo;interventions flash et interactives, au croisement de la strat\u00e9gie, des RH, de la cybers\u00e9curit\u00e9 et de l&rsquo;\u00e9thique, repartez avec des leviers d&rsquo;action concrets pour faire \u00e9voluer votre entreprise. Un \u00e9v\u00e9nement de r\u00e9seautage pour partager, \u00e9changer et s&rsquo;inspirer des nombreuses et nombreux invit\u00e9\u00b7es.<\/p>\n<p><strong>Programme &amp; inscription sur la <a href=\"https:\/\/www.alumnil.unil.ch\/event\/event\/detail\/event-id\/1981\" target=\"_blank\" rel=\"noopener\">plateforme Alumnil<\/a>.<\/strong><\/p>\n<p><em>Vous avez oubli\u00e9 votre mot de passe pour acc\u00e9der \u00e0 la plateforme? <a href=\"https:\/\/wp.unil.ch\/alumnil\/philosophie-et-missions\/questions-frequentes\/\" target=\"_blank\" rel=\"noreferrer noopener\">Suivez le guide<\/a>. | Vous ne faites pas encore partie du r\u00e9seau Alumnil de l\u2019Unil? <a href=\"https:\/\/wp.unil.ch\/alumnil\/reseau\/adherer-au-reseau-alumnil\/\" target=\"_blank\" rel=\"noreferrer noopener\">Devenez membre<\/a>.<\/em><\/p>\n","protected":false},"excerpt":{"rendered":"<p>Le nouveau rendez-vous d\u00e9di\u00e9 aux mutations du travail, de la technologie et du management en Suisse romande. Organis\u00e9 par l\u2019Unil et\u00a0HEC Lausanne, en collaboration avec\u00a0PME, cet \u00e9v\u00e9nement 100% gratuit donne aux dirigeant\u00b7es les cl\u00e9s concr\u00e8tes pour\u00a0anticiper leurs 12 prochains mois.<\/p>\n","protected":false},"author":1001058,"featured_media":17747,"template":"","meta":{"_seopress_titles_title":"","_seopress_titles_desc":"","_seopress_robots_index":"","_seopress_robots_follow":"","_seopress_robots_imageindex":"","_seopress_robots_snippet":"","_seopress_robots_primary_cat":"","_seopress_robots_breadcrumbs":"","_seopress_robots_freeze_modified_date":"","_seopress_robots_custom_modified_date":"","_seopress_robots_canonical":"","_seopress_social_fb_title":"","_seopress_social_fb_desc":"","_seopress_social_fb_img":"","_seopress_social_fb_img_attachment_id":0,"_seopress_social_fb_img_width":0,"_seopress_social_fb_img_height":0,"_seopress_social_twitter_title":"","_seopress_social_twitter_desc":"","_seopress_social_twitter_img":"","_seopress_social_twitter_img_attachment_id":0,"_seopress_social_twitter_img_width":0,"_seopress_social_twitter_img_height":0,"_seopress_redirections_value":"","_seopress_redirections_enabled":"","_seopress_redirections_enabled_regex":"","_seopress_redirections_logged_status":"","_seopress_redirections_param":"","_seopress_redirections_type":0,"_seopress_analysis_target_kw":"","_seopress_news_disabled":"","_seopress_video_disabled":"","_seopress_video":[],"_seopress_pro_schemas_manual":[],"_seopress_pro_rich_snippets_disable_all":"","_seopress_pro_rich_snippets_disable":[],"_seopress_pro_schemas":[],"_tribe_events_status":"","_tribe_events_status_reason":"","footnotes":""},"tags":[],"tribe_events_cat":[56250],"class_list":["post-17746","tribe_events","type-tribe_events","status-publish","has-post-thumbnail","tribe_events_cat-suisse","cat_suisse"],"_links":{"self":[{"href":"https:\/\/wp.unil.ch\/alumnil\/wp-json\/wp\/v2\/tribe_events\/17746","targetHints":{"allow":["GET"]}}],"collection":[{"href":"https:\/\/wp.unil.ch\/alumnil\/wp-json\/wp\/v2\/tribe_events"}],"about":[{"href":"https:\/\/wp.unil.ch\/alumnil\/wp-json\/wp\/v2\/types\/tribe_events"}],"author":[{"embeddable":true,"href":"https:\/\/wp.unil.ch\/alumnil\/wp-json\/wp\/v2\/users\/1001058"}],"version-history":[{"count":3,"href":"https:\/\/wp.unil.ch\/alumnil\/wp-json\/wp\/v2\/tribe_events\/17746\/revisions"}],"predecessor-version":[{"id":17762,"href":"https:\/\/wp.unil.ch\/alumnil\/wp-json\/wp\/v2\/tribe_events\/17746\/revisions\/17762"}],"wp:featuredmedia":[{"embeddable":true,"href":"https:\/\/wp.unil.ch\/alumnil\/wp-json\/wp\/v2\/media\/17747"}],"wp:attachment":[{"href":"https:\/\/wp.unil.ch\/alumnil\/wp-json\/wp\/v2\/media?parent=17746"}],"wp:term":[{"taxonomy":"post_tag","embeddable":true,"href":"https:\/\/wp.unil.ch\/alumnil\/wp-json\/wp\/v2\/tags?post=17746"},{"taxonomy":"tribe_events_cat","embeddable":true,"href":"https:\/\/wp.unil.ch\/alumnil\/wp-json\/wp\/v2\/tribe_events_cat?post=17746"}],"curies":[{"name":"wp","href":"https:\/\/api.w.org\/{rel}","templated":true}]}}

<p><strong>Le nouveau rendez-vous dédié aux mutations du travail, de la technologie et du management en Suisse romande.</strong></p>
<p>Organisé par l’Unil et HEC Lausanne, en collaboration avec <em>PME</em>, cet événement 100% gratuit donne aux dirigeant·es les clés concrètes pour anticiper leurs 12 prochains mois.</p>
<p>En 2026, l&rsquo;IA devient opérationnelle. Entre pénurie de talents, cyberattaques, réinvention des bureaux et dérives éthiques, comment garder le cap?</p>
<p>Au travers de tables rondes, d&rsquo;interventions flash et interactives, au croisement de la stratégie, des RH, de la cybersécurité et de l&rsquo;éthique, repartez avec des leviers d&rsquo;action concrets pour faire évoluer votre entreprise. Un événement de réseautage pour partager, échanger et s&rsquo;inspirer des nombreuses et nombreux invité·es.</p>
<p><strong>Programme &amp; inscription sur la <a href="https://www.alumnil.unil.ch/event/event/detail/event-id/1981" target="_blank" rel="noopener">plateforme Alumnil</a>.</strong></p>
<p><em>Vous avez oublié votre mot de passe pour accéder à la plateforme? <a href="https://wp.unil.ch/alumnil/philosophie-et-missions/questions-frequentes/" target="_blank" rel="noreferrer noopener">Suivez le guide</a>. | Vous ne faites pas encore partie du réseau Alumnil de l’Unil? <a href="https://wp.unil.ch/alumnil/reseau/adherer-au-reseau-alumnil/" target="_blank" rel="noreferrer noopener">Devenez membre</a>.</em></p>

<p>Le nouveau rendez-vous dédié aux mutations du travail, de la technologie et du management en Suisse romande. Organisé par l’Unil et HEC Lausanne, en collaboration avec PME, cet événement 100% gratuit donne aux dirigeant·es les clés concrètes pour anticiper leurs 12 prochains mois.</p>
