{"id":17721,"date":"2026-08-19T08:26:41","date_gmt":"2026-08-19T06:26:41","guid":{"rendered":"https:\/\/wp.unil.ch\/alumnil\/?post_type=tribe_events&#038;p=17721"},"modified":"2026-08-19T09:19:35","modified_gmt":"2026-08-19T07:19:35","slug":"soiree-des-alumni-dcs-2026","status":"publish","type":"tribe_events","link":"https:\/\/wp.unil.ch\/alumnil\/event\/soiree-des-alumni-dcs-2026\/","title":{"rendered":"Soir\u00e9e des alumni DCS 2026"},"content":{"rendered":"<p><strong>Pour ses 20 ans, la Direction du Master DCS a le plaisir de convier ses dipl\u00f4m\u00e9es et dipl\u00f4m\u00e9s \u00e0 la 3e Soir\u00e9e des alumni. Un \u00e9v\u00e9nement riche en \u00e9changes avec la conf\u00e9rence de Mme C\u00e9cile Kerboas, alumna DCS.<\/strong><\/p>\n<p>Vous aimeriez revenir sur le campus de l\u2019Unil et reprendre contact avec les anciennes \u00e9tudiantes et anciens \u00e9tudiants de la Ma\u00eetrise en Droit, criminalit\u00e9 et s\u00e9curit\u00e9 des technologies de l\u2019information (DCS), cr\u00e9\u00e9e en 2006? La Direction du Master DCS a le plaisir de vous convier \u00e0 la <strong>Soir\u00e9e des Alumni DCS 2026 <\/strong>\u00e0 l\u2019Universit\u00e9 de Lausanne.<\/p>\n<p><strong>LE PROGRAMME<\/strong><\/p>\n<ul>\n<li><strong>18h00<\/strong> &#8211; Accueil et bilan du DCS actuel<\/li>\n<li><strong>18h15\u00a0<\/strong>&#8211; Conf\u00e9rence de Mme C\u00e9cile Kerboas, ancienne Pr\u00e9pos\u00e9e cantonale vaudoise \u00e0 la protection des donn\u00e9es et \u00e0 l&rsquo;information\u00a0&#8211; <em>\u00ab\u00a0Regards sur 10 ans de protection des donn\u00e9es \u00e0 l\u2019\u00c9tat de Vaud\u00a0\u00bb<\/em><\/li>\n<li><strong>19h00 <\/strong>&#8211; Discussion et r\u00e9ponses \u00e0 vos questions<\/li>\n<li><strong>19h30 <\/strong>&#8211; Ap\u00e9ritif d\u00eenatoire<\/li>\n<\/ul>\n<p><strong>Programme, d\u00e9tails &amp; inscription sur la <a href=\"https:\/\/www.alumnil.unil.ch\/event\/event\/detail\/event-id\/1950\" target=\"_blank\" rel=\"noopener\">plateforme Alumnil<\/a>.<\/strong><\/p>\n<p>Cet \u00e9v\u00e9nement est sur invitation, destin\u00e9 uniquement aux alumni du Master DCS .<\/p>\n<p><em>Vous avez oubli\u00e9 votre mot de passe pour acc\u00e9der \u00e0 la plateforme?\u00a0<a href=\"https:\/\/wp.unil.ch\/alumnil\/qui-sommes-nous\/questions-frequentes\/\">Suivez le guide<\/a>.\u00a0 |\u00a0\u00a0Vous ne faites pas encore partie du r\u00e9seau Alumnil de l\u2019Unil? <a href=\"https:\/\/wp.unil.ch\/alumnil\/reseau\/adherer-au-reseau-alumnil\/\">Devenez membre<\/a>.<\/em><\/p>\n","protected":false},"excerpt":{"rendered":"<p>Pour ses 20 ans, la Direction du Master DCS a le plaisir de convier ses dipl\u00f4m\u00e9es et dipl\u00f4m\u00e9s \u00e0 la 3e Soir\u00e9e des alumni. Un \u00e9v\u00e9nement riche en \u00e9changes avec la conf\u00e9rence de Mme C\u00e9cile Kerboas, alumna DCS.<\/p>\n","protected":false},"author":1001058,"featured_media":17724,"template":"","meta":{"_seopress_titles_title":"","_seopress_titles_desc":"","_seopress_robots_index":"","_seopress_robots_follow":"","_seopress_robots_imageindex":"","_seopress_robots_snippet":"","_seopress_robots_primary_cat":"","_seopress_robots_breadcrumbs":"","_seopress_robots_freeze_modified_date":"","_seopress_robots_custom_modified_date":"","_seopress_robots_canonical":"","_seopress_social_fb_title":"","_seopress_social_fb_desc":"","_seopress_social_fb_img":"","_seopress_social_fb_img_attachment_id":0,"_seopress_social_fb_img_width":0,"_seopress_social_fb_img_height":0,"_seopress_social_twitter_title":"","_seopress_social_twitter_desc":"","_seopress_social_twitter_img":"","_seopress_social_twitter_img_attachment_id":0,"_seopress_social_twitter_img_width":0,"_seopress_social_twitter_img_height":0,"_seopress_redirections_value":"","_seopress_redirections_enabled":"","_seopress_redirections_enabled_regex":"","_seopress_redirections_logged_status":"","_seopress_redirections_param":"","_seopress_redirections_type":0,"_seopress_analysis_target_kw":"","_seopress_news_disabled":"","_seopress_video_disabled":"","_seopress_video":[],"_seopress_pro_schemas_manual":[],"_seopress_pro_rich_snippets_disable_all":"","_seopress_pro_rich_snippets_disable":[],"_seopress_pro_schemas":[],"_tribe_events_status":"","_tribe_events_status_reason":"","footnotes":""},"tags":[],"tribe_events_cat":[56250],"class_list":["post-17721","tribe_events","type-tribe_events","status-publish","has-post-thumbnail","tribe_events_cat-suisse","cat_suisse"],"_links":{"self":[{"href":"https:\/\/wp.unil.ch\/alumnil\/wp-json\/wp\/v2\/tribe_events\/17721","targetHints":{"allow":["GET"]}}],"collection":[{"href":"https:\/\/wp.unil.ch\/alumnil\/wp-json\/wp\/v2\/tribe_events"}],"about":[{"href":"https:\/\/wp.unil.ch\/alumnil\/wp-json\/wp\/v2\/types\/tribe_events"}],"author":[{"embeddable":true,"href":"https:\/\/wp.unil.ch\/alumnil\/wp-json\/wp\/v2\/users\/1001058"}],"version-history":[{"count":4,"href":"https:\/\/wp.unil.ch\/alumnil\/wp-json\/wp\/v2\/tribe_events\/17721\/revisions"}],"predecessor-version":[{"id":17731,"href":"https:\/\/wp.unil.ch\/alumnil\/wp-json\/wp\/v2\/tribe_events\/17721\/revisions\/17731"}],"wp:featuredmedia":[{"embeddable":true,"href":"https:\/\/wp.unil.ch\/alumnil\/wp-json\/wp\/v2\/media\/17724"}],"wp:attachment":[{"href":"https:\/\/wp.unil.ch\/alumnil\/wp-json\/wp\/v2\/media?parent=17721"}],"wp:term":[{"taxonomy":"post_tag","embeddable":true,"href":"https:\/\/wp.unil.ch\/alumnil\/wp-json\/wp\/v2\/tags?post=17721"},{"taxonomy":"tribe_events_cat","embeddable":true,"href":"https:\/\/wp.unil.ch\/alumnil\/wp-json\/wp\/v2\/tribe_events_cat?post=17721"}],"curies":[{"name":"wp","href":"https:\/\/api.w.org\/{rel}","templated":true}]}}

Soirée des alumni DCS 2026

<p><strong>Pour ses 20 ans, la Direction du Master DCS a le plaisir de convier ses diplômées et diplômés à la 3e Soirée des alumni. Un événement riche en échanges avec la conférence de Mme Cécile Kerboas, alumna DCS.</strong></p>
<p>Vous aimeriez revenir sur le campus de l’Unil et reprendre contact avec les anciennes étudiantes et anciens étudiants de la Maîtrise en Droit, criminalité et sécurité des technologies de l’information (DCS), créée en 2006? La Direction du Master DCS a le plaisir de vous convier à la <strong>Soirée des Alumni DCS 2026 </strong>à l’Université de Lausanne.</p>
<p><strong>LE PROGRAMME</strong></p>
<ul>
<li><strong>18h00</strong> &#8211; Accueil et bilan du DCS actuel</li>
<li><strong>18h15 </strong>&#8211; Conférence de Mme Cécile Kerboas, ancienne Préposée cantonale vaudoise à la protection des données et à l&rsquo;information &#8211; <em>« Regards sur 10 ans de protection des données à l’État de Vaud »</em></li>
<li><strong>19h00 </strong>&#8211; Discussion et réponses à vos questions</li>
<li><strong>19h30 </strong>&#8211; Apéritif dînatoire</li>
</ul>
<p><strong>Programme, détails &amp; inscription sur la <a href="https://www.alumnil.unil.ch/event/event/detail/event-id/1950" target="_blank" rel="noopener">plateforme Alumnil</a>.</strong></p>
<p>Cet événement est sur invitation, destiné uniquement aux alumni du Master DCS .</p>
<p><em>Vous avez oublié votre mot de passe pour accéder à la plateforme? <a href="https://wp.unil.ch/alumnil/qui-sommes-nous/questions-frequentes/">Suivez le guide</a>.  |  Vous ne faites pas encore partie du réseau Alumnil de l’Unil? <a href="https://wp.unil.ch/alumnil/reseau/adherer-au-reseau-alumnil/">Devenez membre</a>.</em></p>

<p>Pour ses 20 ans, la Direction du Master DCS a le plaisir de convier ses diplômées et diplômés à la 3e Soirée des alumni. Un événement riche en échanges avec la conférence de Mme Cécile Kerboas, alumna DCS.</p>
