{"id":15890,"date":"2025-08-04T12:03:28","date_gmt":"2025-08-04T10:03:28","guid":{"rendered":"https:\/\/wp.unil.ch\/alumnil\/alumnil-community\/alumni-dans-le-monde\/"},"modified":"2025-12-09T11:34:51","modified_gmt":"2025-12-09T10:34:51","slug":"alumni-around-the-world","status":"publish","type":"page","link":"https:\/\/wp.unil.ch\/alumnil\/alumnil-community\/alumni-around-the-world\/?lang=en","title":{"rendered":"Alumni around the world"},"content":{"rendered":"\n<p>The Alumnil network extends across more than 100 countries worldwide. It is a diverse community of members from various backgrounds and professional experiences, representing multiple generations of Unil graduates.<\/p>\n\n\n\n<p>Regularly, invitations to events organised by Swiss institutions abroad are sent to our alumni living internationally. These events provide opportunities to build new connections and expand one\u2019s professional networks in the country of residence.<\/p>\n\n\n\n<div style=\"height:5px\" aria-hidden=\"true\" class=\"wp-block-spacer\"><\/div>\n\n\n\n<h4 class=\"wp-block-heading\">Welcome Abroad<\/h4>\n\n\n\n<p>The Welcome Abroad service helps connect students leaving for an international study exchange, or members planning to relocate, with local contact persons (relay persons).<\/p>\n\n\n\n<p>These relay persons are network members permanently residing abroad who are willing to provide practical information about their city or region. Thanks to them, students receive advice and recommendations each year to help with their travel preparations.<\/p>\n\n\n\n<div class=\"wp-block-columns is-layout-flex wp-container-core-columns-is-layout-9d6595d7 wp-block-columns-is-layout-flex\">\n<div class=\"wp-block-column is-layout-flow wp-block-column-is-layout-flow\">\n<details class=\"wp-block-details is-layout-flow wp-block-details-is-layout-flow\"><summary>Contacting a relay person<\/summary>\n<p>Complete the form by indicating your destination and departure date.<\/p>\n\n\n\n<p>Alumnil members can also consult the Alumnil platform <a href=\"https:\/\/www.alumnil.unil.ch\/member\/search\" target=\"_blank\" rel=\"noreferrer noopener\">directory<\/a> to connect with alumni living abroad.<\/p>\n\n\n\n<p>Furthermore, there are <a href=\"https:\/\/www.alumnihec.ch\/topics\" target=\"_blank\" rel=\"noreferrer noopener\">HEC Alumni Clubs<\/a> in several international cities for graduates of this faculty.<\/p>\n\n\n\n<div class=\"wp-block-buttons is-content-justification-center is-layout-flex wp-container-core-buttons-is-layout-16018d1d wp-block-buttons-is-layout-flex\">\n<div class=\"wp-block-button is-style-outline is-style-outline--1\"><a class=\"wp-block-button__link has-black-color has-white-background-color has-text-color has-background has-link-color has-text-align-left wp-element-button\" href=\"https:\/\/wp.unil.ch\/alumnil\/contacter-une-personne-relais\/\" target=\"_blank\" rel=\"noreferrer noopener\">Relay person form<\/a><\/div>\n<\/div>\n\n\n\n<div style=\"height:20px\" aria-hidden=\"true\" class=\"wp-block-spacer\"><\/div>\n<\/details>\n<\/div>\n\n\n\n<div class=\"wp-block-column is-layout-flow wp-block-column-is-layout-flow\">\n<details class=\"wp-block-details is-layout-flow wp-block-details-is-layout-flow\"><summary>Becoming a relay person<\/summary>\n<p>You live outside of Switzerland and are willing to share practical advice about your city of residence?<\/p>\n\n\n\n<p>The Alumni office team will put you in touch with someone seeking information. You will then decide how to communicate (email, phone, or video call).<\/p>\n\n\n\n<p>If this opportunity inspires you, contact us!<\/p>\n\n\n\n<div class=\"wp-block-buttons is-content-justification-center is-layout-flex wp-container-core-buttons-is-layout-16018d1d wp-block-buttons-is-layout-flex\">\n<div class=\"wp-block-button is-style-outline is-style-outline--2\"><a class=\"wp-block-button__link has-black-color has-white-background-color has-text-color has-background has-link-color wp-element-button\" href=\"mailto:admin.alumnil@unil.ch\" target=\"_blank\" rel=\"noreferrer noopener\">Sign up<\/a><\/div>\n<\/div>\n\n\n\n<div style=\"height:20px\" aria-hidden=\"true\" class=\"wp-block-spacer\"><\/div>\n<\/details>\n<\/div>\n<\/div>\n\n\n\n<div style=\"height:5px\" aria-hidden=\"true\" class=\"wp-block-spacer\"><\/div>\n\n\n\n<h4 class=\"wp-block-heading\"><strong><strong>Where are the relay persons located?<\/strong><\/strong><\/h4>\n\n\n\n<p>Currently, there are 150 relay persons spread across 138 cities in 48 countries worldwide.<\/p>\n\n\n<div class=\"wp-block-image\">\n<figure class=\"aligncenter size-full\"><img alt=\"\" loading=\"lazy\" decoding=\"async\" width=\"1920\" height=\"1060\" src=\"https:\/\/wp.unil.ch\/alumnil2\/files\/2025\/03\/Carte_personnes-relais_2025.jpg\" alt=\"\" class=\"wp-image-13639\" srcset=\"https:\/\/wp.unil.ch\/alumnil\/files\/2025\/03\/Carte_personnes-relais_2025.jpg 1920w, https:\/\/wp.unil.ch\/alumnil\/files\/2025\/03\/Carte_personnes-relais_2025-300x166.jpg 300w, https:\/\/wp.unil.ch\/alumnil\/files\/2025\/03\/Carte_personnes-relais_2025-1024x565.jpg 1024w, https:\/\/wp.unil.ch\/alumnil\/files\/2025\/03\/Carte_personnes-relais_2025-250x138.jpg 250w, https:\/\/wp.unil.ch\/alumnil\/files\/2025\/03\/Carte_personnes-relais_2025-768x424.jpg 768w, https:\/\/wp.unil.ch\/alumnil\/files\/2025\/03\/Carte_personnes-relais_2025-1536x848.jpg 1536w\" sizes=\"auto, (max-width: 1920px) 100vw, 1920px\" \/><\/figure>\n<\/div>\n\n\n<p><strong>Aarhus<\/strong> | Abidjan | Addis Ababa | Almaty | Amsterdam | Anglet | Antananarivo | Antwerp | Athens | Atlanta | Aveiro | <strong>Basel<\/strong> | Beijing | Berlin | Bern | Beirut | Boca Raton | Bochum | Bogot\u00e1 | Bologna | Boston | Brussels | Bryce Canyon | Budapest | Burnaby | <strong>Cambridge<\/strong> | Cambridge (MA) | Canterbury | Cape Town | Casablanca | Chicago | Claremont | College Station | Cologne | <strong>Dakar<\/strong> | Dallas | Davis | Denver | Douala | Dubai | Dublin | Dunedin | <strong>Erfurt<\/strong> | Essen | \u00c9vry | <strong>Faro<\/strong> | Frankfurt | Freiburg | <strong>G\u00e4vle<\/strong> | Gifu | Glasgow | Granada | Gulu | <strong>The Hague<\/strong> | Halifax | Hamilton | Hanover | Heidelberg | Hobart | Hong Kong | Houston | Hunters Hill | <strong>Istanbul<\/strong> | <strong>Jacksonville<\/strong> | Jakarta | Jupiter | <strong>Kuopio<\/strong> | Kyoto | <strong>La Paz<\/strong> | Las Vegas | Leuven | Li\u00e8ge | Lilienthal | Lille | Limoges | London (Ontario) | London | Long Beach | Louvain-La-Neuve | Luxembourg | <strong>Maasdorf<\/strong> | Maastricht | Madrid | M\u00e1laga | Marbella | Maroubra | Meldola | Memphis | M\u00e9rida | Miami | Mikkeli | Milan | Millers Point | Milwaukee | Montreal | Moscow | Mulhouse | Munich | Murcia | <strong>New York<\/strong> | Nice | Norwich | <strong>Oceanside<\/strong> | Oslo | Ouagadougou | Oxford | <strong>Padua<\/strong> | Page | Papeete | Paris | Perth | Philadelphia | Ponte Vedra | Porto | Puebla | <strong>Quebec<\/strong> | <strong>Ravenna<\/strong> | Rome | Rouen | <strong>Sacramento<\/strong> | Saint Gallen | Saint Petersburg | San Francisco | Santa Cruz | Santiago | S\u00e3o Jos\u00e9 dos Campos | S\u00e3o Paulo | Seoul | Sherbrooke | Stockholm | Strasbourg | Suadiye | Sydney | <strong>Tilburg<\/strong> | Tokyo | Toronto | Toulouse | Trento | Trois-Rivi\u00e8res | Troms\u00f8 | T\u00fcbingen | Turin | <strong>Uppsala<\/strong> | Utrecht | <strong>Vancouver<\/strong> | Vienna | <strong>Warsaw<\/strong> | Washington DC | Wollongong | <strong>Yaound\u00e9<\/strong> | York | <strong>Z\u00fcrich<\/strong><\/p>\n","protected":false},"excerpt":{"rendered":"<p>The Alumnil network extends across more than 100 countries worldwide. It is a diverse community of members from various backgrounds and professional experiences, representing multiple generations of Unil graduates. Regularly, invitations to events organised by Swiss institutions abroad are sent &hellip; <\/p>\n","protected":false},"author":1001058,"featured_media":0,"parent":15856,"menu_order":22,"comment_status":"closed","ping_status":"closed","template":"","meta":{"_seopress_robots_primary_cat":"","_seopress_titles_title":"","_seopress_titles_desc":"","_seopress_robots_index":"","footnotes":""},"class_list":["post-15890","page","type-page","status-publish"],"_links":{"self":[{"href":"https:\/\/wp.unil.ch\/alumnil\/wp-json\/wp\/v2\/pages\/15890","targetHints":{"allow":["GET"]}}],"collection":[{"href":"https:\/\/wp.unil.ch\/alumnil\/wp-json\/wp\/v2\/pages"}],"about":[{"href":"https:\/\/wp.unil.ch\/alumnil\/wp-json\/wp\/v2\/types\/page"}],"author":[{"embeddable":true,"href":"https:\/\/wp.unil.ch\/alumnil\/wp-json\/wp\/v2\/users\/1001058"}],"replies":[{"embeddable":true,"href":"https:\/\/wp.unil.ch\/alumnil\/wp-json\/wp\/v2\/comments?post=15890"}],"version-history":[{"count":5,"href":"https:\/\/wp.unil.ch\/alumnil\/wp-json\/wp\/v2\/pages\/15890\/revisions"}],"predecessor-version":[{"id":16914,"href":"https:\/\/wp.unil.ch\/alumnil\/wp-json\/wp\/v2\/pages\/15890\/revisions\/16914"}],"up":[{"embeddable":true,"href":"https:\/\/wp.unil.ch\/alumnil\/wp-json\/wp\/v2\/pages\/15856"}],"wp:attachment":[{"href":"https:\/\/wp.unil.ch\/alumnil\/wp-json\/wp\/v2\/media?parent=15890"}],"curies":[{"name":"wp","href":"https:\/\/api.w.org\/{rel}","templated":true}]}}