{"id":14337,"date":"2025-08-05T09:08:13","date_gmt":"2025-08-05T07:08:13","guid":{"rendered":"https:\/\/wp.unil.ch\/alumnil\/?page_id=14337"},"modified":"2025-11-05T16:59:18","modified_gmt":"2025-11-05T15:59:18","slug":"carriere","status":"publish","type":"page","link":"https:\/\/wp.unil.ch\/alumnil\/carriere\/","title":{"rendered":"Carri\u00e8re"},"content":{"rendered":"\n<p>Une des missions du r\u00e9seau Alumnil est de faciliter la transition vers l\u2019emploi et la progression de la carri\u00e8re des dipl\u00f4m\u00e9es et dipl\u00f4m\u00e9s de l\u2019Unil. Pour les soutenir dans le d\u00e9marrage et le d\u00e9veloppement de leur parcours professionnel, plusieurs prestations sont propos\u00e9es.<\/p>\n\n\n\n<p>De nombreuses <a href=\"https:\/\/wp.unil.ch\/alumnil\/voir-les-offres-demploi\/\" data-type=\"page\" data-id=\"12010\">offres d\u2019emploi<\/a> sont publi\u00e9es sur la plateforme Alumnil, provenant d\u2019administrations f\u00e9d\u00e9rales, cantonales ou communales, mais \u00e9galement de l\u2019Unil et du CHUV, ainsi que de divers recruteurs. La <a href=\"https:\/\/wp.unil.ch\/alumnil\/carriere\/proposer-une-offre-demploi\/\">publication de postes<\/a> est gratuite pour tout employeur et permet de toucher directement des candidates et candidats au b\u00e9n\u00e9fice d\u2019un dipl\u00f4me Unil.<\/p>\n\n\n\n<p>Gr\u00e2ce \u00e0 la disponibilit\u00e9 de nos membres et \u00e0 leur bienveillance, l\u2019offre de <a href=\"https:\/\/wp.unil.ch\/alumnil\/carriere\/tandempro\/\" data-type=\"page\" data-id=\"6278\">coaching TandemPRO<\/a> met en relation des alumni ins\u00e9r\u00e9s dans le monde du travail avec des jeunes gradu\u00e9es et gradu\u00e9s \u00e0 la recherche de conseils pour d\u00e9marrer dans la vie professionnelle.<\/p>\n\n\n\n<p>Des tarifs pr\u00e9f\u00e9rentiels sur une s\u00e9lection de cours sont propos\u00e9s par la <a href=\"https:\/\/wp.unil.ch\/alumnil\/carriere\/formation-continue\/\" data-type=\"page\" data-id=\"14318\">Formation Continue UNIL\u2013EPFL<\/a> et des <a href=\"https:\/\/wp.unil.ch\/alumnil\/carriere\/liens-utiles\/\" data-type=\"page\" data-id=\"14339\">liens <\/a>sont list\u00e9s pour acc\u00e9der aux ressources \u00e0 disposition \u00e0 l\u2019Unil concernant la transition vers l\u2019emploi.<\/p>\n","protected":false},"excerpt":{"rendered":"<p>Une des missions du r\u00e9seau Alumnil est de faciliter la transition vers l\u2019emploi et la progression de la carri\u00e8re des dipl\u00f4m\u00e9es et dipl\u00f4m\u00e9s de l\u2019Unil. Pour les soutenir dans le d\u00e9marrage et le d\u00e9veloppement de leur parcours professionnel, plusieurs prestations &hellip; <\/p>\n","protected":false},"author":1001058,"featured_media":0,"parent":0,"menu_order":4,"comment_status":"closed","ping_status":"closed","template":"","meta":{"_seopress_robots_primary_cat":"","_seopress_titles_title":"","_seopress_titles_desc":"","_seopress_robots_index":"","footnotes":""},"class_list":["post-14337","page","type-page","status-publish"],"_links":{"self":[{"href":"https:\/\/wp.unil.ch\/alumnil\/wp-json\/wp\/v2\/pages\/14337","targetHints":{"allow":["GET"]}}],"collection":[{"href":"https:\/\/wp.unil.ch\/alumnil\/wp-json\/wp\/v2\/pages"}],"about":[{"href":"https:\/\/wp.unil.ch\/alumnil\/wp-json\/wp\/v2\/types\/page"}],"author":[{"embeddable":true,"href":"https:\/\/wp.unil.ch\/alumnil\/wp-json\/wp\/v2\/users\/1001058"}],"replies":[{"embeddable":true,"href":"https:\/\/wp.unil.ch\/alumnil\/wp-json\/wp\/v2\/comments?post=14337"}],"version-history":[{"count":5,"href":"https:\/\/wp.unil.ch\/alumnil\/wp-json\/wp\/v2\/pages\/14337\/revisions"}],"predecessor-version":[{"id":16706,"href":"https:\/\/wp.unil.ch\/alumnil\/wp-json\/wp\/v2\/pages\/14337\/revisions\/16706"}],"wp:attachment":[{"href":"https:\/\/wp.unil.ch\/alumnil\/wp-json\/wp\/v2\/media?parent=14337"}],"curies":[{"name":"wp","href":"https:\/\/api.w.org\/{rel}","templated":true}]}}