{"id":14318,"date":"2025-08-04T12:07:53","date_gmt":"2025-08-04T10:07:53","guid":{"rendered":"https:\/\/wp.unil.ch\/alumnil\/?page_id=14318"},"modified":"2025-11-05T16:59:20","modified_gmt":"2025-11-05T15:59:20","slug":"formation-continue","status":"publish","type":"page","link":"https:\/\/wp.unil.ch\/alumnil\/carriere\/formation-continue\/","title":{"rendered":"Formation continue"},"content":{"rendered":"\n<div class=\"wp-block-columns is-layout-flex wp-container-core-columns-is-layout-9d6595d7 wp-block-columns-is-layout-flex\">\n<div class=\"wp-block-column is-layout-flow wp-block-column-is-layout-flow\" style=\"flex-basis:66.66%\">\n<figure class=\"wp-block-image\"><img alt=\"\" loading=\"lazy\" decoding=\"async\" width=\"640\" height=\"194\" src=\"https:\/\/wp.unil.ch\/alumnil\/files\/2019\/06\/Logo-FCUE-2019.jpg\" alt=\"\" class=\"wp-image-6224\" srcset=\"https:\/\/wp.unil.ch\/alumnil\/files\/2019\/06\/Logo-FCUE-2019.jpg 640w, https:\/\/wp.unil.ch\/alumnil\/files\/2019\/06\/Logo-FCUE-2019-250x76.jpg 250w, https:\/\/wp.unil.ch\/alumnil\/files\/2019\/06\/Logo-FCUE-2019-300x91.jpg 300w\" sizes=\"auto, (max-width: 640px) 100vw, 640px\" \/><\/figure>\n\n\n\n<p>La <a href=\"https:\/\/www.formation-continue-unil-epfl.ch\" target=\"_blank\" rel=\"noreferrer noopener\">Formation Continue UNIL-EPFL<\/a> (FCUE) est une fondation qui, depuis 2009, regroupe les offres de formation continue de l\u2019Universit\u00e9 de Lausanne (Unil) et de l\u2019\u00c9cole Polytechnique F\u00e9d\u00e9rale de Lausanne (EPFL).<\/p>\n\n\n\n<p>Toutes les formations offertes sont de niveau universitaire, en relation directe avec les derniers d\u00e9veloppements de la recherche dans les domaines concern\u00e9s.<\/p>\n\n\n\n<p><strong>Les membres du r\u00e9seau Alumnil b\u00e9n\u00e9ficient de tarifs pr\u00e9f\u00e9rentiels sur une <a href=\"https:\/\/www.formation-continue-unil-epfl.ch\/rechercher-formation\/?date-debut-cours_min-format=d%2Fm%2FY&amp;date-debut-cours_max-format=d%2Fm%2FY&amp;wpv_view_count=19613-TCPID19614&amp;wpv_post_search=&amp;date-debut-cours_min=&amp;date-debut-cours_min-format=d%2Fm%2FY&amp;date-debut-cours_max=&amp;date-debut-cours_max-format=d%2Fm%2FY&amp;alumni-offres-speciales%5B%5D=ALUMNIL+%26+Alumni+HEC+non+cotisants&amp;wpv_filter_submit=Soumettre\" target=\"_blank\" rel=\"noreferrer noopener\">s\u00e9lection de cours<\/a>. L&rsquo;un de ces programmes vous int\u00e9resse, mais vous n&rsquo;\u00eates pas encore membre du r\u00e9seau Alumnil ? <a href=\"https:\/\/wp.unil.ch\/alumnil\/reseau\/adherer-au-reseau-alumnil\/\" data-type=\"page\" data-id=\"14325\" target=\"_blank\" rel=\"noreferrer noopener\">Demandez votre adh\u00e9sion<\/a>, c&rsquo;est gratuit.<\/strong><\/p>\n\n\n\n<p>Le catalogue de cours ne cesse de s\u2019\u00e9toffer. Si vous souhaitez rester au courant des formations qui touchent sp\u00e9cifiquement vos domaines d\u2019int\u00e9r\u00eat, <a href=\"https:\/\/www.formation-continue-unil-epfl.ch\/restez-informes\" target=\"_blank\" rel=\"noreferrer noopener\">inscrivez-vous<\/a>. Vous recevrez automatiquement un courriel.<\/p>\n<\/div>\n\n\n\n<div class=\"wp-block-column is-layout-flow wp-block-column-is-layout-flow\" style=\"flex-basis:33.33%\">\n<figure class=\"wp-block-embed is-type-video is-provider-youtube wp-block-embed-youtube wp-embed-aspect-16-9 wp-has-aspect-ratio\"><div class=\"wp-block-embed__wrapper\">\n<iframe loading=\"lazy\" title=\"Dynamisez votre carri\u00e8re !\" width=\"735\" height=\"413\" src=\"https:\/\/www.youtube.com\/embed\/E2AGZEjXOsU?feature=oembed\" frameborder=\"0\" allow=\"accelerometer; autoplay; clipboard-write; encrypted-media; gyroscope; picture-in-picture; web-share\" referrerpolicy=\"strict-origin-when-cross-origin\" allowfullscreen><\/iframe>\n<\/div><\/figure>\n<\/div>\n<\/div>\n","protected":false},"excerpt":{"rendered":"<p>La Formation Continue UNIL-EPFL (FCUE) est une fondation qui, depuis 2009, regroupe les offres de formation continue de l\u2019Universit\u00e9 de Lausanne (Unil) et de l\u2019\u00c9cole Polytechnique F\u00e9d\u00e9rale de Lausanne (EPFL). Toutes les formations offertes sont de niveau universitaire, en relation &hellip; <\/p>\n","protected":false},"author":1001058,"featured_media":0,"parent":14337,"menu_order":43,"comment_status":"closed","ping_status":"closed","template":"","meta":{"_seopress_robots_primary_cat":"","_seopress_titles_title":"","_seopress_titles_desc":"","_seopress_robots_index":"","footnotes":""},"class_list":["post-14318","page","type-page","status-publish"],"_links":{"self":[{"href":"https:\/\/wp.unil.ch\/alumnil\/wp-json\/wp\/v2\/pages\/14318","targetHints":{"allow":["GET"]}}],"collection":[{"href":"https:\/\/wp.unil.ch\/alumnil\/wp-json\/wp\/v2\/pages"}],"about":[{"href":"https:\/\/wp.unil.ch\/alumnil\/wp-json\/wp\/v2\/types\/page"}],"author":[{"embeddable":true,"href":"https:\/\/wp.unil.ch\/alumnil\/wp-json\/wp\/v2\/users\/1001058"}],"replies":[{"embeddable":true,"href":"https:\/\/wp.unil.ch\/alumnil\/wp-json\/wp\/v2\/comments?post=14318"}],"version-history":[{"count":5,"href":"https:\/\/wp.unil.ch\/alumnil\/wp-json\/wp\/v2\/pages\/14318\/revisions"}],"predecessor-version":[{"id":15923,"href":"https:\/\/wp.unil.ch\/alumnil\/wp-json\/wp\/v2\/pages\/14318\/revisions\/15923"}],"up":[{"embeddable":true,"href":"https:\/\/wp.unil.ch\/alumnil\/wp-json\/wp\/v2\/pages\/14337"}],"wp:attachment":[{"href":"https:\/\/wp.unil.ch\/alumnil\/wp-json\/wp\/v2\/media?parent=14318"}],"curies":[{"name":"wp","href":"https:\/\/api.w.org\/{rel}","templated":true}]}}