{"id":6,"date":"2019-11-28T16:00:19","date_gmt":"2019-11-28T15:00:19","guid":{"rendered":"http:\/\/wp.unil.ch\/modele\/?page_id=6"},"modified":"2022-11-14T09:57:56","modified_gmt":"2022-11-14T08:57:56","slug":"home","status":"publish","type":"page","link":"https:\/\/wp.unil.ch\/alpes-himalayas\/","title":{"rendered":"Alpine and Himalayan Geology"},"content":{"rendered":"\n<div class=\"wp-block-cover alignfull is-light has-parallax\"><span aria-hidden=\"true\" class=\"wp-block-cover__background has-background-dim-0 has-background-dim\"><\/span><div role=\"img\" class=\"wp-block-cover__image-background wp-image-168 has-parallax\" style=\"background-position:50% 50%;background-image:url(https:\/\/wp.unil.ch\/alpes-himalayas\/files\/2021\/03\/Weisshorn-2020.11.13-e1615452303872.jpg)\"><\/div><div class=\"wp-block-cover__inner-container is-layout-flow wp-block-cover-is-layout-flow\">\n<p class=\"has-text-align-center\" style=\"font-size:45px\"><\/p>\n<\/div><\/div>\n\n\n\n<p> <\/p>\n\n\n\n<figure class=\"wp-block-image size-large\"><img alt=\"\" loading=\"lazy\" decoding=\"async\" width=\"697\" height=\"219\" src=\"https:\/\/wp.unil.ch\/alpes-himalayas\/files\/2021\/03\/Logo-HimalayAlps-Text.jpg\" alt=\"\" class=\"wp-image-251\" srcset=\"https:\/\/wp.unil.ch\/alpes-himalayas\/files\/2021\/03\/Logo-HimalayAlps-Text.jpg 697w, https:\/\/wp.unil.ch\/alpes-himalayas\/files\/2021\/03\/Logo-HimalayAlps-Text-300x94.jpg 300w\" sizes=\"auto, (max-width: 697px) 100vw, 697px\" \/><\/figure>\n\n\n\n<p>Welcome on the website of the Himalayalps research group in geology. This groupe is part of the Institut des Sciences de la Terre (ISTE) at the university of Lausanne.<\/p>\n\n\n\n<p>Our research interest is the structural and regional geology in collisional orogen, especially the Alps and the Himalayas. Our work combines fieldwork, structural analyses, laboratory techniques, geological modelling, etc. to better understand the building of mountain ranges.<\/p>\n\n\n\n<p>More detailed information on the different research topics can be found on the individual pages of the different group <a href=\"https:\/\/wp.unil.ch\/alpes-himalayas\/team\/\" data-type=\"URL\" data-id=\"https:\/\/wp.unil.ch\/alpes-himalayas\/team\/\">members<\/a><\/p>\n\n\n\n<p><\/p>\n\n\n\n<p><\/p>\n\n\n\n<div class=\"wp-block-columns is-layout-flex wp-container-core-columns-is-layout-9d6595d7 wp-block-columns-is-layout-flex\">\n<div class=\"wp-block-column is-layout-flow wp-block-column-is-layout-flow\"><ul class=\"wp-block-latest-posts__list is-grid columns-3 wp-block-latest-posts\"><li><a class=\"wp-block-latest-posts__post-title\" href=\"https:\/\/wp.unil.ch\/alpes-himalayas\/expedition-2023\/\">Exp\u00e9dition 2023<\/a><div class=\"wp-block-latest-posts__post-excerpt\">Ce mois de juillet et ao\u00fbt 2023, le groupe de g\u00e9ologie alpine et himalayenne s&#8217;est rendu au Ladakh pour r\u00e9aliser\u2026 <a class=\"wp-block-latest-posts__read-more\" href=\"https:\/\/wp.unil.ch\/alpes-himalayas\/expedition-2023\/\" rel=\"noopener noreferrer\">Read more<span class=\"screen-reader-text\">: Exp\u00e9dition 2023<\/span><\/a><\/div><\/li>\n<li><a class=\"wp-block-latest-posts__post-title\" href=\"https:\/\/wp.unil.ch\/alpes-himalayas\/presentation-a-corbeyrier\/\">Pr\u00e9sentation \u00e0 Corbeyrier<\/a><div class=\"wp-block-latest-posts__post-excerpt\">L&#8217;Ovaille de 1584: Sur les traces de la catastrophe de Corbeyrier et Yvorne Samedi 24 juin 2023, de 14h00 \u00e0\u2026 <a class=\"wp-block-latest-posts__read-more\" href=\"https:\/\/wp.unil.ch\/alpes-himalayas\/presentation-a-corbeyrier\/\" rel=\"noopener noreferrer\">Read more<span class=\"screen-reader-text\">: Pr\u00e9sentation \u00e0 Corbeyrier<\/span><\/a><\/div><\/li>\n<li><a class=\"wp-block-latest-posts__post-title\" href=\"https:\/\/wp.unil.ch\/alpes-himalayas\/new-paper-pantet-et-al-2023\/\">New Paper: Pantet et al. 2023<\/a><div class=\"wp-block-latest-posts__post-excerpt\">Schistes Lustr\u00e9s in a hyper\u2011extended continental margin setting and reinterpretation of the limit between the Mont Fort and Tsat\u00e9 nappes\u2026 <a class=\"wp-block-latest-posts__read-more\" href=\"https:\/\/wp.unil.ch\/alpes-himalayas\/new-paper-pantet-et-al-2023\/\" rel=\"noopener noreferrer\">Read more<span class=\"screen-reader-text\">: New Paper: Pantet et al. 2023<\/span><\/a><\/div><\/li>\n<\/ul><\/div>\n<\/div>\n","protected":false},"excerpt":{"rendered":"<p>Welcome on the website of the Himalayalps research group in geology. This groupe is part of the Institut des Sciences de la Terre (ISTE) at the university of Lausanne. Our research interest is the structural and regional geology in collisional orogen, especially the Alps and the Himalayas. Our work combines fieldwork, structural analyses, laboratory techniques, [&hellip;]<\/p>\n","protected":false},"author":108,"featured_media":0,"parent":0,"menu_order":0,"comment_status":"closed","ping_status":"closed","template":"","meta":{"_seopress_robots_primary_cat":"","_seopress_titles_title":"","_seopress_titles_desc":"","_seopress_robots_index":"","footnotes":""},"class_list":["post-6","page","type-page","status-publish"],"_links":{"self":[{"href":"https:\/\/wp.unil.ch\/alpes-himalayas\/wp-json\/wp\/v2\/pages\/6","targetHints":{"allow":["GET"]}}],"collection":[{"href":"https:\/\/wp.unil.ch\/alpes-himalayas\/wp-json\/wp\/v2\/pages"}],"about":[{"href":"https:\/\/wp.unil.ch\/alpes-himalayas\/wp-json\/wp\/v2\/types\/page"}],"author":[{"embeddable":true,"href":"https:\/\/wp.unil.ch\/alpes-himalayas\/wp-json\/wp\/v2\/users\/108"}],"replies":[{"embeddable":true,"href":"https:\/\/wp.unil.ch\/alpes-himalayas\/wp-json\/wp\/v2\/comments?post=6"}],"version-history":[{"count":0,"href":"https:\/\/wp.unil.ch\/alpes-himalayas\/wp-json\/wp\/v2\/pages\/6\/revisions"}],"wp:attachment":[{"href":"https:\/\/wp.unil.ch\/alpes-himalayas\/wp-json\/wp\/v2\/media?parent=6"}],"curies":[{"name":"wp","href":"https:\/\/api.w.org\/{rel}","templated":true}]}}