{"id":132,"date":"2018-02-12T14:29:21","date_gmt":"2018-02-12T13:29:21","guid":{"rendered":"http:\/\/wp.unil.ch\/alpenv\/?page_id=132"},"modified":"2018-04-25T08:59:27","modified_gmt":"2018-04-25T06:59:27","slug":"presentations","status":"publish","type":"page","link":"https:\/\/wp.unil.ch\/alpenv\/presentations\/","title":{"rendered":"Presentations"},"content":{"rendered":"<p>Here we publish pdfs of presentations we have given. These are of reduced size to avoid overloading the system:<\/p>\n<p><strong>2018<\/strong><\/p>\n<p>Bakker M et al., 2018.\u00a0<em>Morphodynamiques de la Borgne d\u2019Arolla depuis les ann\u00e9es 1950<\/em>. (<a href=\"https:\/\/wp.unil.ch\/alpenv\/files\/2018\/02\/Bakker_CollArolla_Jan2018.pdf\"><em>Bakker_CollArolla_Jan2018<\/em><\/a>). <a href=\"https:\/\/av.unil.ch\/hva\/3315\/18-fgse-arolla-bakker.mp4\">Vid\u00e9o de la pr\u00e9sentation<\/a><\/p>\n<p>Gabbud, C et al., 2018. \u00a0<em>Ecologie d\u2019une rivi\u00e8re de haute montagne,\u00a0la Borgne d\u2019Arolla, soumise au\u00a0r\u00e9chauffement climatique et\u00a0\u00e0 l\u2019exploitation hydro\u00e9lectrique<\/em>. (<em><a href=\"https:\/\/wp.unil.ch\/alpenv\/files\/2018\/02\/Gabbud_CollArolla_Jan2018.pdf\">Gabbud_CollArolla_Jan2018<\/a><\/em>).\u00a0<a href=\"https:\/\/av.unil.ch\/hva\/3315\/18-fgse-arolla-gabbud.mp4\">Vid\u00e9o de la pr\u00e9sentation<\/a><\/p>\n<p>Lane, SN et al., 2018.\u00a0<em>Reconstructing sediment connection in Alpine landscapes undergoing rapid glacier recession<\/em>.<em> (<a href=\"https:\/\/wp.unil.ch\/alpenv\/files\/2018\/04\/Lane_Venice_March2018-1.pdf\">Lane_Venice_March2018<\/a>)<\/em><\/p>\n<p>Lane SN et al., 2018. <em>Le Val d&#8217;Arolla comme lieu de recherche scientifique<\/em> et\u00a0<em>Le paysage Alpin face aux changements climatiques : l\u2019exemple du Val d\u2019Arolla (<a href=\"https:\/\/wp.unil.ch\/alpenv\/files\/2018\/02\/Lane_CollArolla_Jan2018.pdf\">Lane_CollArolla_Jan2018<\/a>). <\/em><a href=\"https:\/\/av.unil.ch\/hva\/3315\/18-fgse-arolla-lane.mp4\">Vid\u00e9o de la pr\u00e9sentation<\/a><\/p>\n<p>Lane SN et al., 2018.\u00a0<em>\u00ab\u00a0Peak Oil\u00a0\u00bb, \u00ab\u00a0Peak Water\u00a0\u00bb, \u00ab\u00a0Peak Sediment\u00a0\u00bb :\u00a0Les effets du r\u00e9chauffement climatique sur les glaciers Alpins.<\/em> \u00a0Presentation to the Biennales of the Faculty of Geosciences and Environment, University of Lausanne (<a href=\"https:\/\/wp.unil.ch\/alpenv\/files\/2018\/02\/PeakOilWaterSediment.pdf\"><em>PeakOilWaterSediment<\/em><\/a><em>)<\/em><b><br \/>\n<\/b><\/p>\n","protected":false},"excerpt":{"rendered":"<p>Here we publish pdfs of presentations we have given. These are of reduced size to avoid overloading the system: 2018 Bakker M et al., 2018.\u00a0Morphodynamiques de la Borgne d\u2019Arolla depuis les ann\u00e9es 1950. (Bakker_CollArolla_Jan2018). Vid\u00e9o de la pr\u00e9sentation Gabbud, C<\/p>\n","protected":false},"author":1001734,"featured_media":0,"parent":0,"menu_order":0,"comment_status":"closed","ping_status":"closed","template":"","meta":{"_seopress_robots_primary_cat":"","_seopress_titles_title":"","_seopress_titles_desc":"","_seopress_robots_index":"","footnotes":""},"class_list":["post-132","page","type-page","status-publish"],"_links":{"self":[{"href":"https:\/\/wp.unil.ch\/alpenv\/wp-json\/wp\/v2\/pages\/132","targetHints":{"allow":["GET"]}}],"collection":[{"href":"https:\/\/wp.unil.ch\/alpenv\/wp-json\/wp\/v2\/pages"}],"about":[{"href":"https:\/\/wp.unil.ch\/alpenv\/wp-json\/wp\/v2\/types\/page"}],"author":[{"embeddable":true,"href":"https:\/\/wp.unil.ch\/alpenv\/wp-json\/wp\/v2\/users\/1001734"}],"replies":[{"embeddable":true,"href":"https:\/\/wp.unil.ch\/alpenv\/wp-json\/wp\/v2\/comments?post=132"}],"version-history":[{"count":0,"href":"https:\/\/wp.unil.ch\/alpenv\/wp-json\/wp\/v2\/pages\/132\/revisions"}],"wp:attachment":[{"href":"https:\/\/wp.unil.ch\/alpenv\/wp-json\/wp\/v2\/media?parent=132"}],"curies":[{"name":"wp","href":"https:\/\/api.w.org\/{rel}","templated":true}]}}