{"id":188,"date":"2025-10-26T18:31:40","date_gmt":"2025-10-26T17:31:40","guid":{"rendered":"https:\/\/wp.unil.ch\/aloha\/?page_id=188"},"modified":"2025-11-03T08:57:59","modified_gmt":"2025-11-03T07:57:59","slug":"changling-li","status":"publish","type":"page","link":"https:\/\/wp.unil.ch\/aloha\/team\/changling-li\/","title":{"rendered":"Changling Li"},"content":{"rendered":"\n<div class=\"wp-block-media-text alignwide is-stacked-on-mobile is-vertically-aligned-top\" style=\"grid-template-columns:27% auto\"><figure class=\"wp-block-media-text__media\"><img loading=\"lazy\" decoding=\"async\" width=\"956\" height=\"1024\" src=\"https:\/\/wp.unil.ch\/aloha\/files\/2025\/10\/photo-1-956x1024.jpg\" alt=\"photo (1)\" class=\"wp-image-211 size-full\" srcset=\"https:\/\/wp.unil.ch\/aloha\/files\/2025\/10\/photo-1-956x1024.jpg 956w, https:\/\/wp.unil.ch\/aloha\/files\/2025\/10\/photo-1-280x300.jpg 280w, https:\/\/wp.unil.ch\/aloha\/files\/2025\/10\/photo-1-768x823.jpg 768w, https:\/\/wp.unil.ch\/aloha\/files\/2025\/10\/photo-1.jpg 1120w\" sizes=\"auto, (max-width: 956px) 100vw, 956px\" \/><\/figure><div class=\"wp-block-media-text__content\">\n<p>Email: <a href=\"mailto:changling.li@chuv.ch\">changling.li@chuv.ch<\/a><\/p>\n\n\n\n<p class=\"has-large-font-size\"><strong>Biography<\/strong><\/p>\n\n\n\n<p class=\"has-small-font-size\">Changling Li is a PhD student in the&nbsp;<strong>Applied Laboratory of Otology, Hearing and Auditory neuroscience<\/strong> (ALOHA), <strong>X-Ray Tomography Group at the<\/strong>&nbsp;<strong>Paul Scherrer Institute<\/strong>&nbsp;(PSI), and the Doctoral School of the&nbsp;<strong>Faculty of Biology and Medicine at the University of Lausanne<\/strong>&nbsp;(UNIL). She holds a MSc in Life Sciences Engineering from the&nbsp;<strong>\u00c9cole Polytechnique F\u00e9d\u00e9rale de Lausanne<\/strong>&nbsp;(EPFL), completing her MSc thesis on Brain-Computer Interfaces at Logitech in 2024. The project aimed to demonstrate the feasibility of controlling an immersive VR user interface using EEG and neural network models.<\/p>\n\n\n\n<p class=\"has-large-font-size\"><strong>Scientific research<\/strong><\/p>\n\n\n\n<p class=\"has-small-font-size\">As part of the <strong><a href=\"https:\/\/data.snf.ch\/grants\/grant\/10003073\">VISION-EAR<\/a><\/strong> project, Changling\u2019s research explores the biomechanics of the human middle ear using <strong>dynamic synchrotron-based phase-contrast microtomography<\/strong>. This cutting-edge X-ray imaging technique captures ultra-high-resolution, soft-tissue\u2013contrast images, revealing the ear\u2019s microscopic structures in unprecedented detail.<\/p>\n\n\n\n<p class=\"has-small-font-size\">Changling\u2019s PhD is a collaboration between the <strong>Otology and Neurotology Unit at CHUV<\/strong> (Lausanne, Switzerland) and the <strong>X-ray Tomography Group at PSI<\/strong> (Villigen, Switzerland), supervised by Prof. Lukas Anschuetz and Dr. Anne Bonnin.<\/p>\n<\/div><\/div>\n\n\n\n<p class=\"has-large-font-size\"><\/p>\n\n\n\n<p class=\"has-large-font-size\"><br><\/p>\n","protected":false},"excerpt":{"rendered":"<p>Email: changling.li@chuv.ch Biography Changling Li is a PhD student in the&nbsp;Applied Laboratory of Otology, Hearing and Auditory neuroscience (ALOHA), X-Ray Tomography Group at the&nbsp;Paul Scherrer Institute&nbsp;(PSI), and the Doctoral School of the&nbsp;Faculty of Biology and Medicine at the University of Lausanne&nbsp;(UNIL). She holds a MSc in Life Sciences Engineering from the&nbsp;\u00c9cole Polytechnique F\u00e9d\u00e9rale de Lausanne&nbsp;(EPFL), [&hellip;]<\/p>\n","protected":false},"author":1003060,"featured_media":0,"parent":165,"menu_order":0,"comment_status":"closed","ping_status":"closed","template":"","meta":{"_seopress_robots_primary_cat":"","_seopress_titles_title":"","_seopress_titles_desc":"","_seopress_robots_index":"","_seopress_analysis_target_kw":"","footnotes":""},"class_list":["post-188","page","type-page","status-publish"],"_links":{"self":[{"href":"https:\/\/wp.unil.ch\/aloha\/wp-json\/wp\/v2\/pages\/188","targetHints":{"allow":["GET"]}}],"collection":[{"href":"https:\/\/wp.unil.ch\/aloha\/wp-json\/wp\/v2\/pages"}],"about":[{"href":"https:\/\/wp.unil.ch\/aloha\/wp-json\/wp\/v2\/types\/page"}],"author":[{"embeddable":true,"href":"https:\/\/wp.unil.ch\/aloha\/wp-json\/wp\/v2\/users\/1003060"}],"replies":[{"embeddable":true,"href":"https:\/\/wp.unil.ch\/aloha\/wp-json\/wp\/v2\/comments?post=188"}],"version-history":[{"count":5,"href":"https:\/\/wp.unil.ch\/aloha\/wp-json\/wp\/v2\/pages\/188\/revisions"}],"predecessor-version":[{"id":280,"href":"https:\/\/wp.unil.ch\/aloha\/wp-json\/wp\/v2\/pages\/188\/revisions\/280"}],"up":[{"embeddable":true,"href":"https:\/\/wp.unil.ch\/aloha\/wp-json\/wp\/v2\/pages\/165"}],"wp:attachment":[{"href":"https:\/\/wp.unil.ch\/aloha\/wp-json\/wp\/v2\/media?parent=188"}],"curies":[{"name":"wp","href":"https:\/\/api.w.org\/{rel}","templated":true}]}}