{"id":117,"date":"2009-11-12T14:14:51","date_gmt":"2009-11-12T12:14:51","guid":{"rendered":"http:\/\/wp.unil.ch\/allezsavoir\/?page_id=117"},"modified":"2026-02-09T10:33:02","modified_gmt":"2026-02-09T08:33:02","slug":"impressum","status":"publish","type":"page","link":"https:\/\/wp.unil.ch\/allezsavoir\/impressum\/","title":{"rendered":"Impressum"},"content":{"rendered":"\n<p><strong>Magazine de l\u2019Universit\u00e9 de Lausanne<\/strong><br><a href=\"https:\/\/www.unil.ch\/allezsavoir\">www.unil.ch\/allezsavoir<\/a><\/p>\n\n\n\n<p><strong>Editeur responsable<\/strong><br>Universit\u00e9 de Lausanne<br>Une publication d\u2019UNICOM, service de communication<br>et d\u2019audiovisuel<br>Quartier Unil-Sorge<br>B\u00e2timent Amphimax<br>1015 Lausanne<br>T\u00e9l. 021 692 22 80<br><a href=\"mailto:allezsavoir@unil.ch\">allezsavoir@unil.ch<\/a><\/p>\n\n\n\n<p><strong>R\u00e9daction en chef<\/strong><br>Jocelyn Rochat,<br>David Spring (UNICOM)<\/p>\n\n\n\n<p><strong>Cr\u00e9ation de la maquette<\/strong><br>Edy Ceppi (UNICOM)<\/p>\n\n\n\n<p><strong>R\u00e9dacteurs<\/strong><br>Sonia Arnal<br>Catherine Bex Bourqui<br>Patricia Brambilla<br>Ariane Dayer<br>Mireille Descombes<br>\u00c9lisabeth Gordon<br>Ga\u00eblle Monayron<br>Sabine Pirolt<br>Sylvie Ulmann<\/p>\n\n\n\n<p><strong>Correcteurs<\/strong><br>Albert Grun<br>Fabienne Trivier<\/p>\n\n\n\n<p><strong>Direction artistique<\/strong><br>COBRA: Communication &amp; Branding<\/p>\n\n\n\n<p><strong>Photographie<\/strong><br>Nicole Chuard<\/p>\n\n\n\n<p><strong>Impression<br><\/strong>PCL, Renens<\/p>\n\n\n\n<p><strong>Tirage<\/strong><br>16&rsquo;000 exemplaires<\/p>\n\n\n\n<p><strong>Parution<\/strong><br>Trois fois par an, en f\u00e9vrier, mai et octobre<\/p>\n\n\n\n<p><strong>Abonnements<\/strong><br><a href=\"mailto:allezsavoir@unil.ch\" target=\"_blank\" rel=\"noreferrer noopener\">allezsavoir@unil.ch<\/a><\/p>\n","protected":false},"excerpt":{"rendered":"<p>Magazine de l\u2019Universit\u00e9 de Lausannewww.unil.ch\/allezsavoir Editeur responsableUniversit\u00e9 de LausanneUne publication d\u2019UNICOM, service de communicationet d\u2019audiovisuelQuartier Unil-SorgeB\u00e2timent Amphimax1015 LausanneT\u00e9l. 021 692 22 80allezsavoir@unil.ch R\u00e9daction en chefJocelyn Rochat,David Spring (UNICOM) Cr\u00e9ation de &hellip; <\/p>\n","protected":false},"author":825,"featured_media":0,"parent":0,"menu_order":4,"comment_status":"closed","ping_status":"closed","template":"","meta":{"_seopress_robots_primary_cat":"","_seopress_titles_title":"","_seopress_titles_desc":"","_seopress_robots_index":"","footnotes":""},"class_list":["post-117","page","type-page","status-publish"],"_links":{"self":[{"href":"https:\/\/wp.unil.ch\/allezsavoir\/wp-json\/wp\/v2\/pages\/117","targetHints":{"allow":["GET"]}}],"collection":[{"href":"https:\/\/wp.unil.ch\/allezsavoir\/wp-json\/wp\/v2\/pages"}],"about":[{"href":"https:\/\/wp.unil.ch\/allezsavoir\/wp-json\/wp\/v2\/types\/page"}],"author":[{"embeddable":true,"href":"https:\/\/wp.unil.ch\/allezsavoir\/wp-json\/wp\/v2\/users\/825"}],"replies":[{"embeddable":true,"href":"https:\/\/wp.unil.ch\/allezsavoir\/wp-json\/wp\/v2\/comments?post=117"}],"version-history":[{"count":5,"href":"https:\/\/wp.unil.ch\/allezsavoir\/wp-json\/wp\/v2\/pages\/117\/revisions"}],"predecessor-version":[{"id":15454,"href":"https:\/\/wp.unil.ch\/allezsavoir\/wp-json\/wp\/v2\/pages\/117\/revisions\/15454"}],"wp:attachment":[{"href":"https:\/\/wp.unil.ch\/allezsavoir\/wp-json\/wp\/v2\/media?parent=117"}],"curies":[{"name":"wp","href":"https:\/\/api.w.org\/{rel}","templated":true}]}}