{"id":7564,"date":"2025-02-25T09:46:34","date_gmt":"2025-02-25T08:46:34","guid":{"rendered":"https:\/\/wp.unil.ch\/aessp\/?page_id=7564"},"modified":"2026-04-01T00:47:22","modified_gmt":"2026-03-31T22:47:22","slug":"assemblee-generale","status":"publish","type":"page","link":"https:\/\/wp.unil.ch\/aessp\/assemblee-generale\/","title":{"rendered":"Assembl\u00e9e g\u00e9n\u00e9rale"},"content":{"rendered":"\n<div class=\"wp-block-columns alignwide is-layout-flex wp-container-core-columns-is-layout-28f84493 wp-block-columns-is-layout-flex\">\n<div class=\"wp-block-column is-layout-flow wp-block-column-is-layout-flow\">\n<p class=\"has-text-align-center\">Notre prochaine AG aura lieu <em><strong>le jeudi 2 avril \u00e0 16h00<\/strong><\/em> en salle <em><strong>1620 G\u00e9opolis<\/strong><\/em>.<\/p>\n\n\n\n<div class=\"wp-block-buttons is-content-justification-center is-layout-flex wp-container-core-buttons-is-layout-a89b3969 wp-block-buttons-is-layout-flex\">\n<div class=\"wp-block-button\"><a class=\"wp-block-button__link has-base-2-color has-custom-epsyl-background-color has-text-color has-background has-link-color wp-element-button\" href=\"https:\/\/drive.google.com\/drive\/u\/4\/folders\/1CmMWLdzTd3oz-CUBPlqLwvCSOL7sVdVZ\" target=\"_blank\" rel=\"noreferrer noopener\">Documents pour la prochaine AG<\/a><\/div>\n<\/div>\n\n\n\n<h4 class=\"wp-block-heading has-contrast-color has-text-color has-link-color wp-elements-58df3eefad64c299f9370e2006b1e563\">C&rsquo;est quoi une AG ?<\/h4>\n\n\n\n<p>C\u2019est \u00ab&nbsp;l\u2019organe supr\u00eame de l\u2019association&nbsp;\u00bb. Elle a lieu deux \u00e0 trois fois par semestre.<\/p>\n\n\n\n<p>Une d\u00e9cision prise lors d\u2019une AG ne peut \u00eatre r\u00e9voqu\u00e9e que par une autre AG. C\u2019est la \u00ab&nbsp;r\u00e9union&nbsp;\u00bb o\u00f9 toustes les adh\u00e9rent\u00b7e\u00b7s \u00e0 l\u2019association sont invit\u00e9\u00b7e\u00b7s (c\u2019est-\u00e0-dire toustes les \u00e9tudiant\u00b7e\u00b7s des quatre fili\u00e8res de la facult\u00e9 de Sciences Sociales et Politique, SSP).<\/p>\n\n\n\n<h4 class=\"wp-block-heading\">Quels sont les fonctions de l&rsquo;AG ?<\/h4>\n\n\n\n<ul class=\"wp-block-list\">\n<li>Approuver ou refuser les activit\u00e9s de l\u2019AESSP et ses lignes directrices<\/li>\n\n\n\n<li>Approuver ou refuser d\u2019\u00e9ventuels changements des statuts de l\u2019association<\/li>\n\n\n\n<li>Approuver ou refuser les comptes et le budget de l\u2019association (apr\u00e8s avoir \u00e9lu des v\u00e9rificateur\u00b7rice\u00b7s de comptes)<\/li>\n\n\n\n<li>D\u00e9cider des d\u00e9penses extraordinaires exc\u00e9dant 2000 CHF<\/li>\n\n\n\n<li>\u00c9lire la pr\u00e9sidence, les membres de l&rsquo;administration de l&rsquo;association, la\u00b7le administrateur\u00b7rice web, la\u00b7le tr\u00e9sorier\u00b7\u00e8re, les responsables des diff\u00e9rents p\u00f4les, d\u00e9partements et sections ainsi que les repr\u00e9sentant\u00b7e\u00b7s des \u00e9tudiant\u00b7e\u00b7s au sein des diff\u00e9rentes commissions et de la FAE (F\u00e9d\u00e9ration des Associations d\u2019Etudiant\u00b7e\u00b7s).<\/li>\n<\/ul>\n\n\n\n<p>Les votes se font toujours par le syst\u00e8me Wooclap et les d\u00e9cisions sont g\u00e9n\u00e9ralement prises \u00e0 la majorit\u00e9 absolue des membres pr\u00e9sent\u00b7e\u00b7s (ou majorit\u00e9 simple dans certains cas).<\/p>\n\n\n\n<h4 class=\"wp-block-heading\">Pourquoi venir en AG ?<\/h4>\n\n\n\n<p>Sans les AGs l&rsquo;association ne vit pas. C&rsquo;est ici que toutes les d\u00e9cision importantes sont faites. Chaque \u00e9tudiant\u00b7e\u00b7s en SSP a le droit de voter et de s&rsquo;exprimer sur les activit\u00e9s de l&rsquo;association alors viens en AG pour soutenir les projets qui te tiennent \u00e0 c\u0153ur et pour t&rsquo;informer sur les activit\u00e9s de l&rsquo;association.<\/p>\n\n\n\n<p>Les AGs sont aussi l\u2019occasion pour toustes de venir partager un petit ap\u00e9ritif avec les membres de l\u2019association, de rencontrer les responsables des diff\u00e9rents p\u00f4les, d\u00e9partements et sections et de voir le travail que fournissent les membres de l\u2019association. Malheureusement, trop peu d\u2019\u00e9tudiant\u00b7e\u00b7s se rendent aux AGs et nous ne pouvons donc que t\u2019inviter \u00e0 t\u2019y rendre\u2026 !<\/p>\n<\/div>\n<\/div>\n","protected":false},"excerpt":{"rendered":"<p>Notre prochaine AG aura lieu le jeudi 2 avril \u00e0 16h00 en salle 1620 G\u00e9opolis. C&rsquo;est quoi une AG ? C\u2019est \u00ab&nbsp;l\u2019organe supr\u00eame de l\u2019association&nbsp;\u00bb. Elle a lieu deux \u00e0 trois fois par semestre. Une d\u00e9cision prise lors d\u2019une AG ne peut \u00eatre r\u00e9voqu\u00e9e que par une autre AG. C\u2019est la \u00ab&nbsp;r\u00e9union&nbsp;\u00bb o\u00f9 toustes les [&hellip;]<\/p>\n","protected":false},"author":1002759,"featured_media":0,"parent":0,"menu_order":0,"comment_status":"closed","ping_status":"closed","template":"","meta":{"_seopress_robots_primary_cat":"","_seopress_titles_title":"","_seopress_titles_desc":"","_seopress_robots_index":"","_uag_custom_page_level_css":"","footnotes":""},"class_list":["post-7564","page","type-page","status-publish"],"uagb_featured_image_src":{"full":false,"thumbnail":false,"medium":false,"medium_large":false,"large":false,"1536x1536":false,"2048x2048":false,"mailpoet_newsletter_max":false},"uagb_author_info":{"display_name":"Amphitryon","author_link":"https:\/\/wp.unil.ch\/aessp\/author\/afontesc\/"},"uagb_comment_info":0,"uagb_excerpt":"Notre prochaine AG aura lieu le jeudi 2 avril \u00e0 16h00 en salle 1620 G\u00e9opolis. C&rsquo;est quoi une AG ? C\u2019est \u00ab&nbsp;l\u2019organe supr\u00eame de l\u2019association&nbsp;\u00bb. Elle a lieu deux \u00e0 trois fois par semestre. Une d\u00e9cision prise lors d\u2019une AG ne peut \u00eatre r\u00e9voqu\u00e9e que par une autre AG. C\u2019est la \u00ab&nbsp;r\u00e9union&nbsp;\u00bb o\u00f9 toustes les&hellip;","_links":{"self":[{"href":"https:\/\/wp.unil.ch\/aessp\/wp-json\/wp\/v2\/pages\/7564","targetHints":{"allow":["GET"]}}],"collection":[{"href":"https:\/\/wp.unil.ch\/aessp\/wp-json\/wp\/v2\/pages"}],"about":[{"href":"https:\/\/wp.unil.ch\/aessp\/wp-json\/wp\/v2\/types\/page"}],"author":[{"embeddable":true,"href":"https:\/\/wp.unil.ch\/aessp\/wp-json\/wp\/v2\/users\/1002759"}],"replies":[{"embeddable":true,"href":"https:\/\/wp.unil.ch\/aessp\/wp-json\/wp\/v2\/comments?post=7564"}],"version-history":[{"count":5,"href":"https:\/\/wp.unil.ch\/aessp\/wp-json\/wp\/v2\/pages\/7564\/revisions"}],"predecessor-version":[{"id":8103,"href":"https:\/\/wp.unil.ch\/aessp\/wp-json\/wp\/v2\/pages\/7564\/revisions\/8103"}],"wp:attachment":[{"href":"https:\/\/wp.unil.ch\/aessp\/wp-json\/wp\/v2\/media?parent=7564"}],"curies":[{"name":"wp","href":"https:\/\/api.w.org\/{rel}","templated":true}]}}