{"id":7319,"date":"2024-12-04T14:57:44","date_gmt":"2024-12-04T13:57:44","guid":{"rendered":"https:\/\/wp.unil.ch\/aessp\/?page_id=7319"},"modified":"2025-10-21T16:03:48","modified_gmt":"2025-10-21T14:03:48","slug":"documents-utiles","status":"publish","type":"page","link":"https:\/\/wp.unil.ch\/aessp\/documents-utiles\/","title":{"rendered":"Documents utiles"},"content":{"rendered":"\n<div class=\"wp-block-group is-nowrap is-layout-flex wp-container-core-group-is-layout-6c531013 wp-block-group-is-layout-flex\">\n<p><strong>Statuts :<\/strong><\/p>\n\n\n\n<div class=\"wp-block-file\"><a id=\"wp-block-file--media-fa57fa7c-758a-42cf-a12f-d7531babd018\" href=\"https:\/\/wp.unil.ch\/aessp\/files\/2025\/10\/statuts-aessp-09.2025.pdf\" target=\"_blank\" rel=\"noreferrer noopener\">Statuts AESSP (09.2025)<\/a><a href=\"https:\/\/wp.unil.ch\/aessp\/files\/2025\/10\/statuts-aessp-09.2025.pdf\" class=\"wp-block-file__button wp-element-button\" download aria-describedby=\"wp-block-file--media-fa57fa7c-758a-42cf-a12f-d7531babd018\">T\u00e9l\u00e9charger<\/a><\/div>\n<\/div>\n\n\n\n<div class=\"wp-block-group is-nowrap is-layout-flex wp-container-core-group-is-layout-6c531013 wp-block-group-is-layout-flex\">\n<p><strong>Cahiers des charges<\/strong> : <\/p>\n\n\n\n<div class=\"wp-block-file\"><a id=\"wp-block-file--media-83a8d12c-ed07-44a4-937e-d947fe7dddb4\" href=\"https:\/\/wp.unil.ch\/aessp\/files\/2025\/10\/cahier-des-charges-09.2025.pdf\" target=\"_blank\" rel=\"noreferrer noopener\">Cahier des charges (09.2025)<\/a><a href=\"https:\/\/wp.unil.ch\/aessp\/files\/2025\/10\/cahier-des-charges-09.2025.pdf\" class=\"wp-block-file__button wp-element-button\" download aria-describedby=\"wp-block-file--media-83a8d12c-ed07-44a4-937e-d947fe7dddb4\">T\u00e9l\u00e9charger<\/a><\/div>\n<\/div>\n\n\n\n<p><strong>PV des assembl\u00e9es g\u00e9n\u00e9rales : <\/strong><\/p>\n\n\n\n<p><strong>2015-2016<\/strong><\/p>\n\n\n\n<div class=\"wp-block-file\"><a id=\"wp-block-file--media-5d64f181-059c-4bec-85a8-39329f91df73\" href=\"https:\/\/wp.unil.ch\/aessp\/files\/2024\/12\/PV-AG-Automne-16.pdf\">AG Automne 2016<\/a><\/div>\n\n\n\n<p><strong>2017-2018<\/strong><\/p>\n\n\n\n<div class=\"wp-block-file\"><a id=\"wp-block-file--media-d0f81583-ea4d-4ca8-a295-1bc4b2a29cab\" href=\"https:\/\/wp.unil.ch\/aessp\/files\/2024\/12\/PV-AG-du-14-mars-2018.pdf\">AG Printemps  2018<\/a><\/div>\n\n\n\n<p><strong>2018-2019<\/strong><\/p>\n\n\n\n<div class=\"wp-block-group is-nowrap is-layout-flex wp-container-core-group-is-layout-6c531013 wp-block-group-is-layout-flex\">\n<div class=\"wp-block-file\"><a id=\"wp-block-file--media-c9b3b397-ec21-43d2-8f5c-132790bcbd7e\" href=\"https:\/\/wp.unil.ch\/aessp\/files\/2024\/12\/AG-04.10.18.pdf\">AG 04.10.2018<\/a><\/div>\n\n\n\n<div class=\"wp-block-file\"><a id=\"wp-block-file--media-dbee4a1b-aa4f-4b4c-8b89-319ad8061903\" href=\"https:\/\/wp.unil.ch\/aessp\/files\/2024\/12\/AG-28.02.19.pdf\">AG 28.02.2019<\/a><\/div>\n<\/div>\n\n\n\n<p><strong>2019-2020<\/strong><\/p>\n\n\n\n<div class=\"wp-block-group is-nowrap is-layout-flex wp-container-core-group-is-layout-6c531013 wp-block-group-is-layout-flex\">\n<div class=\"wp-block-file\"><a id=\"wp-block-file--media-27533f99-2b69-4ac6-9dbc-289a40e4c757\" href=\"https:\/\/wp.unil.ch\/aessp\/files\/2024\/12\/PV-AG-du-26.09.2019.pdf\">AG 26.09.2019<\/a><\/div>\n\n\n\n<div class=\"wp-block-file\"><a id=\"wp-block-file--media-409b6256-2a6a-44cc-b721-7ad085a2a4ce\" href=\"https:\/\/wp.unil.ch\/aessp\/files\/2024\/12\/PV-Assemblee-Extraordinaire-04.09.2019.pdf\">Assembl\u00e9e Extraordinaire 04.09.2019<\/a><\/div>\n\n\n\n<div class=\"wp-block-file\"><a id=\"wp-block-file--media-3dae13ca-f422-494f-882f-bf0a1cf0dd79\" href=\"https:\/\/wp.unil.ch\/aessp\/files\/2024\/12\/PV-AG-du-05.11.2019.pdf\">AG du 05.11.2019<\/a><\/div>\n\n\n\n<div class=\"wp-block-file\"><a id=\"wp-block-file--media-7da53877-76bc-4ce9-8ed5-17f83246844c\" href=\"https:\/\/wp.unil.ch\/aessp\/files\/2024\/12\/AG-du-03.12.2019-.pdf\">AG du 03.12.2019<\/a><\/div>\n<\/div>\n\n\n\n<div class=\"wp-block-group is-nowrap is-layout-flex wp-container-core-group-is-layout-6c531013 wp-block-group-is-layout-flex\">\n<div class=\"wp-block-file\"><a id=\"wp-block-file--media-e2aa47c5-c332-47aa-8f5d-a03b60516556\" href=\"https:\/\/wp.unil.ch\/aessp\/files\/2024\/12\/PV-Assemblee-Extraordinaire-du-04.02.2020-.pdf\">Assembl\u00e9e Extraordinaire du 04.02.2020<\/a><\/div>\n\n\n\n<div class=\"wp-block-file\"><a id=\"wp-block-file--media-f98f531d-dce1-489d-906e-9bc65993cffc\" href=\"https:\/\/wp.unil.ch\/aessp\/files\/2024\/12\/PV-AG-du-27-fevrier-2020-.pdf\">AG 27.02.2020<\/a><\/div>\n<\/div>\n\n\n\n<p><strong>2020-2021<\/strong><\/p>\n\n\n\n<div class=\"wp-block-group is-nowrap is-layout-flex wp-container-core-group-is-layout-6c531013 wp-block-group-is-layout-flex\">\n<div class=\"wp-block-file\"><a id=\"wp-block-file--media-b8bd4d6e-a08a-4f22-8183-3b184b5919f7\" href=\"https:\/\/wp.unil.ch\/aessp\/files\/2024\/12\/PV-AG-du-24.09.20-1.pdf\">AG 24.09.2020<\/a><\/div>\n\n\n\n<div class=\"wp-block-file\"><a id=\"wp-block-file--media-8031f718-2006-4bee-822b-2a39d76a0a72\" href=\"https:\/\/wp.unil.ch\/aessp\/files\/2024\/12\/PV-AG-du-12.11.2020-2.pdf\">AG 12.11.2020<\/a><\/div>\n\n\n\n<div class=\"wp-block-file\"><a id=\"wp-block-file--media-fa13316b-b8a9-4de4-8485-c32550e73283\" href=\"https:\/\/wp.unil.ch\/aessp\/files\/2024\/12\/PV-AG-du-04.03.21-1.pdf\">AG 04.03.2021<\/a><\/div>\n\n\n\n<div class=\"wp-block-file\"><a id=\"wp-block-file--media-e991c64d-4607-4c87-9366-4c0e60668db3\" href=\"https:\/\/wp.unil.ch\/aessp\/files\/2024\/12\/PV-AG-20.05.2021.pdf\">AG 20.05.2021<\/a><\/div>\n<\/div>\n\n\n\n<p><strong>2021-2022<\/strong><\/p>\n\n\n\n<div class=\"wp-block-group is-nowrap is-layout-flex wp-container-core-group-is-layout-6c531013 wp-block-group-is-layout-flex\">\n<div class=\"wp-block-file\"><a id=\"wp-block-file--media-5d7dfeef-883c-4e27-9ce0-278781c9ac6e\" href=\"https:\/\/wp.unil.ch\/aessp\/files\/2024\/12\/PV-AG-du-30.09.21.pdf\"> AG du 30.09.21<\/a><\/div>\n\n\n\n<div class=\"wp-block-file\"><a id=\"wp-block-file--media-07a06815-2047-4cb9-9976-acb3e7d436c7\" href=\"https:\/\/wp.unil.ch\/aessp\/files\/2024\/12\/PV-AG-du-18.11.21.pdf\">AG du 18.11.21<\/a><\/div>\n\n\n\n<div class=\"wp-block-file\"><a id=\"wp-block-file--media-3bc69ed9-2ed2-4e2f-bbd7-1ed1d5f684a5\" href=\"https:\/\/wp.unil.ch\/aessp\/files\/2024\/12\/PV-AG-du-03.03.22.pdf\">AG du 03.03.22<\/a><\/div>\n<\/div>\n\n\n\n<p><strong>2022-2023<\/strong><\/p>\n\n\n\n<div class=\"wp-block-group is-nowrap is-layout-flex wp-container-core-group-is-layout-6c531013 wp-block-group-is-layout-flex\">\n<div class=\"wp-block-file\"><a id=\"wp-block-file--media-80d23207-c2a6-4679-9018-f1eda44d61d9\" href=\"https:\/\/wp.unil.ch\/aessp\/files\/2024\/12\/PV-AG-2022.09.27.pdf\">AG 2022.09.27<\/a><\/div>\n\n\n\n<div class=\"wp-block-file\"><a id=\"wp-block-file--media-9ab10d17-b9e6-4b6f-8e6d-c1c5b630546f\" href=\"https:\/\/wp.unil.ch\/aessp\/files\/2024\/12\/PV-AG-2022.12.01.pdf\">AG 2022.12.01<\/a><\/div>\n\n\n\n<div class=\"wp-block-file\"><a id=\"wp-block-file--media-9e04834a-b95a-4349-a6af-379a96732506\" href=\"https:\/\/wp.unil.ch\/aessp\/files\/2024\/12\/PV-AG-2023.05.25.pdf\">AG 2023.05.25<\/a><\/div>\n\n\n\n<div class=\"wp-block-file\"><a id=\"wp-block-file--media-2f10d7cd-a07e-4b91-9a73-a828419cc8db\" href=\"https:\/\/wp.unil.ch\/aessp\/files\/2024\/12\/PV-AG-2023.03.09.pdf\">AG 2023.03.09<\/a><\/div>\n<\/div>\n\n\n\n<p><strong>2023-2024<\/strong><\/p>\n\n\n\n<p><strong>2024-2025<\/strong><\/p>\n\n\n\n<div class=\"wp-block-file\"><a id=\"wp-block-file--media-bc02b9b4-5aae-4562-95cc-de7cd7b2f96a\" href=\"https:\/\/wp.unil.ch\/aessp\/files\/2024\/12\/PV-AG-26.09.24-1.pdf\">AG 26.09.2024<\/a><\/div>\n\n\n\n<p><\/p>\n","protected":false},"excerpt":{"rendered":"<p>Statuts : Cahiers des charges : PV des assembl\u00e9es g\u00e9n\u00e9rales : 2015-2016 2017-2018 2018-2019 2019-2020 2020-2021 2021-2022 2022-2023 2023-2024 2024-2025<\/p>\n","protected":false},"author":1002759,"featured_media":0,"parent":0,"menu_order":0,"comment_status":"closed","ping_status":"closed","template":"","meta":{"_seopress_robots_primary_cat":"","_seopress_titles_title":"","_seopress_titles_desc":"","_seopress_robots_index":"","_uag_custom_page_level_css":"","footnotes":""},"class_list":["post-7319","page","type-page","status-publish"],"uagb_featured_image_src":{"full":false,"thumbnail":false,"medium":false,"medium_large":false,"large":false,"1536x1536":false,"2048x2048":false,"mailpoet_newsletter_max":false},"uagb_author_info":{"display_name":"Amphitryon","author_link":"https:\/\/wp.unil.ch\/aessp\/author\/afontesc\/"},"uagb_comment_info":0,"uagb_excerpt":"Statuts : Cahiers des charges : PV des assembl\u00e9es g\u00e9n\u00e9rales : 2015-2016 2017-2018 2018-2019 2019-2020 2020-2021 2021-2022 2022-2023 2023-2024 2024-2025","_links":{"self":[{"href":"https:\/\/wp.unil.ch\/aessp\/wp-json\/wp\/v2\/pages\/7319","targetHints":{"allow":["GET"]}}],"collection":[{"href":"https:\/\/wp.unil.ch\/aessp\/wp-json\/wp\/v2\/pages"}],"about":[{"href":"https:\/\/wp.unil.ch\/aessp\/wp-json\/wp\/v2\/types\/page"}],"author":[{"embeddable":true,"href":"https:\/\/wp.unil.ch\/aessp\/wp-json\/wp\/v2\/users\/1002759"}],"replies":[{"embeddable":true,"href":"https:\/\/wp.unil.ch\/aessp\/wp-json\/wp\/v2\/comments?post=7319"}],"version-history":[{"count":5,"href":"https:\/\/wp.unil.ch\/aessp\/wp-json\/wp\/v2\/pages\/7319\/revisions"}],"predecessor-version":[{"id":8014,"href":"https:\/\/wp.unil.ch\/aessp\/wp-json\/wp\/v2\/pages\/7319\/revisions\/8014"}],"wp:attachment":[{"href":"https:\/\/wp.unil.ch\/aessp\/wp-json\/wp\/v2\/media?parent=7319"}],"curies":[{"name":"wp","href":"https:\/\/api.w.org\/{rel}","templated":true}]}}