{"id":6384,"date":"2023-09-10T19:58:08","date_gmt":"2023-09-10T17:58:08","guid":{"rendered":"https:\/\/wp.unil.ch\/aessp\/?page_id=6384"},"modified":"2025-02-25T18:43:20","modified_gmt":"2025-02-25T17:43:20","slug":"departement-evenementiel","status":"publish","type":"page","link":"https:\/\/wp.unil.ch\/aessp\/departement-evenementiel\/","title":{"rendered":"D\u00e9partement Ev\u00e9nementiel"},"content":{"rendered":"\n<h2 class=\"wp-block-heading\">Ev\u00e9nements<\/h2>\n\n\n\n<p><em>Les soir\u00e9es \u00e7a te parle s\u00fbrement mais est-ce que tu sais comment elles se cr\u00e9ent ? Ici tu organiseras des \u00e9v\u00e9nements super diversifi\u00e9s et il y a un grand nombre de responsabilit\u00e9s diff\u00e9rentes donc tu trouveras forc\u00e9ment ton bonheur. En plus les membres sont super gentil\u00b7le\u00b7s et toujours pr\u00eat\u00b7e\u00b7s \u00e0 aider. <\/em><\/p>\n\n\n\n<div class=\"wp-block-uagb-team uagb-team__image-position-above uagb-team__align-center uagb-team__stack-tablet uagb-block-52fc20c4\"><div class=\"uagb-team__content\"><img decoding=\"async\" class=\"uagb-team__image-crop-circle\" src=\"https:\/\/wp.unil.ch\/aessp\/files\/2022\/03\/neutre.png\" alt=\"\" height=\"300\" width=\"300\" loading=\"lazy\" \/><h3 class=\"uagb-team__title\">Events<\/h3><span class=\"uagb-team__prefix\">Jade Rauch &amp; Jay Staneff<\/span><p class=\"uagb-team__desc\"><\/p><\/div><\/div>\n\n\n\n<h2 class=\"wp-block-heading\">Workchope<\/h2>\n\n\n\n<p><em>On esp\u00e8re que tu en as d\u00e9j\u00e0 entendu parler !! Mais si ce n&rsquo;est pas le cas, ce sont les ventes de bi\u00e8res propos\u00e9es \u00e0 Amphip\u00f4le plusieurs fois par semestre (check notre <a href=\"https:\/\/www.instagram.com\/aessp.unil\" data-type=\"link\" data-id=\"https:\/\/www.instagram.com\/aessp.unil\" target=\"_blank\" rel=\"noreferrer noopener\">insta<\/a> pour les dates). Viens nous voir au prochain et si tu te chauffes viens m\u00eame nous donner un coup de main, tu verras l&rsquo;ambiance est incroyable.<\/em><\/p>\n\n\n\n<div class=\"wp-block-uagb-team uagb-team__image-position-above uagb-team__align-center uagb-team__stack-tablet uagb-block-82e22070\"><div class=\"uagb-team__content\"><img decoding=\"async\" class=\"uagb-team__image-crop-circle\" src=\"https:\/\/wp.unil.ch\/aessp\/files\/2024\/10\/IMG_1652-e1730296996344.jpg\" alt=\"\" height=\"300\" width=\"300\" loading=\"lazy\" \/><h3 class=\"uagb-team__title\">Workchope<\/h3><span class=\"uagb-team__prefix\">Charlotte Fegert<\/span><p class=\"uagb-team__desc\"><a href=\"https:\/\/wp.unil.ch\/aessp\/nos-activites\/workchoppe\/\">Le Workchope<\/a><\/p><\/div><\/div>\n\n\n\n<h2 class=\"wp-block-heading\">Unison<\/h2>\n\n\n\n<p><em>Si tu as la fibre musicale, que ce soit en tant que musicien\u00b7ne ou simplement pour \u00e9couter, Unison est l\u00e0 pour proposer des concerts, des jams et d&rsquo;autres surprises musicales pendant le semestre. Viens voir comment se passe l&rsquo;organisation de ces moments trop sympas, en plus l&rsquo;\u00e9quipe est top ! <\/em><\/p>\n\n\n\n<div class=\"wp-block-uagb-team uagb-team__image-position-above uagb-team__align-center uagb-team__stack-tablet uagb-block-797bb538\"><div class=\"uagb-team__content\"><img decoding=\"async\" class=\"uagb-team__image-crop-circle\" src=\"https:\/\/wp.unil.ch\/aessp\/files\/2022\/03\/neutre.png\" alt=\"\" height=\"300\" width=\"300\" loading=\"lazy\" \/><h3 class=\"uagb-team__title\">Unison<\/h3><span class=\"uagb-team__prefix\">El\u00e9onore Ogilvie &amp; Eryn Seuret<\/span><p class=\"uagb-team__desc\"><\/p><\/div><\/div>\n","protected":false},"excerpt":{"rendered":"<p>Ev\u00e9nements Les soir\u00e9es \u00e7a te parle s\u00fbrement mais est-ce que tu sais comment elles se cr\u00e9ent ? Ici tu organiseras des \u00e9v\u00e9nements super diversifi\u00e9s et il y a un grand nombre de responsabilit\u00e9s diff\u00e9rentes donc tu trouveras forc\u00e9ment ton bonheur. En plus les membres sont super gentil\u00b7le\u00b7s et toujours pr\u00eat\u00b7e\u00b7s \u00e0 aider. Workchope On esp\u00e8re [&hellip;]<\/p>\n","protected":false},"author":1002408,"featured_media":0,"parent":0,"menu_order":0,"comment_status":"closed","ping_status":"closed","template":"","meta":{"_seopress_robots_primary_cat":"","_seopress_titles_title":"","_seopress_titles_desc":"","_seopress_robots_index":"","_uag_custom_page_level_css":"","footnotes":""},"class_list":["post-6384","page","type-page","status-publish"],"uagb_featured_image_src":{"full":false,"thumbnail":false,"medium":false,"medium_large":false,"large":false,"1536x1536":false,"2048x2048":false,"mailpoet_newsletter_max":false},"uagb_author_info":{"display_name":"Lo\u00efc Fanichet","author_link":"https:\/\/wp.unil.ch\/aessp\/author\/lfaniche\/"},"uagb_comment_info":0,"uagb_excerpt":"Ev\u00e9nements Les soir\u00e9es \u00e7a te parle s\u00fbrement mais est-ce que tu sais comment elles se cr\u00e9ent ? Ici tu organiseras des \u00e9v\u00e9nements super diversifi\u00e9s et il y a un grand nombre de responsabilit\u00e9s diff\u00e9rentes donc tu trouveras forc\u00e9ment ton bonheur. En plus les membres sont super gentil\u00b7le\u00b7s et toujours pr\u00eat\u00b7e\u00b7s \u00e0 aider. Workchope On esp\u00e8re&hellip;","_links":{"self":[{"href":"https:\/\/wp.unil.ch\/aessp\/wp-json\/wp\/v2\/pages\/6384","targetHints":{"allow":["GET"]}}],"collection":[{"href":"https:\/\/wp.unil.ch\/aessp\/wp-json\/wp\/v2\/pages"}],"about":[{"href":"https:\/\/wp.unil.ch\/aessp\/wp-json\/wp\/v2\/types\/page"}],"author":[{"embeddable":true,"href":"https:\/\/wp.unil.ch\/aessp\/wp-json\/wp\/v2\/users\/1002408"}],"replies":[{"embeddable":true,"href":"https:\/\/wp.unil.ch\/aessp\/wp-json\/wp\/v2\/comments?post=6384"}],"version-history":[{"count":2,"href":"https:\/\/wp.unil.ch\/aessp\/wp-json\/wp\/v2\/pages\/6384\/revisions"}],"predecessor-version":[{"id":7623,"href":"https:\/\/wp.unil.ch\/aessp\/wp-json\/wp\/v2\/pages\/6384\/revisions\/7623"}],"wp:attachment":[{"href":"https:\/\/wp.unil.ch\/aessp\/wp-json\/wp\/v2\/media?parent=6384"}],"curies":[{"name":"wp","href":"https:\/\/api.w.org\/{rel}","templated":true}]}}