{"id":6382,"date":"2023-09-10T19:01:17","date_gmt":"2023-09-10T17:01:17","guid":{"rendered":"https:\/\/wp.unil.ch\/aessp\/?page_id=6382"},"modified":"2025-02-25T18:32:32","modified_gmt":"2025-02-25T17:32:32","slug":"departement-medias-communication","status":"publish","type":"page","link":"https:\/\/wp.unil.ch\/aessp\/departement-medias-communication\/","title":{"rendered":"D\u00e9partement M\u00e9dias &amp; Communication"},"content":{"rendered":"\n<h2 class=\"wp-block-heading\">Journalisme<\/h2>\n\n\n\n<p><em>Cr\u00e9ativit\u00e9, libert\u00e9, engagement, d\u00e9couverte. Si ces th\u00e8mes te parlent alors n&rsquo;h\u00e9sites pas : rejoins l&rsquo;\u00e9quipe du journal de l&rsquo;aessp (<a href=\"https:\/\/wp.unil.ch\/aessp\/nos-activites\/amphitryon\/\">Amphitryon<\/a>). Que tu sois \u00e9crivain\u00b7e confirm\u00e9\u00b7e ou novice, les membres sont super sympas et aiment discuter \u00e0 propos de tous sujets que tu souhaiteras explorer.<\/em><\/p>\n\n\n\n<div class=\"wp-block-uagb-team uagb-team__image-position-above uagb-team__align-center uagb-team__stack-tablet uagb-block-8e271751\"><div class=\"uagb-team__content\"><img decoding=\"async\" class=\"uagb-team__image-crop-circle\" src=\"https:\/\/wp.unil.ch\/aessp\/files\/2025\/10\/dscf6495-1.jpg\" alt=\"dscf6495\" height=\"300\" width=\"300\" loading=\"lazy\" \/><h3 class=\"uagb-team__title\">Journalisme<\/h3><span class=\"uagb-team__prefix\">Rebecca Xenakis<\/span><p class=\"uagb-team__desc\"><\/p><\/div><\/div>\n\n\n\n<h2 class=\"wp-block-heading\">Photographie<\/h2>\n\n\n\n<p><em>Passionn\u00e9\u00b7e, aficionado, curieux\u00b7se ou simplement d\u00e9sireux\u00b7se de commencer la photo, ce p\u00f4le est fait pour toi. Comme son nom l&rsquo;indique, tu feras partie d&rsquo;une chouette \u00e9quipe de photographes bienveillant\u00b7e\u00b7s avec qui tu pourras \u00e9changer, partager de bons moments et participer aux diff\u00e9rents \u00e9v\u00e9nements propos\u00e9s par l&rsquo;association et la facult\u00e9.<\/em><\/p>\n\n\n\n<div class=\"wp-block-uagb-team uagb-team__image-position-above uagb-team__align-center uagb-team__stack-tablet uagb-block-65c86bd8\"><div class=\"uagb-team__content\"><img decoding=\"async\" class=\"uagb-team__image-crop-circle\" src=\"https:\/\/wp.unil.ch\/aessp\/files\/2025\/04\/anahita-hensch-e1743591923706.jpg\" alt=\"anahita hensch\" height=\"300\" width=\"300\" loading=\"lazy\" \/><h3 class=\"uagb-team__title\">Photographie<\/h3><span class=\"uagb-team__prefix\">Anahita Hensch<\/span><p class=\"uagb-team__desc\"><\/p><\/div><\/div>\n\n\n\n<h2 class=\"wp-block-heading\">Graphisme<\/h2>\n\n\n\n<p><em>Tu aimes cr\u00e9er, dessiner et tu souhaites mettre ton imagination au service d&rsquo;un \u00e9v\u00e9nement ? Alors rejoins le p\u00f4le graphisme pour \u00e9panouir ta cr\u00e9ativit\u00e9 ! Pas besoin d&rsquo;\u00eatre expert\u00b7e en Photoshop, ce p\u00f4le bienveillant saura t&rsquo;aider et te conseiller pour am\u00e9liorer tes comp\u00e9tences.<\/em><\/p>\n\n\n\n<div class=\"wp-block-uagb-team uagb-team__image-position-above uagb-team__align-center uagb-team__stack-tablet uagb-block-d7dc007b\"><div class=\"uagb-team__content\"><img decoding=\"async\" class=\"uagb-team__image-crop-circle\" src=\"https:\/\/wp.unil.ch\/aessp\/files\/2024\/10\/IMG_1645-e1730297052298.jpg\" alt=\"\" height=\"300\" width=\"300\" loading=\"lazy\" \/><h3 class=\"uagb-team__title\">Graphisme<\/h3><span class=\"uagb-team__prefix\">Noa Lachheb<\/span><p class=\"uagb-team__desc\"><\/p><\/div><\/div>\n\n\n\n<h2 class=\"wp-block-heading\">Administration web<\/h2>\n\n\n\n<p><em>Le ou la ma\u00eetre\u00b7sse de ce site. On y g\u00e8re le visuel et la transmission des infos de l&rsquo;Aessp en organisant et en structurant les pages web.<\/em><\/p>\n\n\n\n<div class=\"wp-block-uagb-team uagb-team__image-position-above uagb-team__align-center uagb-team__stack-tablet uagb-block-f4bd64cb\"><div class=\"uagb-team__content\"><img decoding=\"async\" class=\"uagb-team__image-crop-circle\" src=\"https:\/\/wp.unil.ch\/aessp\/files\/2022\/03\/neutre.png\" alt=\"\" height=\"300\" width=\"300\" loading=\"lazy\" \/><h3 class=\"uagb-team__title\">Administration Web<\/h3><span class=\"uagb-team__prefix\">Anahita Hensch<\/span><p class=\"uagb-team__desc\"><\/p><\/div><\/div>\n\n\n\n<h2 class=\"wp-block-heading\">R\u00e9seaux Sociaux<\/h2>\n\n\n\n<p><em>Aimable, texteur\u00b7se, connect\u00e9\u00b7e, un poil influenceur\u00b7se. Voil\u00e0 comment le mieux d\u00e9crire les qualit\u00e9s de la personne qui va g\u00e9rer ce p\u00f4le. Ce sera d&rsquo;ailleurs s\u00fbrement \u00e0 elle que tu auras affaire sur Instagram ou Facebook donc n&rsquo;h\u00e9sites pas \u00e0 lui poser directement tes questions.<\/em><\/p>\n\n\n\n<div class=\"wp-block-uagb-team uagb-team__image-position-above uagb-team__align-center uagb-team__stack-tablet uagb-block-719bd646\"><div class=\"uagb-team__content\"><img decoding=\"async\" class=\"uagb-team__image-crop-circle\" src=\"https:\/\/wp.unil.ch\/aessp\/files\/2025\/09\/dscf6086_cropped.jpg\" alt=\"nina\" height=\"300\" width=\"300\" loading=\"lazy\" \/><h3 class=\"uagb-team__title\">R\u00e9seaux sociaux<\/h3><span class=\"uagb-team__prefix\">Nina Muster<\/span><p class=\"uagb-team__desc\"><\/p><\/div><\/div>\n","protected":false},"excerpt":{"rendered":"<p>Journalisme Cr\u00e9ativit\u00e9, libert\u00e9, engagement, d\u00e9couverte. Si ces th\u00e8mes te parlent alors n&rsquo;h\u00e9sites pas : rejoins l&rsquo;\u00e9quipe du journal de l&rsquo;aessp (Amphitryon). Que tu sois \u00e9crivain\u00b7e confirm\u00e9\u00b7e ou novice, les membres sont super sympas et aiment discuter \u00e0 propos de tous sujets que tu souhaiteras explorer. Photographie Passionn\u00e9\u00b7e, aficionado, curieux\u00b7se ou simplement d\u00e9sireux\u00b7se de commencer la [&hellip;]<\/p>\n","protected":false},"author":1002408,"featured_media":0,"parent":0,"menu_order":0,"comment_status":"closed","ping_status":"closed","template":"","meta":{"_seopress_robots_primary_cat":"","_seopress_titles_title":"","_seopress_titles_desc":"","_seopress_robots_index":"","_seopress_analysis_target_kw":"","_uag_custom_page_level_css":"","footnotes":""},"class_list":["post-6382","page","type-page","status-publish"],"uagb_featured_image_src":{"full":false,"thumbnail":false,"medium":false,"medium_large":false,"large":false,"1536x1536":false,"2048x2048":false,"mailpoet_newsletter_max":false},"uagb_author_info":{"display_name":"Lo\u00efc Fanichet","author_link":"https:\/\/wp.unil.ch\/aessp\/author\/lfaniche\/"},"uagb_comment_info":0,"uagb_excerpt":"Journalisme Cr\u00e9ativit\u00e9, libert\u00e9, engagement, d\u00e9couverte. Si ces th\u00e8mes te parlent alors n&rsquo;h\u00e9sites pas : rejoins l&rsquo;\u00e9quipe du journal de l&rsquo;aessp (Amphitryon). Que tu sois \u00e9crivain\u00b7e confirm\u00e9\u00b7e ou novice, les membres sont super sympas et aiment discuter \u00e0 propos de tous sujets que tu souhaiteras explorer. Photographie Passionn\u00e9\u00b7e, aficionado, curieux\u00b7se ou simplement d\u00e9sireux\u00b7se de commencer la&hellip;","_links":{"self":[{"href":"https:\/\/wp.unil.ch\/aessp\/wp-json\/wp\/v2\/pages\/6382","targetHints":{"allow":["GET"]}}],"collection":[{"href":"https:\/\/wp.unil.ch\/aessp\/wp-json\/wp\/v2\/pages"}],"about":[{"href":"https:\/\/wp.unil.ch\/aessp\/wp-json\/wp\/v2\/types\/page"}],"author":[{"embeddable":true,"href":"https:\/\/wp.unil.ch\/aessp\/wp-json\/wp\/v2\/users\/1002408"}],"replies":[{"embeddable":true,"href":"https:\/\/wp.unil.ch\/aessp\/wp-json\/wp\/v2\/comments?post=6382"}],"version-history":[{"count":2,"href":"https:\/\/wp.unil.ch\/aessp\/wp-json\/wp\/v2\/pages\/6382\/revisions"}],"predecessor-version":[{"id":7621,"href":"https:\/\/wp.unil.ch\/aessp\/wp-json\/wp\/v2\/pages\/6382\/revisions\/7621"}],"wp:attachment":[{"href":"https:\/\/wp.unil.ch\/aessp\/wp-json\/wp\/v2\/media?parent=6382"}],"curies":[{"name":"wp","href":"https:\/\/api.w.org\/{rel}","templated":true}]}}