{"id":6375,"date":"2023-09-01T12:56:53","date_gmt":"2023-09-01T10:56:53","guid":{"rendered":"https:\/\/wp.unil.ch\/aessp\/?page_id=6375"},"modified":"2025-02-25T17:31:31","modified_gmt":"2025-02-25T16:31:31","slug":"departement-interne","status":"publish","type":"page","link":"https:\/\/wp.unil.ch\/aessp\/departement-interne\/","title":{"rendered":"D\u00e9partement Interne"},"content":{"rendered":"\n<h2 class=\"wp-block-heading\">Secr\u00e9tariat G\u00e9n\u00e9ral<\/h2>\n\n\n\n<p><em>La force de frappe administrative. Aide la pr\u00e9sidence dans toute l&rsquo;organisation et s&rsquo;occupe de g\u00e9rer l&rsquo;administration g\u00e9n\u00e9rale de l&rsquo;association<\/em>.<\/p>\n\n\n\n<div class=\"wp-block-uagb-team uagb-team__image-position-above uagb-team__align-center uagb-team__stack-tablet uagb-block-f4ded4f3\"><div class=\"uagb-team__content\"><img decoding=\"async\" class=\"uagb-team__image-crop-circle\" src=\"https:\/\/wp.unil.ch\/aessp\/files\/2025\/04\/fanny-blanc-e1743591686757.jpg\" alt=\"fanny blanc\" height=\"300\" width=\"300\" loading=\"lazy\" \/><h3 class=\"uagb-team__title\">Secr\u00e9tariat g\u00e9n\u00e9ral<\/h3><span class=\"uagb-team__prefix\">Fanny Blanc<\/span><p class=\"uagb-team__desc\"><\/p><\/div><\/div>\n\n\n\n<h2 class=\"wp-block-heading\">Ressources Humaines<\/h2>\n\n\n\n<div class=\"wp-block-group has-global-padding is-layout-constrained wp-block-group-is-layout-constrained\">\n<p><em>Une question ? Un soucis ? Une requ\u00eate ? Une suggestion ?<\/em> <\/p>\n\n\n\n<p><em>Le p\u00f4le est l\u00e0 pour faire en sorte que tout se passe bien entre les membres, qu&rsquo;il y en ait et que les rouages de l&rsquo;association soient bien huil\u00e9s. Ce sont aussi les gens auxquels tu pourras t&rsquo;adresser pour te pr\u00e9senter et t&rsquo;aiguiller dans l&rsquo;association. <\/em><\/p>\n<\/div>\n\n\n\n<div class=\"wp-block-uagb-team uagb-team__image-position-above uagb-team__align-center uagb-team__stack-tablet uagb-block-b88af365\"><div class=\"uagb-team__content\"><img decoding=\"async\" class=\"uagb-team__image-crop-circle\" src=\"https:\/\/wp.unil.ch\/aessp\/files\/2025\/10\/dscf6488-1.jpg\" alt=\"dscf6488\" height=\"300\" width=\"300\" loading=\"lazy\" \/><h3 class=\"uagb-team__title\">Ressources humaines<\/h3><span class=\"uagb-team__prefix\">Laurissa Blanc &amp; C\u00e9line Rosat<\/span><p class=\"uagb-team__desc\"><\/p><\/div><\/div>\n\n\n\n<h2 class=\"wp-block-heading\">Tr\u00e9sorerie<\/h2>\n\n\n\n<p><em>Money, Money, Money !  G\u00e9rer la thune et les budgets pour permettre aux projets de se concr\u00e9tiser.<\/em><\/p>\n\n\n\n<div class=\"wp-block-uagb-team uagb-team__image-position-above uagb-team__align-center uagb-team__stack-tablet uagb-block-ffdc1f1a\"><div class=\"uagb-team__content\"><img decoding=\"async\" class=\"uagb-team__image-crop-circle\" src=\"https:\/\/wp.unil.ch\/aessp\/files\/2022\/03\/neutre.png\" alt=\"\" height=\"300\" width=\"300\" loading=\"lazy\" \/><h3 class=\"uagb-team__title\">Tr\u00e9sorerie<\/h3><span class=\"uagb-team__prefix\">Daniela Almeida Santos<\/span><p class=\"uagb-team__desc\"><\/p><\/div><\/div>\n\n\n\n<h2 class=\"wp-block-heading\">Sponsoring<\/h2>\n\n\n\n<p><em>Soir\u00e9e dans un bar, bon 2 pizzas pour le prix d&rsquo;une, <\/em>mat\u00e9<em>&#8230; Trouver des bons plans \u00e0 offrir aux \u00e9tudiants, obtenir des prix trop cools pour les \u00e9v\u00e9nements, voil\u00e0 les missions du p\u00f4le. \u00c7a charbonne pour trouver des partenaires ext\u00e9rieurs sympas et pour que tout le monde y trouve son compte !<\/em><\/p>\n\n\n\n<div class=\"wp-block-uagb-team uagb-team__image-position-above uagb-team__align-center uagb-team__stack-tablet uagb-block-5717a296\"><div class=\"uagb-team__content\"><img decoding=\"async\" class=\"uagb-team__image-crop-circle\" src=\"https:\/\/wp.unil.ch\/aessp\/files\/2022\/03\/neutre.png\" alt=\"\" height=\"300\" width=\"300\" loading=\"lazy\" \/><h3 class=\"uagb-team__title\">Sponsoring<\/h3><span class=\"uagb-team__prefix\">C\u00e9lia Dizerens<\/span><p class=\"uagb-team__desc\"><\/p><\/div><\/div>\n","protected":false},"excerpt":{"rendered":"<p>Secr\u00e9tariat G\u00e9n\u00e9ral La force de frappe administrative. Aide la pr\u00e9sidence dans toute l&rsquo;organisation et s&rsquo;occupe de g\u00e9rer l&rsquo;administration g\u00e9n\u00e9rale de l&rsquo;association. Ressources Humaines Une question ? Un soucis ? Une requ\u00eate ? Une suggestion ? Le p\u00f4le est l\u00e0 pour faire en sorte que tout se passe bien entre les membres, qu&rsquo;il y en ait [&hellip;]<\/p>\n","protected":false},"author":1002408,"featured_media":0,"parent":0,"menu_order":0,"comment_status":"closed","ping_status":"closed","template":"","meta":{"_seopress_robots_primary_cat":"","_seopress_titles_title":"","_seopress_titles_desc":"","_seopress_robots_index":"","_uag_custom_page_level_css":"","footnotes":""},"class_list":["post-6375","page","type-page","status-publish"],"uagb_featured_image_src":{"full":false,"thumbnail":false,"medium":false,"medium_large":false,"large":false,"1536x1536":false,"2048x2048":false,"mailpoet_newsletter_max":false},"uagb_author_info":{"display_name":"Lo\u00efc Fanichet","author_link":"https:\/\/wp.unil.ch\/aessp\/author\/lfaniche\/"},"uagb_comment_info":0,"uagb_excerpt":"Secr\u00e9tariat G\u00e9n\u00e9ral La force de frappe administrative. Aide la pr\u00e9sidence dans toute l&rsquo;organisation et s&rsquo;occupe de g\u00e9rer l&rsquo;administration g\u00e9n\u00e9rale de l&rsquo;association. Ressources Humaines Une question ? Un soucis ? Une requ\u00eate ? Une suggestion ? Le p\u00f4le est l\u00e0 pour faire en sorte que tout se passe bien entre les membres, qu&rsquo;il y en ait&hellip;","_links":{"self":[{"href":"https:\/\/wp.unil.ch\/aessp\/wp-json\/wp\/v2\/pages\/6375","targetHints":{"allow":["GET"]}}],"collection":[{"href":"https:\/\/wp.unil.ch\/aessp\/wp-json\/wp\/v2\/pages"}],"about":[{"href":"https:\/\/wp.unil.ch\/aessp\/wp-json\/wp\/v2\/types\/page"}],"author":[{"embeddable":true,"href":"https:\/\/wp.unil.ch\/aessp\/wp-json\/wp\/v2\/users\/1002408"}],"replies":[{"embeddable":true,"href":"https:\/\/wp.unil.ch\/aessp\/wp-json\/wp\/v2\/comments?post=6375"}],"version-history":[{"count":3,"href":"https:\/\/wp.unil.ch\/aessp\/wp-json\/wp\/v2\/pages\/6375\/revisions"}],"predecessor-version":[{"id":7594,"href":"https:\/\/wp.unil.ch\/aessp\/wp-json\/wp\/v2\/pages\/6375\/revisions\/7594"}],"wp:attachment":[{"href":"https:\/\/wp.unil.ch\/aessp\/wp-json\/wp\/v2\/media?parent=6375"}],"curies":[{"name":"wp","href":"https:\/\/api.w.org\/{rel}","templated":true}]}}