{"id":237,"date":"2011-01-26T16:06:47","date_gmt":"2011-01-26T15:06:47","guid":{"rendered":"http:\/\/wp.unil.ch\/aessp\/"},"modified":"2017-02-06T14:43:43","modified_gmt":"2017-02-06T13:43:43","slug":"trouver-les-salles","status":"publish","type":"page","link":"https:\/\/wp.unil.ch\/aessp\/infos-pratiques\/trouver-les-salles\/","title":{"rendered":"Trouver les salles"},"content":{"rendered":"<p>Sur\u00a0<a href=\"https:\/\/planete.unil.ch\/\" target=\"_blank\">https:\/\/planete.unil.ch\/<\/a>, tu peux partir du principe que dans n&rsquo;importe quel b\u00e2timent de l&rsquo;UNIL, <strong>le premier chiffre <\/strong>du num\u00e9ro de salle indique <strong>l&rsquo;\u00e9tage<\/strong> o\u00f9 se situe cette derni\u00e8re.<\/p>\n<p>Par exemple, \u00e0 l&rsquo;Anthropole, l&rsquo;auditoire 1031 se situe au premier \u00e9tage et la salle 5091, au cinqui\u00e8me.<\/p>\n<p>Une fois que tu as trouv\u00e9 le bon \u00e9tage, il te reste \u00e0 trouver l&#8217;emplacement exact de la salle. L\u00e0 encore, les b\u00e2timents de l&rsquo;UNIL, suivent tous une m\u00eame logique qui veut que <strong>les num\u00e9ros de salle \u00e9voluent crescendo ou decrescendo selon le c\u00f4t\u00e9 du b\u00e2timent o\u00f9 tu es entr\u00e9<\/strong>. N&rsquo;oublie pas de<strong> lever les yeux au ciel<\/strong> de temps en temps, car des panneaux de signalisation existent et sont surtout dispos\u00e9s dans le b\u00e2timent Anthropole.<\/p>\n<p><a title=\"Plan interactif UNIL\" href=\"https:\/\/planete.unil.ch\/plan\" target=\"_blank\">Plan interactif unil<\/a><\/p>\n<p style=\"text-align: justify\">\n","protected":false},"excerpt":{"rendered":"<p>Sur\u00a0https:\/\/planete.unil.ch\/, tu peux partir du principe que dans n&rsquo;importe quel b\u00e2timent de l&rsquo;UNIL, le premier chiffre du num\u00e9ro de salle indique l&rsquo;\u00e9tage o\u00f9 se situe cette derni\u00e8re. Par exemple, \u00e0 l&rsquo;Anthropole, l&rsquo;auditoire 1031 se situe au premier \u00e9tage et la salle 5091, au cinqui\u00e8me. Une fois que tu as trouv\u00e9 le bon \u00e9tage, il te [&hellip;]<\/p>\n","protected":false},"author":1001277,"featured_media":0,"parent":235,"menu_order":0,"comment_status":"closed","ping_status":"closed","template":"","meta":{"_seopress_robots_primary_cat":"","_seopress_titles_title":"","_seopress_titles_desc":"","_seopress_robots_index":"","_uag_custom_page_level_css":"","footnotes":""},"class_list":["post-237","page","type-page","status-publish"],"uagb_featured_image_src":{"full":false,"thumbnail":false,"medium":false,"medium_large":false,"large":false,"1536x1536":false,"2048x2048":false,"mailpoet_newsletter_max":false},"uagb_author_info":{"display_name":"","author_link":"https:\/\/wp.unil.ch\/aessp\/author\/"},"uagb_comment_info":0,"uagb_excerpt":"Sur\u00a0https:\/\/planete.unil.ch\/, tu peux partir du principe que dans n&rsquo;importe quel b\u00e2timent de l&rsquo;UNIL, le premier chiffre du num\u00e9ro de salle indique l&rsquo;\u00e9tage o\u00f9 se situe cette derni\u00e8re. Par exemple, \u00e0 l&rsquo;Anthropole, l&rsquo;auditoire 1031 se situe au premier \u00e9tage et la salle 5091, au cinqui\u00e8me. Une fois que tu as trouv\u00e9 le bon \u00e9tage, il te&hellip;","_links":{"self":[{"href":"https:\/\/wp.unil.ch\/aessp\/wp-json\/wp\/v2\/pages\/237","targetHints":{"allow":["GET"]}}],"collection":[{"href":"https:\/\/wp.unil.ch\/aessp\/wp-json\/wp\/v2\/pages"}],"about":[{"href":"https:\/\/wp.unil.ch\/aessp\/wp-json\/wp\/v2\/types\/page"}],"author":[{"embeddable":true,"href":"https:\/\/wp.unil.ch\/aessp\/wp-json\/wp\/v2\/users\/1001277"}],"replies":[{"embeddable":true,"href":"https:\/\/wp.unil.ch\/aessp\/wp-json\/wp\/v2\/comments?post=237"}],"version-history":[{"count":0,"href":"https:\/\/wp.unil.ch\/aessp\/wp-json\/wp\/v2\/pages\/237\/revisions"}],"up":[{"embeddable":true,"href":"https:\/\/wp.unil.ch\/aessp\/wp-json\/wp\/v2\/pages\/235"}],"wp:attachment":[{"href":"https:\/\/wp.unil.ch\/aessp\/wp-json\/wp\/v2\/media?parent=237"}],"curies":[{"name":"wp","href":"https:\/\/api.w.org\/{rel}","templated":true}]}}