{"id":3561,"date":"2022-10-15T11:19:49","date_gmt":"2022-10-15T09:19:49","guid":{"rendered":"https:\/\/wp.unil.ch\/aesc\/?page_id=3561"},"modified":"2024-11-13T14:44:07","modified_gmt":"2024-11-13T13:44:07","slug":"2022-2023","status":"publish","type":"page","link":"https:\/\/wp.unil.ch\/aesc\/structure\/membres\/2022-2023\/","title":{"rendered":"2022-2023"},"content":{"rendered":"\n<h3 class=\"wp-block-heading\"><strong>Bureau<\/strong><\/h3>\n\n\n\n<figure class=\"wp-block-table\"><table><tbody><tr><td><strong>Co-Pr\u00e9sidents<\/strong><\/td><td><em>Audrey Schrenzel &amp; Manon Chabert (MSc Sciences Forensiques)<\/em><\/td><\/tr><tr><td><strong>Tr\u00e9sorier<\/strong><\/td><td><em>Hala Mahmoud (MSc Sciences Forensiques)<\/em><\/td><\/tr><tr><td><strong>Secr\u00e9taire<\/strong><\/td><td><em>Thomas Tilborg (MSc Sciences Forensiques)<\/em><\/td><\/tr><tr><td><strong>Charg\u00e9 de communication&nbsp;<\/strong><\/td><td><em>Magali Klein (MSc Sciences Forensiques)<\/em><\/td><\/tr><tr><td><strong>V\u00e9rificateur des comptes<\/strong><\/td><td>Chiara Deslex (<em>&nbsp;BSc Sciences Forensiques&nbsp;) &nbsp; &nbsp; &nbsp;<\/em><\/td><\/tr><\/tbody><\/table><\/figure>\n\n\n\n<h3 class=\"wp-block-heading\"><strong>Commission culturelle<\/strong><\/h3>\n\n\n\n<figure class=\"wp-block-table\"><table><tbody><tr><td><strong>Co-responsables de commission<\/strong><\/td><td>Arthur Greiner &amp; In\u00e8s Labidi<em>&nbsp; (MSc Sciences Forensiques)<\/em><\/td><\/tr><tr><td><strong>Responsables adjoints<\/strong><\/td><td>Rapha\u00ebl Dromelet (&nbsp;<em>MSc Sciences Forensiques<\/em>&nbsp;), Chiara Deslex<br>(&nbsp;<em>BSc Sciences Forensiques<\/em>&nbsp;), Boris Gon\u00e7alves (&nbsp;<em>BSc Sciences Forensiques<\/em>&nbsp;) &amp;&nbsp;<em>Anastasia Selivanova<\/em>&nbsp;(&nbsp;<em>MSc Sciences Forensiques<\/em>&nbsp;)<\/td><\/tr><\/tbody><\/table><\/figure>\n\n\n\n<h4 class=\"wp-block-heading\">&nbsp;<strong>Membres<\/strong><\/h4>\n\n\n\n<p>Alija Blerta<br>Altenried Crystel<br>Balestra Th\u00e9a<br>Barbey Guillaume<br>Barill\u00e8re Ga\u00eblle<br>Baromes Alexandra<br>Bau Th\u00e9o<br>Benassi Victoria<br>Berger Cl\u00e9o<br>Berset Maxime<br>Bilger Val\u00e9rie<br>Bilotta Elisabetta<br>Bivas Sol\u00e8ne<br>Borel Morgane<br>Br\u00f6nnimann Jan<br>Bruel Emma<br>Cabellan Marine<br>Cabral Clara<br>Chaine Sandrine<br>Chocart Lisa<br>Chollet Hortense<br>Coron Augustin<br>Curti Flavie<br>Da Silva Amorim Da Rocha Vanessa<br>Denigot Anais<br>Desbiolles Antoine<br>Deslex Chiara<br>Donnet-Monay Marion<br>Dousse Cassandra<br>Dromelet Rapha\u00ebl<br>Drouard Hugo<br>Droz Louis-Xavier<br>Durand Gabriella<br>Egli Chantal<br>Emhoff Olivier<br>Erne Robin<br>Ernst Amandine<br>Fischer Manon<br>Fr\u00fch Dania<br>Furrer Scott<br>Gautheret Margaux<br>Gianella Olivier<br>Gon\u00e7alves Boris<br>Greiner Arthur<br>Grossenbacher Yasmina<br>Harb Sarah<br>Helmers Emma<br>Hut Helena<br>Jimenez Javier<br>Kadouri Nitzan<br>Kernen Marius<br>Labidi In\u00e8s<br>Lambert Penelope<br>Lamoureux Cl\u00e9ment<br>Le Goff Aimy<br>Luder Aurore<br>Mabru Manon<br>Martzloff Geoffrey<br>Masson Apolline<br>Matray Kieran<br>Medici Giulia<br>Mesdouze Ta\u00efna<br>Meylan Beno\u00eet<br>Moftakhari Nathan<br>Moneta Edoardo<br>M\u00fctzenberg Julien<br>Nguyen Tony Thai<br>Nicole Alexandre<br>Pageot Ethan<br>Pasche Timoth\u00e9e<br>Pruvost Hermine<br>Rindlisbacher Morgan<br>Ringier Valentina<br>Roes Siena<br>Rondeau Louise<br>Sadiku Loreta<br>Savoie Poitras Gabriel<br>Schmitt Camille<br>Selivanova Anastasia<br>Solioz Ma\u00eblle<br>Tavares Catarina<br>Tchuente Mvondo Agrippine<br>Terranova Tess<br>Thamaraichelvan Jathavan<br>Tiberghien Ambre<br>Trinquet Megane<br>Urfer Elise<br>Vaccaro Loris<br>Vende Arnell Quentin<br>Vicente Daniel<br>Vuillemier Romain<br>Werder Marion<br>Whittaker James<br>Woittequand Elisa<\/p>\n\n\n\n<h3 class=\"wp-block-heading\"><strong>Commission des f\u00eates<\/strong><\/h3>\n\n\n\n<figure class=\"wp-block-table\"><table><tbody><tr><td><strong>Responsable de commission<\/strong><\/td><td><em>L\u00e9a Allione&nbsp; (MSc Sciences Forensiques)<\/em><\/td><\/tr><tr><td><strong>Responsable adjoint<\/strong><\/td><td>Jade Chevalley&nbsp;<em>(MSc Sciences Forensiques)<\/em>&nbsp;&amp;&nbsp;<em>Louis Nef (BSc Sciences Forensiques)<\/em><\/td><\/tr><\/tbody><\/table><\/figure>\n\n\n\n<h4 class=\"wp-block-heading\"><strong>Membres<\/strong><\/h4>\n\n\n\n<p>Acevedo Ines<br>Airault Lilou<br>Alija Blerta<br>Allione Lea<br>Altenried Crystel<br>Amoussou-Moderan Honorine<br>Azema Capucine<br>Balestra Th\u00e9a<br>Barbey Guillaume<br>Barill\u00e8re Ga\u00eblle<br>Baromes Alexandra<br>Bau Th\u00e9o<br>Berger Cl\u00e9o<br>Berset Maxime<br>Bivas Sol\u00e8ne<br>Bolzan Noemie<br>Bonvin Joanne<br>Br\u00f6nnimann Jan<br>Bruel Emma<br>Buret Manon<br>Cabellan Marine<br>Cabral Clara<br>Cauchy Camille<br>Chaille Nell<br>Chaine Sandrine<br>Challandes Dounia<br>Chocart Lisa<br>Chollet Hortense<br>Coron Augustin<br>Curti Flavie<br>Da Silva Amorim Da Rocha Vanessa<br>Debrun Mathilde<br>Denigot Anais<br>Desailly Chlo\u00e9<br>Desbiolles Antoine<br>Deslex Chiara<br>Dousse Cassandra<br>Drouard Hugo<br>Droz Louis-Xavier<br>Durand Gabriella<br>Egli Chantal<br>Emhoff Olivier<br>Erne Robin<br>Ernst Amandine<br>Evard Zo\u00e9<br>Fernandez Solene<br>Fischer Julia<br>Fischer Manon<br>Frabboni Thibaut<br>Froidevaux Aloys<br>Fr\u00fch Dania<br>Furrer Scott<br>Gabella Carena Olivia<br>Gascard Elise<br>Gavillet Thibault<br>Gianella Olivier<br>Gomes Alexandre<br>Goux L\u00e9a<br>Grossenbacher Yasmina<br>Harb Sarah<br>Helmers Emma<br>Herment Fanny<br>Hut Helena<br>Jimenez Javier<br>Kenklies Th\u00e9o<br>Knubel Sarah<br>Labidi In\u00e8s<br>Lacour Sarah<br>Lambert Penelope<br>Lamoureux Cl\u00e9ment<br>Le Goff Aimy<br>Lopes Fernandes Kevin<br>Luder Aurore<br>Ludi Kyrian<br>Lusier Jessy<br>Maillard Audrey<br>Martzloff Geoffrey<br>Masson Apolline<br>Matray Kieran<br>Mesdouze Ta\u00efna<br>Misso Elise<br>Moftakhari Nathan<br>Moneta Edoardo<br>Moser No\u00e9<br>M\u00fctzenberg Julien<br>Nef Louis<br>Nguyen Tony Thai<br>Nicole Alexandre<br>Pahud Simon<br>Pasche Timoth\u00e9e<br>Pinton In\u00e8s<br>Pruvost Hermine<br>Renard Elise<br>Rindlisbacher Morgan<br>Ringier Valentina<br>Robert Lorine<br>Roes Siena<br>Rondeau Louise<br>Sadiku Loreta<br>Sammon Lillie<br>Savoie Poitras Gabriel<br>Schilliger Simone<br>Schmitt Camille<br>Servida Francesco<br>Sieber Fabrice<br>Solioz Ma\u00eblle<br>Tavares Catarina<br>Tchuente Mvondo Agrippine<br>Terranova Tess<br>Thamaraichelvan Jathavan<br>Trinquet Megane<br>Urfer Elise<br>Urionag\u00fcena Szerman Daphn\u00e9<br>Vaccaro Loris<br>Vende Arnell Quentin<br>Vicente Daniel<br>Werder Marion<br>Whittaker James<br>Woittequand Elisa<\/p>\n\n\n\n<h3 class=\"wp-block-heading\">Autres postes<\/h3>\n\n\n\n<p><em>Repr\u00e9sentant&nbsp;FAE&nbsp;:<\/em>&nbsp;Chiara Deslex<\/p>\n\n\n\n<p><em>Photographes :<\/em>&nbsp;Curti Flavie, Droz Louis-Xavier, Labidi In\u00e8s &amp; Pruvost Hermine<\/p>\n\n\n\n<p><em>Graphistes :<\/em>&nbsp;Greiner Arthur, Pinton In\u00e8s &amp; Selivanova Anastasia<\/p>\n\n\n\n<p><em>Commission des examens et des recours :<\/em>&nbsp;Tilborg Thomas<\/p>\n\n\n\n<p>Conseil de l\u2019ESC suppl\u00e9ant : Chiara Deslex<\/p>\n\n\n\n<p><em>Conseil de Facult\u00e9 :<\/em>&nbsp;S\u00e9bastien Crot, In\u00e8s Labidi &amp; Marco Roux<\/p>\n\n\n\n<p><em>Conseil de l\u2019Universit\u00e9 :<\/em>&nbsp;Meier Nehla<\/p>\n\n\n\n<h3 class=\"wp-block-heading\">Membres d\u2019Honneur<\/h3>\n\n\n\n<p>Damien Rhumorbarbe (depuis le 25\/09\/2017) Timothy Boll\u00e9 (depuis le 25\/09\/2017)<\/p>\n","protected":false},"excerpt":{"rendered":"<p>Bureau Co-Pr\u00e9sidents Audrey Schrenzel &amp; Manon Chabert (MSc Sciences Forensiques) Tr\u00e9sorier Hala Mahmoud (MSc Sciences Forensiques) Secr\u00e9taire Thomas Tilborg (MSc Sciences Forensiques) Charg\u00e9 de communication&nbsp; Magali Klein (MSc Sciences Forensiques) V\u00e9rificateur des comptes Chiara Deslex (&nbsp;BSc Sciences Forensiques&nbsp;) &nbsp; &nbsp; &nbsp; Commission culturelle Co-responsables de commission Arthur Greiner &amp; In\u00e8s Labidi&nbsp; (MSc Sciences Forensiques) Responsables &hellip; <\/p>\n<p class=\"link-more\"><a href=\"https:\/\/wp.unil.ch\/aesc\/structure\/membres\/2022-2023\/\" class=\"more-link\">Continuer la lecture<span class=\"screen-reader-text\"> de &laquo;&nbsp;2022-2023&nbsp;&raquo;<\/span><\/a><\/p>\n","protected":false},"author":1002173,"featured_media":0,"parent":21,"menu_order":0,"comment_status":"closed","ping_status":"closed","template":"","meta":{"_seopress_robots_primary_cat":"","_seopress_titles_title":"","_seopress_titles_desc":"","_seopress_robots_index":"","footnotes":""},"class_list":["post-3561","page","type-page","status-publish"],"_links":{"self":[{"href":"https:\/\/wp.unil.ch\/aesc\/wp-json\/wp\/v2\/pages\/3561","targetHints":{"allow":["GET"]}}],"collection":[{"href":"https:\/\/wp.unil.ch\/aesc\/wp-json\/wp\/v2\/pages"}],"about":[{"href":"https:\/\/wp.unil.ch\/aesc\/wp-json\/wp\/v2\/types\/page"}],"author":[{"embeddable":true,"href":"https:\/\/wp.unil.ch\/aesc\/wp-json\/wp\/v2\/users\/1002173"}],"replies":[{"embeddable":true,"href":"https:\/\/wp.unil.ch\/aesc\/wp-json\/wp\/v2\/comments?post=3561"}],"version-history":[{"count":1,"href":"https:\/\/wp.unil.ch\/aesc\/wp-json\/wp\/v2\/pages\/3561\/revisions"}],"predecessor-version":[{"id":3673,"href":"https:\/\/wp.unil.ch\/aesc\/wp-json\/wp\/v2\/pages\/3561\/revisions\/3673"}],"up":[{"embeddable":true,"href":"https:\/\/wp.unil.ch\/aesc\/wp-json\/wp\/v2\/pages\/21"}],"wp:attachment":[{"href":"https:\/\/wp.unil.ch\/aesc\/wp-json\/wp\/v2\/media?parent=3561"}],"curies":[{"name":"wp","href":"https:\/\/api.w.org\/{rel}","templated":true}]}}