{"id":3226,"date":"2019-09-30T23:11:44","date_gmt":"2019-09-30T21:11:44","guid":{"rendered":"http:\/\/wp.unil.ch\/aesc\/?page_id=3226"},"modified":"2019-12-04T08:36:58","modified_gmt":"2019-12-04T07:36:58","slug":"2019-2020","status":"publish","type":"page","link":"https:\/\/wp.unil.ch\/aesc\/structure\/membres\/2019-2020\/","title":{"rendered":"2019-2020"},"content":{"rendered":"<h3><strong>Bureau<br \/>\n<\/strong><\/h3>\n<table style=\"width: 573px\" border=\"0\" cellspacing=\"2\" cellpadding=\"2\">\n<tbody>\n<tr>\n<td style=\"width: 227px\">\n<h6><strong>Co-Pr\u00e9sidents<\/strong><\/h6>\n<\/td>\n<td style=\"width: 470px\">\n<p><em>D\u00e9borah Francisco (MSc Sciences Forensiques) &amp; Faustine Queloz\u00a0(MSc Sciences Forensiques) &amp;\u00a0<\/em><\/p>\n<p><em>Manon Fischer\u00a0(MSc Sciences Forensiques) <\/em><em>[par int\u00e9rim jusqu&rsquo;en janvier 2020]<\/em><\/td>\n<\/tr>\n<tr>\n<td style=\"width: 227px\">\n<h6><strong>Tr\u00e9sorier<\/strong><\/h6>\n<\/td>\n<td style=\"width: 470px\"><em>Melina Vona (MSc Sciences Forensiques)<br \/>\n<\/em><\/td>\n<\/tr>\n<tr>\n<td style=\"width: 227px\">\n<h6><strong>Secr\u00e9taire<\/strong><\/h6>\n<\/td>\n<td style=\"width: 470px\"><em>L\u00e9ana Fl\u00fcckiger (MSc Sciences Forensiques)<\/em><\/td>\n<\/tr>\n<tr>\n<td style=\"width: 227px\">\n<h6><strong>Charg\u00e9 de communication\u00a0<\/strong><\/h6>\n<\/td>\n<td style=\"width: 470px\"><em>Roxana Gutierrez Rojas <\/em><em>(BSc Sciences Forensiques)<\/em><\/td>\n<\/tr>\n<tr>\n<td style=\"width: 227px\">\n<h6><strong>V\u00e9rificateur des comptes<\/strong><\/h6>\n<\/td>\n<td style=\"width: 470px\"><em>Timothy Boll\u00e9\u00a0<\/em><em>(Membre d&rsquo;honneur)<br \/>\n<\/em><\/td>\n<\/tr>\n<\/tbody>\n<\/table>\n<p>&nbsp;<\/p>\n<table class=\"aligncenter\" style=\"width: 409px;height: 265px\" border=\"1\" cellspacing=\"1\" cellpadding=\"1\" align=\"center\">\n<tbody>\n<tr>\n<td style=\"width: 403px\">\n<p style=\"text-align: center\"><img alt=\"\" loading=\"lazy\" decoding=\"async\" class=\"alignnone size-medium wp-image-3418\" src=\"https:\/\/wp.unil.ch\/aesc\/files\/2019\/11\/MG_2272-300x200.jpg\" alt=\"\" width=\"300\" height=\"200\" srcset=\"https:\/\/wp.unil.ch\/aesc\/files\/2019\/11\/MG_2272-300x200.jpg 300w, https:\/\/wp.unil.ch\/aesc\/files\/2019\/11\/MG_2272-768x512.jpg 768w, https:\/\/wp.unil.ch\/aesc\/files\/2019\/11\/MG_2272-1024x683.jpg 1024w, https:\/\/wp.unil.ch\/aesc\/files\/2019\/11\/MG_2272-330x220.jpg 330w, https:\/\/wp.unil.ch\/aesc\/files\/2019\/11\/MG_2272.jpg 1800w\" sizes=\"auto, (max-width: 300px) 100vw, 300px\" \/><\/p>\n<p style=\"text-align: center\">D\u00e9borah, Roxana, Manon, L\u00e9ana et Melina<\/p>\n<\/td>\n<\/tr>\n<\/tbody>\n<\/table>\n<p>&nbsp;<\/p>\n<p>&nbsp;<\/p>\n<h3><strong>Commission culturelle<\/strong><\/h3>\n<table border=\"0\" cellspacing=\"2\" cellpadding=\"1\">\n<tbody>\n<tr>\n<td>\n<h6><strong>Responsable de commission<\/strong><\/h6>\n<\/td>\n<td><em>\u00a0Kim Zaugg (MSc Sciences Forensiques)<br \/>\n<\/em><\/td>\n<\/tr>\n<tr>\n<td>\n<h6><strong>Responsables adjoints<\/strong><\/h6>\n<\/td>\n<td><em>Audrey Schrenzel (BSc Sciences Forensiques) &amp;<br \/>\n<\/em><em>Axel Steiner (BSc Sciences Forensiques)<\/em><\/td>\n<\/tr>\n<\/tbody>\n<\/table>\n<p>&nbsp;<\/p>\n<table class=\"aligncenter\" style=\"width: 309px;height: 242px\" border=\"1\" cellspacing=\"1\" cellpadding=\"1\" align=\"center\">\n<tbody>\n<tr>\n<td style=\"width: 300px\">\n<p style=\"text-align: center\"><img alt=\"\" loading=\"lazy\" decoding=\"async\" class=\"alignnone size-medium wp-image-3417\" src=\"https:\/\/wp.unil.ch\/aesc\/files\/2019\/11\/MG_2268-300x200.jpg\" alt=\"\" width=\"300\" height=\"200\" srcset=\"https:\/\/wp.unil.ch\/aesc\/files\/2019\/11\/MG_2268-300x200.jpg 300w, https:\/\/wp.unil.ch\/aesc\/files\/2019\/11\/MG_2268-768x512.jpg 768w, https:\/\/wp.unil.ch\/aesc\/files\/2019\/11\/MG_2268-1024x683.jpg 1024w, https:\/\/wp.unil.ch\/aesc\/files\/2019\/11\/MG_2268-330x220.jpg 330w, https:\/\/wp.unil.ch\/aesc\/files\/2019\/11\/MG_2268.jpg 1800w\" sizes=\"auto, (max-width: 300px) 100vw, 300px\" \/>Audrey, Axel et Kim<\/p>\n<\/td>\n<\/tr>\n<\/tbody>\n<\/table>\n<p>&nbsp;<\/p>\n<p>&nbsp;<\/p>\n<h6>\u00a0<strong>MembreS<\/strong><\/h6>\n<ul>\n<li>Alexia Coupez<\/li>\n<li>Anthony Martinez<\/li>\n<li>Antoine Desbiolles<\/li>\n<li>Arthur Greiner<\/li>\n<li>Boris Joncalves<\/li>\n<li>Camille Voirol<\/li>\n<li>C\u00e9lia Creux<\/li>\n<li>Chantal Egli<\/li>\n<li>Cl\u00e9o Berger<\/li>\n<li>Clothilde Strainchamps<\/li>\n<li>Constance Scherrer<\/li>\n<li>Corcoba Jeremy<\/li>\n<li>Corentin Sabaut<\/li>\n<li>D\u00e9borah Bontjer<\/li>\n<li>Elisa CHAMOT<\/li>\n<li>Emilie Monrat<\/li>\n<li>Estelle Lemmon<\/li>\n<li>Frank Ressat<\/li>\n<li>Ga\u00eblle Barth<\/li>\n<li>H\u00e9l\u00e8ne Morenne<\/li>\n<li>In\u00e8s Labidi<\/li>\n<li>In\u00e8s Tascon<\/li>\n<li>Jeanne Schneider<\/li>\n<li>Julien Mutzenberg<\/li>\n<li>K\u00e9vin Buffaz<\/li>\n<li>Kilian Hoffmeyer<\/li>\n<li>L\u00e9a Allione<\/li>\n<li>L\u00e9a Allistein<\/li>\n<li>Lizbeth Siri<\/li>\n<li>Lucy Haas<\/li>\n<li>Luisa Morpurgo<\/li>\n<li>Maeva Schneider<\/li>\n<li>Magali Klein<\/li>\n<li>Manon Chabert<\/li>\n<li>Marco Nicastro<\/li>\n<li>Margaux Gauthoret<\/li>\n<li>Marius Kernen<\/li>\n<li>Mathilde Marchant<\/li>\n<li>Natacha Hugot<\/li>\n<li>Nathan Moftakhari<\/li>\n<li>Nathan Ball\u00e8vre<\/li>\n<li>Neila-Amor Leonor<\/li>\n<li>No\u00e9mie Baiche<\/li>\n<li>Oc\u00e9ane Jendly<\/li>\n<li>Olivier Gianella<\/li>\n<li>Orane Goastellec-Losego<\/li>\n<li>Pascal Lavenex<\/li>\n<li>Quentin Dubey<\/li>\n<li>Stephane Jacot<\/li>\n<li>Timothy Boll\u00e9<\/li>\n<li>Tristan Savidant<\/li>\n<li>Vanessa Roth<\/li>\n<li>Z\u00e9lie Grandjacques<\/li>\n<\/ul>\n<p>&nbsp;<\/p>\n<h3>Commission des f\u00eates<\/h3>\n<table border=\"0\" cellspacing=\"2\" cellpadding=\"1\">\n<tbody>\n<tr>\n<td>\n<h6><strong>Responsable de commission<\/strong><\/h6>\n<\/td>\n<td><em>Adeline Sieber (MSc Sciences Forensiques)<\/em><\/td>\n<\/tr>\n<tr>\n<td>\n<h6><strong>Responsable adjoint<br \/>\n<\/strong><\/h6>\n<\/td>\n<td><em>Chlo\u00e9 Sattiva (BSc Sciences Forensiques)<\/em><\/td>\n<\/tr>\n<\/tbody>\n<\/table>\n<p>&nbsp;<\/p>\n<table class=\"aligncenter\" style=\"width: 309px;height: 266px\" border=\"1\" cellspacing=\"1\" cellpadding=\"1\" align=\"center\">\n<tbody>\n<tr>\n<td style=\"width: 300px\"><img alt=\"\" loading=\"lazy\" decoding=\"async\" class=\"alignnone size-medium wp-image-3416\" src=\"https:\/\/wp.unil.ch\/aesc\/files\/2019\/11\/MG_2263-300x200.jpg\" alt=\"\" width=\"300\" height=\"200\" srcset=\"https:\/\/wp.unil.ch\/aesc\/files\/2019\/11\/MG_2263-300x200.jpg 300w, https:\/\/wp.unil.ch\/aesc\/files\/2019\/11\/MG_2263-768x512.jpg 768w, https:\/\/wp.unil.ch\/aesc\/files\/2019\/11\/MG_2263-1024x683.jpg 1024w, https:\/\/wp.unil.ch\/aesc\/files\/2019\/11\/MG_2263-330x220.jpg 330w, https:\/\/wp.unil.ch\/aesc\/files\/2019\/11\/MG_2263.jpg 1800w\" sizes=\"auto, (max-width: 300px) 100vw, 300px\" \/><\/p>\n<p style=\"text-align: center\">Chlo\u00e9 et Adeline<\/p>\n<\/td>\n<\/tr>\n<\/tbody>\n<\/table>\n<h6><\/h6>\n<h4><strong>Membres<\/strong><\/h4>\n<ul>\n<li>Adrian Garcia Pousada<\/li>\n<li>Adrien Rubio<\/li>\n<li>Alexia Coupez<\/li>\n<li>Alexia Schmid<\/li>\n<li>Amandine Gardoni<\/li>\n<li>Am\u00e9lie Roulet<\/li>\n<li>Anthony Martinez<\/li>\n<li>Antoine Desbiolles<\/li>\n<li>Arthur Greiner<\/li>\n<li>Audrey Missri<\/li>\n<li>Beno\u00eet Meylan<\/li>\n<li>Capucine Azema<\/li>\n<li>Caroline von Rhade<\/li>\n<li>C\u00e9lia Creux<\/li>\n<li>C\u00e9line Steiner<\/li>\n<li>Chantal Egli<\/li>\n<li>Charlotte Braconnier<\/li>\n<li>Chiara Deslex<\/li>\n<li>Cindy Mendes<\/li>\n<li>Dania Fr\u00fch<\/li>\n<li>D\u00e9borah Bontjer<\/li>\n<li>Diane Bazin<\/li>\n<li>Edoardo Moneta<\/li>\n<li>Elise Renard<\/li>\n<li>Emanuelle Mary<\/li>\n<li>Emilie Monrat<\/li>\n<li>Emma Demathieu<\/li>\n<li>Estelle Lemmon<\/li>\n<li>Estelle Clivaz<\/li>\n<li>Estelle Lucia<\/li>\n<li>Florian Poirrier<\/li>\n<li>Gaelle Barth<\/li>\n<li>Geoffrey Martzloff<\/li>\n<li>H\u00e9l\u00e8ne Morenne<\/li>\n<li>Illane Jacquet<\/li>\n<li>Ines Labidi<\/li>\n<li>Ines Tascon<\/li>\n<li>Jan Br\u00f6nnimann<\/li>\n<li>Jessy Louisier<\/li>\n<li>Jo\u00eblle Werren<\/li>\n<li>Julia Fischer<\/li>\n<li>K\u00e9vin Buffaz<\/li>\n<li>Kilian Hoffmeyer<\/li>\n<li>Kyle Vaudaux<\/li>\n<li>Laetitia Gaillard<\/li>\n<li>Lauranne Germanier<\/li>\n<li>L\u00e9a Allistein<\/li>\n<li>Lorine Robert<\/li>\n<li>Louise Gautier<\/li>\n<li>Lucas Wurzer<\/li>\n<li>Lucille Capovilla<\/li>\n<li>Lucy Haas<\/li>\n<li>Luisa Morpurgo<\/li>\n<li>Lune-eva Bonnet<\/li>\n<li>Maeva Schneider<\/li>\n<li>Manon Pesme<\/li>\n<li>Manon Chabert<\/li>\n<li>Marco Nicastro<\/li>\n<li>Margot Forterre<\/li>\n<li>Mathilde Marchant<\/li>\n<li>Maxime Roig<\/li>\n<li>Natacha Hugot<\/li>\n<li>Nathan Moftakhari<\/li>\n<li>Nathan Ball\u00e8vre<\/li>\n<li>Neila-Amor Leonor<\/li>\n<li>Nell Chaille<\/li>\n<li>Nina Iven<\/li>\n<li>No\u00e9mie Baiche<\/li>\n<li>Oc\u00e9ane Jendly<\/li>\n<li>Olivia Scheidegger<\/li>\n<li>Olivier Gianella<\/li>\n<li>Orane Goastellec-Losego<\/li>\n<li>Pascal Lavenex<\/li>\n<li>Quentin Schaller<\/li>\n<li>Quentin Dubey<\/li>\n<li>Salita Bellotti<\/li>\n<li>S\u00e9verin Nebili<\/li>\n<li>Simone Schilliger<\/li>\n<li>Th\u00e9o Geny<\/li>\n<li>Timothy Boll\u00e9<\/li>\n<li>Vanessa Roth<\/li>\n<\/ul>\n<h3><\/h3>\n<h3>Autres postes<\/h3>\n<div>\n<div><i>Repr\u00e9sentants<\/i><em>\u00a0FAE\u00a0:<\/em>\u00a0Pascal Lavenex, Cl\u00e9o Berger &amp; Constance Scherrer<\/div>\n<div><em>Photographes :<\/em>\u00a0Charlotte Braconnier,\u00a0Ines Labidi &amp; Anthony Martinez<\/div>\n<div><em>Graphistes :<\/em> Arthur Greiner &amp; Marco Nicastro<\/div>\n<div><em>Commission des examens et des recours :<\/em>\u00a0Manon Fischer<\/div>\n<div><em>Conseil de l&rsquo;ESC :<\/em>\u00a0Manon Fischer, Adeline Sieber &amp; Kim Zaugg<\/div>\n<div><em>Conseil de Facult\u00e9 :<\/em> &#8211;<\/div>\n<div><em>Conseil de l&rsquo;Universit\u00e9 :<\/em>\u00a0&#8211;<\/div>\n<\/div>\n<h3><\/h3>\n<h3>Membres d&rsquo;Honneur<\/h3>\n<div>\n<div>Damien Rhumorbarbe (depuis le 25\/09\/2017)<\/div>\n<div>Timothy Boll\u00e9 (depuis le 25\/09\/2017)<\/div>\n<\/div>\n","protected":false},"excerpt":{"rendered":"<p>Bureau Co-Pr\u00e9sidents D\u00e9borah Francisco (MSc Sciences Forensiques) &amp; Faustine Queloz\u00a0(MSc Sciences Forensiques) &amp;\u00a0 Manon Fischer\u00a0(MSc Sciences Forensiques) [par int\u00e9rim jusqu&rsquo;en janvier 2020] Tr\u00e9sorier Melina Vona (MSc Sciences Forensiques) Secr\u00e9taire L\u00e9ana Fl\u00fcckiger (MSc Sciences Forensiques) Charg\u00e9 de communication\u00a0 Roxana Gutierrez Rojas (BSc Sciences Forensiques) V\u00e9rificateur des comptes Timothy Boll\u00e9\u00a0(Membre d&rsquo;honneur) &nbsp; D\u00e9borah, Roxana, Manon, L\u00e9ana et &hellip; <\/p>\n<p class=\"link-more\"><a href=\"https:\/\/wp.unil.ch\/aesc\/structure\/membres\/2019-2020\/\" class=\"more-link\">Continuer la lecture<span class=\"screen-reader-text\"> de &laquo;&nbsp;2019-2020&nbsp;&raquo;<\/span><\/a><\/p>\n","protected":false},"author":157,"featured_media":0,"parent":21,"menu_order":-1,"comment_status":"closed","ping_status":"closed","template":"","meta":{"_seopress_robots_primary_cat":"","_seopress_titles_title":"","_seopress_titles_desc":"","_seopress_robots_index":"","footnotes":""},"class_list":["post-3226","page","type-page","status-publish"],"_links":{"self":[{"href":"https:\/\/wp.unil.ch\/aesc\/wp-json\/wp\/v2\/pages\/3226","targetHints":{"allow":["GET"]}}],"collection":[{"href":"https:\/\/wp.unil.ch\/aesc\/wp-json\/wp\/v2\/pages"}],"about":[{"href":"https:\/\/wp.unil.ch\/aesc\/wp-json\/wp\/v2\/types\/page"}],"author":[{"embeddable":true,"href":"https:\/\/wp.unil.ch\/aesc\/wp-json\/wp\/v2\/users\/157"}],"replies":[{"embeddable":true,"href":"https:\/\/wp.unil.ch\/aesc\/wp-json\/wp\/v2\/comments?post=3226"}],"version-history":[{"count":0,"href":"https:\/\/wp.unil.ch\/aesc\/wp-json\/wp\/v2\/pages\/3226\/revisions"}],"up":[{"embeddable":true,"href":"https:\/\/wp.unil.ch\/aesc\/wp-json\/wp\/v2\/pages\/21"}],"wp:attachment":[{"href":"https:\/\/wp.unil.ch\/aesc\/wp-json\/wp\/v2\/media?parent=3226"}],"curies":[{"name":"wp","href":"https:\/\/api.w.org\/{rel}","templated":true}]}}