{"id":3204,"date":"2018-10-01T16:27:05","date_gmt":"2018-10-01T14:27:05","guid":{"rendered":"http:\/\/wp.unil.ch\/aesc\/?page_id=3204"},"modified":"2018-10-02T17:08:26","modified_gmt":"2018-10-02T15:08:26","slug":"2018-2019","status":"publish","type":"page","link":"https:\/\/wp.unil.ch\/aesc\/structure\/membres\/2018-2019\/","title":{"rendered":"2018-2019"},"content":{"rendered":"<h3><strong>Bureau<br \/>\n<\/strong><\/h3>\n<table border=\"0\" cellspacing=\"2\" cellpadding=\"2\">\n<tbody>\n<tr>\n<td>\n<h6><strong>Co-Pr\u00e9sidents<\/strong><\/h6>\n<\/td>\n<td><em>Manon Fischer\u00a0<\/em><em>(MSc Sciences Forensiques) &amp;<br \/>\n<\/em><em>D\u00e9borah Francisco (MSc Sciences Forensiques)<\/em><\/td>\n<\/tr>\n<tr>\n<td>\n<h6><strong>Tr\u00e9sorier<\/strong><\/h6>\n<\/td>\n<td><em>Lucy Haas (MSc Sciences Forensiques)<br \/>\n<\/em><\/td>\n<\/tr>\n<tr>\n<td>\n<h6><strong>Secr\u00e9taire<\/strong><\/h6>\n<\/td>\n<td><em>L\u00e9ana Fl\u00fcckiger (MSc Sciences Forensiques)<\/em><\/td>\n<\/tr>\n<tr>\n<td>\n<h6><strong>Charg\u00e9 de communication\u00a0<\/strong><\/h6>\n<\/td>\n<td><em>K\u00e9vin Buffaz\u00a0<\/em><em>(MSc Sciences Forensiques)<\/em><\/td>\n<\/tr>\n<tr>\n<td>\n<h6><strong>V\u00e9rificateurs des comptes<\/strong><\/h6>\n<\/td>\n<td><em>Tim Boll\u00e9\u00a0<\/em><em>(Membre d&rsquo;honneur) &amp;<br \/>\n<\/em><em>Kilian Hoffmeyer (MSc Sciences Forensiques)<\/em><\/td>\n<\/tr>\n<\/tbody>\n<\/table>\n<p>Photos \u00e0 venir<\/p>\n<h3><strong>Commission culturelle<\/strong><\/h3>\n<table border=\"0\" cellspacing=\"2\" cellpadding=\"1\">\n<tbody>\n<tr>\n<td>\n<h6><strong>Responsable de commission<\/strong><\/h6>\n<\/td>\n<td><em>\u00a0Pascal Lavenex (BSc Sciences Forensiques)<br \/>\n<\/em><\/td>\n<\/tr>\n<tr>\n<td>\n<h6><strong>Responsable adjoint<\/strong><\/h6>\n<\/td>\n<td><em>Kim Zaugg (BSc Sciences Forensiques) &amp;<br \/>\n<\/em><em>Roxana Gutierrez Rojas (BSc Sciences Forensiques)<\/em><\/td>\n<\/tr>\n<\/tbody>\n<\/table>\n<table border=\"1\" cellspacing=\"1\" cellpadding=\"1\" align=\"center\">\n<tbody>\n<tr>\n<td>\n<p><img alt=\"\" loading=\"lazy\" decoding=\"async\" class=\"alignleft wp-image-3151 size-thumbnail\" src=\"https:\/\/wp.unil.ch\/aesc\/files\/2018\/03\/IMG_0013-120x120.jpg\" alt=\"\" width=\"120\" height=\"120\" srcset=\"https:\/\/wp.unil.ch\/aesc\/files\/2018\/03\/IMG_0013-120x120.jpg 120w, https:\/\/wp.unil.ch\/aesc\/files\/2018\/03\/IMG_0013-90x90.jpg 90w\" sizes=\"auto, (max-width: 120px) 100vw, 120px\" \/><img alt=\"\" loading=\"lazy\" decoding=\"async\" class=\"alignleft wp-image-3152 size-thumbnail\" src=\"https:\/\/wp.unil.ch\/aesc\/files\/2018\/03\/73-1-120x120.jpg\" alt=\"\" width=\"120\" height=\"120\" srcset=\"https:\/\/wp.unil.ch\/aesc\/files\/2018\/03\/73-1-120x120.jpg 120w, https:\/\/wp.unil.ch\/aesc\/files\/2018\/03\/73-1-90x90.jpg 90w\" sizes=\"auto, (max-width: 120px) 100vw, 120px\" \/><img alt=\"\" loading=\"lazy\" decoding=\"async\" class=\"alignleft wp-image-3150 size-thumbnail\" src=\"https:\/\/wp.unil.ch\/aesc\/files\/2018\/03\/IMG_7172-120x120.jpg\" alt=\"\" width=\"120\" height=\"120\" srcset=\"https:\/\/wp.unil.ch\/aesc\/files\/2018\/03\/IMG_7172-120x120.jpg 120w, https:\/\/wp.unil.ch\/aesc\/files\/2018\/03\/IMG_7172-90x90.jpg 90w\" sizes=\"auto, (max-width: 120px) 100vw, 120px\" \/><\/p>\n<p>&nbsp;<\/p>\n<p>&nbsp;<\/p>\n<p>&nbsp;<\/p>\n<p style=\"text-align: left\">Pascal, Kim &amp; Roxana<\/p>\n<\/td>\n<\/tr>\n<\/tbody>\n<\/table>\n<h6>\u00a0<strong>MembreS<\/strong><\/h6>\n<ul>\n<li>Alexia Coupez<\/li>\n<li>Audrey Schrenzel<\/li>\n<li>Axel Steiner<\/li>\n<li>Cecile Gigot<\/li>\n<li>Celso Jorge Sebastiao<\/li>\n<li>Corentin Sabaut<\/li>\n<li>Cynthia Crittin<\/li>\n<li>Elisabetta Bilotta<\/li>\n<li>Etienne Petit<\/li>\n<li>Gaelle Barth<\/li>\n<li>Giuseppe Agrelli<\/li>\n<li>Ines Labidi<\/li>\n<li>Jeremy Corcoba<\/li>\n<li>Laura Dayer<\/li>\n<li>Lorianne Membre<\/li>\n<li>Lorraine Campiche<\/li>\n<li>Manon Aurelle<\/li>\n<li>Melanie Delangle<\/li>\n<li>Melina Vona<\/li>\n<li>Seraina Bollhalder<\/li>\n<\/ul>\n<h3>Commission des f\u00eates<\/h3>\n<table border=\"0\" cellspacing=\"2\" cellpadding=\"1\">\n<tbody>\n<tr>\n<td>\n<h6><strong>Responsable de commission<\/strong><\/h6>\n<\/td>\n<td><em>Faustine Queloz (BSc Sciences Forensiques)<\/em><\/td>\n<\/tr>\n<tr>\n<td>\n<h6><strong>Responsable adjoint<br \/>\n<\/strong><\/h6>\n<\/td>\n<td><em>Adeline Sieber (BSc Sciences Forensiques)<\/em><\/td>\n<\/tr>\n<\/tbody>\n<\/table>\n<p>Photos \u00e0 venir<\/p>\n<h4><strong>Membres<\/strong><\/h4>\n<ul>\n<li>Alexia Coupez<\/li>\n<li>Adrian Garcia Pousada<\/li>\n<li>Alexandre Vallotton<\/li>\n<li>Amandine Jeancler<\/li>\n<li>Ana\u00efs Beigneux<\/li>\n<li>Antoine Desbiolles<\/li>\n<li>Audrey Maillard<\/li>\n<li>Benjamin Fontaine<\/li>\n<li>Camille Voirol<\/li>\n<li>Celso Jorge Sebastiao<\/li>\n<li>Chaline Hannen<\/li>\n<li>Charlotte Braconnier<\/li>\n<li>Charlotte Klein<\/li>\n<li>Chlo\u00e9 Roussel<\/li>\n<li>Chlo\u00e9 Sattiva<\/li>\n<li>Clarisse Lain\u00e9<\/li>\n<li>Cl\u00e9o Berger<\/li>\n<li>Clothilde Strainchamps<\/li>\n<li>Cynthia Crittin<\/li>\n<li>David Rumo<\/li>\n<li>Elisabetta Bilotta<\/li>\n<li>Elodie Andarde Borges<\/li>\n<li>Emanuelle Mary<\/li>\n<li>Etienne Petit<\/li>\n<li>Gaelle Barth<\/li>\n<li>Fanny All\u00e8gre<\/li>\n<li>Geoffrey Martzloff<\/li>\n<li>Ilana Jacquet<\/li>\n<li>Kilian Hoffmeyer<\/li>\n<li>Lauranne Germanier<\/li>\n<li>Laura Dayer<\/li>\n<li>Lorianne Membre<\/li>\n<li>Loris Foury<\/li>\n<li>Louisa Gregory<\/li>\n<li>Louise Dubout<\/li>\n<li>Lucille Capovilla<\/li>\n<li>Magali Klein<\/li>\n<li>Malou Den Harder<\/li>\n<li>Margaux Chambrey<\/li>\n<li>Marine Denel<\/li>\n<li>Manon Aurelle<\/li>\n<li>Melanie Delangle<\/li>\n<li>Melina Vona<\/li>\n<li>Michel Saner<\/li>\n<li>Olivier Wisard<\/li>\n<li>Oriane Henchoz<\/li>\n<li>Patricia Almeida<\/li>\n<li>Selina Str\u00e4ssle<\/li>\n<li>Sol\u00e8ne Lugon-Moulin<\/li>\n<\/ul>\n<h3>Autres postes<\/h3>\n<div>\n<div><i>Repr\u00e9sentants<\/i><em>\u00a0FAE\u00a0:<\/em> Pascal Lavenex &amp; VACAT<\/div>\n<div><em>Photographes :<\/em> Alexandre Vallotton,\u00a0Corentin Sabaut,\u00a0Charlotte Braconnier,\u00a0Ines Labidi,\u00a0Laura Dayer &amp;\u00a0Oriane Henchoz<\/div>\n<div><em>Commission des examens et des recours :<\/em> Louise Dubout<\/div>\n<div><em>Conseil de l&rsquo;ESC :<\/em>\u00a0Manon Fischer, Louise Dubout, Aliz\u00e9e Prod&rsquo;Hom<\/div>\n<div><em>Conseil de Facult\u00e9 :<\/em> &#8211;<\/div>\n<div><em>Conseil de l&rsquo;Universit\u00e9 :<\/em>\u00a0&#8211;<\/div>\n<\/div>\n<h3><\/h3>\n<h3>Membres d&rsquo;Honneur<\/h3>\n<div>\n<div>Damien Rhumorbarbe (depuis le 25\/09\/2017)<\/div>\n<div>Timothy Boll\u00e9 (depuis le 25\/09\/2017)<\/div>\n<\/div>\n","protected":false},"excerpt":{"rendered":"<p>Bureau Co-Pr\u00e9sidents Manon Fischer\u00a0(MSc Sciences Forensiques) &amp; D\u00e9borah Francisco (MSc Sciences Forensiques) Tr\u00e9sorier Lucy Haas (MSc Sciences Forensiques) Secr\u00e9taire L\u00e9ana Fl\u00fcckiger (MSc Sciences Forensiques) Charg\u00e9 de communication\u00a0 K\u00e9vin Buffaz\u00a0(MSc Sciences Forensiques) V\u00e9rificateurs des comptes Tim Boll\u00e9\u00a0(Membre d&rsquo;honneur) &amp; Kilian Hoffmeyer (MSc Sciences Forensiques) Photos \u00e0 venir Commission culturelle Responsable de commission \u00a0Pascal Lavenex (BSc Sciences &hellip; <\/p>\n<p class=\"link-more\"><a href=\"https:\/\/wp.unil.ch\/aesc\/structure\/membres\/2018-2019\/\" class=\"more-link\">Continuer la lecture<span class=\"screen-reader-text\"> de &laquo;&nbsp;2018-2019&nbsp;&raquo;<\/span><\/a><\/p>\n","protected":false},"author":1001813,"featured_media":0,"parent":21,"menu_order":-1,"comment_status":"closed","ping_status":"closed","template":"","meta":{"_seopress_robots_primary_cat":"","_seopress_titles_title":"","_seopress_titles_desc":"","_seopress_robots_index":"","footnotes":""},"class_list":["post-3204","page","type-page","status-publish"],"_links":{"self":[{"href":"https:\/\/wp.unil.ch\/aesc\/wp-json\/wp\/v2\/pages\/3204","targetHints":{"allow":["GET"]}}],"collection":[{"href":"https:\/\/wp.unil.ch\/aesc\/wp-json\/wp\/v2\/pages"}],"about":[{"href":"https:\/\/wp.unil.ch\/aesc\/wp-json\/wp\/v2\/types\/page"}],"author":[{"embeddable":true,"href":"https:\/\/wp.unil.ch\/aesc\/wp-json\/wp\/v2\/users\/1001813"}],"replies":[{"embeddable":true,"href":"https:\/\/wp.unil.ch\/aesc\/wp-json\/wp\/v2\/comments?post=3204"}],"version-history":[{"count":0,"href":"https:\/\/wp.unil.ch\/aesc\/wp-json\/wp\/v2\/pages\/3204\/revisions"}],"up":[{"embeddable":true,"href":"https:\/\/wp.unil.ch\/aesc\/wp-json\/wp\/v2\/pages\/21"}],"wp:attachment":[{"href":"https:\/\/wp.unil.ch\/aesc\/wp-json\/wp\/v2\/media?parent=3204"}],"curies":[{"name":"wp","href":"https:\/\/api.w.org\/{rel}","templated":true}]}}