{"id":25,"date":"2010-01-19T21:06:06","date_gmt":"2010-01-19T20:06:06","guid":{"rendered":"http:\/\/wp.unil.ch\/aesc\/?page_id=25"},"modified":"2025-10-28T11:41:49","modified_gmt":"2025-10-28T10:41:49","slug":"statuts","status":"publish","type":"page","link":"https:\/\/wp.unil.ch\/aesc\/structure\/statuts\/","title":{"rendered":"Statuts"},"content":{"rendered":"<p>Version \u00a0PDF des statuts : <a href=\"https:\/\/unils-my.sharepoint.com\/:b:\/g\/personal\/aesc_unil_ch\/EfNS_KkTK05Mg2Vei51ABQ8BMTZlbhQTxU0PSp5768f19Q?e=0c1wTy\" target=\"_blank\" rel=\"noopener\">Statuts AESC 2025<\/a><\/p>\n<h1 style=\"text-align: center\"><strong>\u00a0<\/strong><strong>Association des \u00c9tudiant\u00b7e\u00b7s en Sciences Criminelles (AESC) de l\u2019Universit\u00e9 de Lausanne<\/strong><\/h1>\n<h3>Pr\u00e9ambule<\/h3>\n<p>Dans l\u2019ensemble des pr\u00e9sents statuts, les titres et fonctions d\u00e9signent indiff\u00e9remment des femmes et des hommes.<\/p>\n<h1>TITRE PREMIER : DISPOSITIONS G\u00c9N\u00c9RALES<\/h1>\n<h3>Article Premier &#8211; Statuts<\/h3>\n<p><sup>1<\/sup>L\u2019Association des \u00c9tudiant\u00b7e\u00b7s en Sciences Criminelles (AESC) de l\u2019Universit\u00e9 de Lausanne est une association au sens des articles 60 et suivants du Code civil suisse du 10 d\u00e9cembre 1907.<\/p>\n<p><sup>2<\/sup>Elle r\u00e9pond aux exigences de l\u2019article 10 du R\u00e8glement d\u2019application de la loi du 06 juillet 2004 sur l\u2019Universit\u00e9 de Lausanne (RLUL).<\/p>\n<p><sup>3<\/sup>Elle est politiquement ind\u00e9pendante et confessionnellement neutre. L\u2019AESC et ses organes s\u2019abstiennent de prises de position en mati\u00e8re de politique g\u00e9n\u00e9rale qui ne concerne pas sp\u00e9cialement les \u00e9tudiants.<\/p>\n<p>&nbsp;<\/p>\n<h3>Article 2 &#8211; Si\u00e8ge<\/h3>\n<p>Son si\u00e8ge est situ\u00e9 sur le campus de l\u2019Universit\u00e9 de Lausanne.<\/p>\n<p>&nbsp;<\/p>\n<h3>Article 3 &#8211; Logo<\/h3>\n<p>Son logo se d\u00e9cline en quatre versions\u00a0:<\/p>\n<p style=\"text-align: center\">\u00a0<img alt=\"\" loading=\"lazy\" decoding=\"async\" class=\"wp-image-1082 alignnone\" src=\"https:\/\/wp.unil.ch\/aesc\/files\/2012\/03\/Logo-02-jaune-300x143.jpg\" alt=\"\" width=\"271\" height=\"129\" srcset=\"https:\/\/wp.unil.ch\/aesc\/files\/2012\/03\/Logo-02-jaune-300x143.jpg 300w, https:\/\/wp.unil.ch\/aesc\/files\/2012\/03\/Logo-02-jaune-1024x488.jpg 1024w, https:\/\/wp.unil.ch\/aesc\/files\/2012\/03\/Logo-02-jaune.jpg 1200w\" sizes=\"auto, (max-width: 271px) 100vw, 271px\" \/><img alt=\"\" loading=\"lazy\" decoding=\"async\" class=\"wp-image-2884 alignnone\" src=\"https:\/\/wp.unil.ch\/aesc\/files\/2010\/01\/2c-Logo-Complet-Noir.jpg\" alt=\"\" width=\"283\" height=\"138\" srcset=\"https:\/\/wp.unil.ch\/aesc\/files\/2010\/01\/2c-Logo-Complet-Noir.jpg 1920w, https:\/\/wp.unil.ch\/aesc\/files\/2010\/01\/2c-Logo-Complet-Noir-300x147.jpg 300w, https:\/\/wp.unil.ch\/aesc\/files\/2010\/01\/2c-Logo-Complet-Noir-768x376.jpg 768w, https:\/\/wp.unil.ch\/aesc\/files\/2010\/01\/2c-Logo-Complet-Noir-1024x501.jpg 1024w\" sizes=\"auto, (max-width: 283px) 100vw, 283px\" \/><\/p>\n<p style=\"text-align: center\"><img alt=\"\" loading=\"lazy\" decoding=\"async\" class=\"wp-image-2881 alignnone\" src=\"https:\/\/wp.unil.ch\/aesc\/files\/2010\/01\/1b-Logo-Court-Jaune.jpg\" alt=\"\" width=\"206\" height=\"208\" srcset=\"https:\/\/wp.unil.ch\/aesc\/files\/2010\/01\/1b-Logo-Court-Jaune.jpg 1184w, https:\/\/wp.unil.ch\/aesc\/files\/2010\/01\/1b-Logo-Court-Jaune-120x120.jpg 120w, https:\/\/wp.unil.ch\/aesc\/files\/2010\/01\/1b-Logo-Court-Jaune-296x300.jpg 296w, https:\/\/wp.unil.ch\/aesc\/files\/2010\/01\/1b-Logo-Court-Jaune-768x778.jpg 768w, https:\/\/wp.unil.ch\/aesc\/files\/2010\/01\/1b-Logo-Court-Jaune-1010x1024.jpg 1010w, https:\/\/wp.unil.ch\/aesc\/files\/2010\/01\/1b-Logo-Court-Jaune-96x96.jpg 96w, https:\/\/wp.unil.ch\/aesc\/files\/2010\/01\/1b-Logo-Court-Jaune-24x24.jpg 24w, https:\/\/wp.unil.ch\/aesc\/files\/2010\/01\/1b-Logo-Court-Jaune-36x36.jpg 36w, https:\/\/wp.unil.ch\/aesc\/files\/2010\/01\/1b-Logo-Court-Jaune-48x48.jpg 48w, https:\/\/wp.unil.ch\/aesc\/files\/2010\/01\/1b-Logo-Court-Jaune-64x64.jpg 64w\" sizes=\"auto, (max-width: 206px) 100vw, 206px\" \/><img alt=\"\" loading=\"lazy\" decoding=\"async\" class=\"wp-image-2882 alignnone\" src=\"https:\/\/wp.unil.ch\/aesc\/files\/2010\/01\/1c-Logo-Court-Noir.jpg\" alt=\"\" width=\"203\" height=\"206\" srcset=\"https:\/\/wp.unil.ch\/aesc\/files\/2010\/01\/1c-Logo-Court-Noir.jpg 1184w, https:\/\/wp.unil.ch\/aesc\/files\/2010\/01\/1c-Logo-Court-Noir-296x300.jpg 296w, https:\/\/wp.unil.ch\/aesc\/files\/2010\/01\/1c-Logo-Court-Noir-768x778.jpg 768w, https:\/\/wp.unil.ch\/aesc\/files\/2010\/01\/1c-Logo-Court-Noir-1010x1024.jpg 1010w, https:\/\/wp.unil.ch\/aesc\/files\/2010\/01\/1c-Logo-Court-Noir-96x96.jpg 96w, https:\/\/wp.unil.ch\/aesc\/files\/2010\/01\/1c-Logo-Court-Noir-24x24.jpg 24w, https:\/\/wp.unil.ch\/aesc\/files\/2010\/01\/1c-Logo-Court-Noir-36x36.jpg 36w, https:\/\/wp.unil.ch\/aesc\/files\/2010\/01\/1c-Logo-Court-Noir-48x48.jpg 48w, https:\/\/wp.unil.ch\/aesc\/files\/2010\/01\/1c-Logo-Court-Noir-64x64.jpg 64w\" sizes=\"auto, (max-width: 203px) 100vw, 203px\" \/><\/p>\n<h3><\/h3>\n<h3>Article 4 &#8211; Buts<\/h3>\n<p>Les buts de l\u2019AESC sont les suivants\u00a0:<\/p>\n<ol>\n<li>Rassembler les \u00e9tudiants de l\u2019Ecole des sciences criminelles (ESC) en entretenant et en d\u00e9veloppant la vie \u00e9tudiante\u00a0;<\/li>\n<li>Aider \u00e0 l\u2019int\u00e9gration et au divertissement via l\u2019organisation d\u2019\u00e9v\u00e9nements socioculturels\u00a0;<\/li>\n<li>Conseiller et orienter les \u00e9tudiants dans le cadre de leurs \u00e9tudes \u00e0 l\u2019ESC\u00a0;<\/li>\n<li>Maintenir le lien et l\u2019\u00e9change avec les autres associations d\u2019\u00e9tudiant-e-s et les associations du domaine des sciences criminelles, notamment via l\u2019Association des Dipl\u00f4m\u00e9s en Sciences Criminelles (ADSC), ThinkForensic(TF) et la F\u00e9d\u00e9ration des Associations d\u2019\u00c9tudiant\u00b7e\u00b7s de l\u2019Universit\u00e9 de Lausanne\u00a0(FAE) ;<\/li>\n<li>Informer les \u00e9tudiants de la politique universitaire, des divers aspects de la politique en g\u00e9n\u00e9ral qui les concernent\u00a0;<\/li>\n<li>Promouvoir les diverses activit\u00e9s organis\u00e9es dans le cadre de la Facult\u00e9 de droit, des sciences criminelles et d\u2019administration publique (FDCA)\u00a0;<\/li>\n<li>Soutenir des initiatives \u00e9manant des \u00e9tudiants.<\/li>\n<\/ol>\n<p>&nbsp;<\/p>\n<h3>Article 5 &#8211; Moyens<\/h3>\n<p>\u00c0 ces fins, l\u2019AESC\u00a0:<\/p>\n<ol>\n<li>Entreprend ou soutient toute action qu\u2019elle juge appropri\u00e9e \u00e0 la r\u00e9alisation de ses buts\u00a0;<\/li>\n<li>Offre un espace de coordination\u00a0;<\/li>\n<li>Offre ses services d\u2019interm\u00e9diaire entre les \u00e9tudiants et l\u2019ESC ou les autorit\u00e9s universitaires<\/li>\n<\/ol>\n<p>&nbsp;<\/p>\n<h3>Article 6 &#8211; Ressources<\/h3>\n<p>L\u2019AESC est financ\u00e9e par\u00a0:<\/p>\n<ol>\n<li>Les cotisations des membres\u00a0;<\/li>\n<li>Les subventions et dons\u00a0;<\/li>\n<li>Les b\u00e9n\u00e9fices des manifestions\u00a0;<\/li>\n<li>Les autres ressources \u00e9ventuelles.<\/li>\n<\/ol>\n<p>&nbsp;<\/p>\n<h3>Article 7 &#8211; Responsabilit\u00e9 financi\u00e8re des membres<\/h3>\n<p><sup>1<\/sup>Les engagements financiers de l\u2019AESC ne sont garantis que par la fortune de celle-ci.<\/p>\n<p><sup>2<\/sup>Sauf disposition contraire, la responsabilit\u00e9 personnelle des membres est exclue.<\/p>\n<p>&nbsp;<\/p>\n<h3>Article 8 &#8211; Locaux<\/h3>\n<p><sup>1<\/sup>L\u2019Association a acc\u00e8s aux locaux d\u00e9finis par la charte d\u2019utilisation des locaux des associations de l\u2019ESC.<\/p>\n<p><sup>2<\/sup>Les acc\u00e8s aux locaux sont r\u00e9gl\u00e9s par ladite charte.<\/p>\n<p>&nbsp;<\/p>\n<h1>TITRE DEUXI\u00c8ME : DES MEMBRES<\/h1>\n<p>&nbsp;<\/p>\n<h3>Article 9 &#8211; Acquisition de la qualit\u00e9 de membre<\/h3>\n<p><sup>1<\/sup>Sont membres de l\u2019AESC les \u00e9tudiants immatricul\u00e9s \u00e0 l\u2019Ecole des sciences criminelles de l\u2019Universit\u00e9 de Lausanne qui en font la demande et payent leur cotisation annuelle.<\/p>\n<p><sup>2<\/sup>Les doctorants de l\u2019ESC peuvent \u00e9galement adh\u00e9rer \u00e0 l\u2019AESC pour autant qu\u2019ils en fassent la demande et payent leur cotisation annuelle.<\/p>\n<p class=\"p1\"><span class=\"s1\">3<\/span>L\u2019association est majoritairement compos\u00e9e de membres actifs de la communaut\u00e9 universitaire. Sont consid\u00e9r\u00e9\u00b7es comme membres actifs de la communaut\u00e9 universitaire le corps estudiantin immatricul\u00e9 \u00e0 l&rsquo;UNIL, \u00e9ventuellement \u00e0 l&rsquo;EPFL et le personnel sous contrat UNIL, \u00e9ventuellement EPFL.<\/p>\n<p>&nbsp;<\/p>\n<h3>Article 10 &#8211; Nomination de membres d&rsquo;honneur<\/h3>\n<p><sup>1<\/sup>Sur proposition du Bureau, et sur consultation de la Direction de l\u2019ESC, l&rsquo;Assembl\u00e9e g\u00e9n\u00e9rale peut nommer membre d\u2019honneur une personnalit\u00e9 ou un membre ayant particuli\u00e8rement contribu\u00e9 \u00e0 la r\u00e9alisation des buts de l\u2019AESC durant plusieurs ann\u00e9es.<\/p>\n<p><sup>2<\/sup>Les membres d&rsquo;honneur sont exon\u00e9r\u00e9s de cotisation.<\/p>\n<p>&nbsp;<\/p>\n<h3>Article 11 &#8211; Perte de la qualit\u00e9 de membre<\/h3>\n<p><sup>1<\/sup>La qualit\u00e9 de membre se perd :<\/p>\n<ol>\n<li>Par la d\u00e9mission donn\u00e9e par \u00e9crit au Bureau, celle-ci prenant en principe effet imm\u00e9diat ;<\/li>\n<li>Par le d\u00e9c\u00e8s;<\/li>\n<li>Par l\u2019exclusion qui peut \u00eatre prononc\u00e9e si un membre agit contrairement aux int\u00e9r\u00eats de l\u2019AESC ou aux buts fix\u00e9s. L\u2019exclusion est prononc\u00e9e par l&rsquo;Assembl\u00e9e g\u00e9n\u00e9rale \u00e0 la majorit\u00e9 des deux tiers. Le vote peut avoir lieu au bulletin secret, si un membre ayant voix d\u00e9lib\u00e9rative en fait la demande. La proposition d\u2019exclusion doit figurer sur l\u2019ordre du jour de l\u2019Assembl\u00e9e g\u00e9n\u00e9rale.<\/li>\n<\/ol>\n<p><sup>2<\/sup>Les membres du Bureau conservent leur qualit\u00e9 de membre jusqu\u2019\u00e0 l\u2019Assembl\u00e9e g\u00e9n\u00e9rale suivant fin d\u2019inscription \u00e0 l\u2019ESC.<\/p>\n<p>&nbsp;<\/p>\n<h1>TITRE TROISIEME : DE L&rsquo;ORGANISATION<\/h1>\n<p>&nbsp;<\/p>\n<h2>Chapitre I : Des Organes<\/h2>\n<h3>Article 12 &#8211; Organes<\/h3>\n<p>Les organes de l\u2019AESC sont les suivants\u00a0:<\/p>\n<ol>\n<li>L\u2019Assembl\u00e9e g\u00e9n\u00e9rale\u00a0;<\/li>\n<li>Le Bureau (Comit\u00e9)\u00a0;<\/li>\n<li>Les Commissions\u00a0;<\/li>\n<li>Les Groupes de travail\u00a0;<\/li>\n<li>Le V\u00e9rificateur des comptes.<\/li>\n<\/ol>\n<p>&nbsp;<\/p>\n<h2>Chapitre II : De l\u2019assembl\u00e9e g\u00e9n\u00e9rale (AG)<\/h2>\n<h3>Article 13 &#8211; Composition<\/h3>\n<p><sup>1<\/sup>L\u2019Assembl\u00e9e g\u00e9n\u00e9rale est compos\u00e9e des membres de l\u2019association.<\/p>\n<p><sup>2<\/sup>Les repr\u00e9sentants des \u00e9tudiant-e-s ayant voix d\u00e9lib\u00e9rative au Conseil de l\u2019ESC sont invit\u00e9s \u00e0 assister \u00e0 l\u2019Assembl\u00e9e g\u00e9n\u00e9rale, avec voix consultative.<\/p>\n<p>&nbsp;<\/p>\n<h3>Article 14 &#8211; Comp\u00e9tences<\/h3>\n<p>L&rsquo;Assembl\u00e9e g\u00e9n\u00e9rale a pour t\u00e2che :<\/p>\n<ol>\n<li>D&rsquo;\u00e9tablir et d\u2019approuver la politique et la ligne d&rsquo;action de l&rsquo;AESC\u00a0;<\/li>\n<li>D&rsquo;\u00e9lire le bureau\u00a0;<\/li>\n<li>De cr\u00e9er et d\u2019organiser les diff\u00e9rentes commissions\u00a0;<\/li>\n<li>D&rsquo;approuver chaque ann\u00e9e les rapports d&rsquo;activit\u00e9s pr\u00e9sent\u00e9s par le bureau\u00a0;<\/li>\n<li>D&rsquo;approuver les comptes et de voter le budget\u00a0;<\/li>\n<li>De fixer le montant des cotisations pour l\u2019ann\u00e9e suivante\u00a0;<\/li>\n<li>De r\u00e9viser les statuts\u00a0;<\/li>\n<li>D\u2019exclure un membre au sens de l\u2019art. 11 des pr\u00e9sents statuts\u00a0;<\/li>\n<li>De dissoudre l\u2019association.<\/li>\n<\/ol>\n<p>&nbsp;<\/p>\n<h3>Article 15 &#8211; Convocation<\/h3>\n<p><sup>1<\/sup>L&rsquo;Assembl\u00e9e g\u00e9n\u00e9rale est convoqu\u00e9e par le Bureau chaque ann\u00e9e dans les trois semaines suivant le d\u00e9but des cours du semestre d\u2019automne.<\/p>\n<p><sup>2<\/sup>Une Assembl\u00e9e g\u00e9n\u00e9rale extraordinaire peut \u00eatre convoqu\u00e9e en tout temps si le Bureau l\u2019estime n\u00e9cessaire ou si la moiti\u00e9 des membres au moins en fait la demande.<\/p>\n<p>&nbsp;<\/p>\n<h3>Article 16 &#8211; Ordre du jour<\/h3>\n<p><sup>1<\/sup>L\u2019ordre du jour est mis \u00e0 la connaissance des membres au moins sept jours avant l\u2019Assembl\u00e9e g\u00e9n\u00e9rale.<\/p>\n<p><sup>2<\/sup>En cas de modification statutaire, le texte du projet est joint \u00e0 l\u2019ordre du jour.<\/p>\n<p><sup>3<\/sup>Tout membre peut demander \u00e0 ce qu\u2019un point soit rajout\u00e9 \u00e0 l\u2019ordre du jour s\u2019il en fait la demande au plus tard quatre jours \u00e0 l\u2019avance.<\/p>\n<p><sup>4<\/sup>L\u2019ordre du jour est vot\u00e9 en d\u00e9but de s\u00e9ance. Toute modification doit \u00eatre approuv\u00e9e \u00e0 la majorit\u00e9 des membres pr\u00e9sents.<\/p>\n<p>&nbsp;<\/p>\n<h3>Article 17 &#8211; D\u00e9bats<\/h3>\n<p><sup>1<\/sup>Le pr\u00e9sident, le vice-pr\u00e9sident, ou un des co-pr\u00e9sidents pr\u00e9side l\u2019Assembl\u00e9e g\u00e9n\u00e9rale.<\/p>\n<p><sup>2<\/sup>En cas d\u2019emp\u00eachement, un membre du Bureau pr\u00e9side l\u2019Assembl\u00e9e g\u00e9n\u00e9rale.<\/p>\n<p>&nbsp;<\/p>\n<h3>Article 18 &#8211; Quorum<\/h3>\n<p><sup>1<\/sup>Pour que l\u2019Assembl\u00e9e g\u00e9n\u00e9rale d\u00e9lib\u00e8re valablement, un tiers des membres doit \u00eatre pr\u00e9sent.<\/p>\n<p><sup>2<\/sup>Dans le cas contraire, une Assembl\u00e9e g\u00e9n\u00e9rale durant laquelle aucun quorum n\u2019est exigible est organis\u00e9e dans les deux semaines suivantes.<\/p>\n<p>&nbsp;<\/p>\n<h3>Article 19 &#8211; Votations<\/h3>\n<p><sup>1<\/sup>Les d\u00e9cisions sont prises \u00e0 la majorit\u00e9 absolue des voix exprim\u00e9es, les abstentions n\u2019\u00e9tant pas prises en consid\u00e9ration.<\/p>\n<p><sup>2<\/sup>La personne qui pr\u00e9side l&rsquo;Assembl\u00e9e g\u00e9n\u00e9rale ne vote pas. En cas d&rsquo;\u00e9galit\u00e9, elle tranche.<\/p>\n<p><sup>3<\/sup>Les votations se font \u00e0 main lev\u00e9e. \u00c0 la demande d\u2019un membre ayant voix d\u00e9lib\u00e9rative, le vote se fait \u00e0 bulletin secret.<\/p>\n<p>&nbsp;<\/p>\n<h2>Chapitre III: Du bureau<\/h2>\n<h3>Article 20 &#8211; Candidatures<\/h3>\n<p><sup>1<\/sup>Tout membre de l\u2019AESC est \u00e9ligible comme membre du Bureau.<\/p>\n<p class=\"p1\"><span class=\"s1\">2<\/span>Le bureau est compos\u00e9 majoritairement de membres actifs de la communaut\u00e9 universitaire.<\/p>\n<p><sup>3<\/sup>Les membres du Bureau sont r\u00e9vocables par l\u2019Assembl\u00e9e g\u00e9n\u00e9rale \u00e0 la majorit\u00e9 des deux tiers des voix exprim\u00e9es avec effet imm\u00e9diat.<\/p>\n<p>&nbsp;<\/p>\n<h3>Article 21 &#8211; Composition<\/h3>\n<p><sup>1<\/sup>La pr\u00e9sidence est compos\u00e9e d\u2019un pr\u00e9sident et d\u2019un vice-pr\u00e9sident ou de deux co-pr\u00e9sidents.<\/p>\n<p><sup>2<\/sup>Le bureau est compos\u00e9 des cinq membres occupant les postes suivants\u00a0:<\/p>\n<p>a.\u00a0\u00a0\u00a0\u00a0\u00a0\u00a0 La pr\u00e9sidence\u00a0;<\/p>\n<p>b.\u00a0 \u00a0 \u00a0 Un.e secr\u00e9taire ;<\/p>\n<p>c.\u00a0 \u00a0 \u00a0 \u00a0Un.e tr\u00e9sorier.\u00e8re ;<\/p>\n<p>d.\u00a0 \u00a0 \u00a0 Un.e charg\u00e9.e de communication.<\/p>\n<p><sup>3<\/sup>Le.la charg\u00e9.e de communication peut s&rsquo;entourer d&rsquo;un.e adjoint.e.<\/p>\n<h3>Article 22 &#8211; Comp\u00e9tences<\/h3>\n<p><sup>1<\/sup>Le Bureau s\u2019organise de lui-m\u00eame et veille aux int\u00e9r\u00eats de l\u2019AESC. Il \u00e9tudie et r\u00e8gle les affaires courantes, g\u00e8re le budget, mandate au besoin des groupes de travail et convoque l\u2019Assembl\u00e9e g\u00e9n\u00e9rale.<\/p>\n<p><sup>2<\/sup>La double signature de la pr\u00e9sidence engage la responsabilit\u00e9 de l\u2019AESC.<\/p>\n<p>&nbsp;<\/p>\n<p>&nbsp;<\/p>\n<h3>Article 23 &#8211; S\u00e9ances<\/h3>\n<p><sup>1<\/sup>Le Bureau se r\u00e9unit r\u00e9guli\u00e8rement en s\u00e9ances.<\/p>\n<p><sup>2<\/sup>Les d\u00e9cisions sont prises \u00e0 la majorit\u00e9 simple des membres pr\u00e9sents. En cas d\u2019\u00e9galit\u00e9, la pr\u00e9sidence dispose d\u2019une voix pr\u00e9pond\u00e9rante.<\/p>\n<p><sup>3<\/sup>Un proc\u00e8s-verbal d\u00e9cisionnel est r\u00e9dig\u00e9 \u00e0 chaque s\u00e9ance.<\/p>\n<p><sup>4<\/sup>Le Bureau est libre de convier d\u2019autres personnes aux s\u00e9ances.<\/p>\n<p>&nbsp;<\/p>\n<h2>Chapitre IV : Des commissions<\/h2>\n<h3>Article 24 &#8211; Composition<\/h3>\n<p><sup>1<\/sup>Tout membre de l\u2019AESC ne faisant pas parti du Bureau s\u2019engage dans au moins une commission.<\/p>\n<p><sup>2<\/sup>L\u2019Assembl\u00e9e g\u00e9n\u00e9rale \u00e9lit les responsables de chaque commission.<\/p>\n<p>&nbsp;<\/p>\n<h3>Article 25 &#8211; Responsable de commission &amp; adjoint.e.s<\/h3>\n<p><sup>1<\/sup>La commission est dirig\u00e9e par un.e responsable ou par des co-responsables, les t\u00e2ches sont de :<\/p>\n<p>a.\u00a0\u00a0\u00a0\u00a0\u00a0\u00a0 Veille au maintien et au d\u00e9veloppement des activit\u00e9s de sa commission.<\/p>\n<p>b.\u00a0\u00a0\u00a0\u00a0\u00a0 Organise et pr\u00e9side les s\u00e9ances de la commission.<\/p>\n<p>c.\u00a0\u00a0\u00a0\u00a0\u00a0\u00a0 Rend compte de l\u2019activit\u00e9 de la commission au Bureau.<\/p>\n<p>d.\u00a0\u00a0\u00a0\u00a0\u00a0 Veille \u00e0 l\u2019implication des membres de la commission et \u00e0 la communication au sein de celle-ci.<\/p>\n<p><sup>2<\/sup>Le.la responsable ou les co-responsables de commission s\u2019entoure.nt d\u2019un.e ou plusieurs adjoint.e.s \u00e0 des fins d\u2019aide et de formation en vue de la reprise du poste.<\/p>\n<p><sup>3<\/sup>Tout engagement li\u00e9 au travail des commissions impliquant la responsabilit\u00e9 de l\u2019AESC est pr\u00e9alablement soumis \u00e0 l\u2019approbation du Bureau.<\/p>\n<p>&nbsp;<\/p>\n<p><strong><em>\u00a0<\/em><\/strong><\/p>\n<h2>Chapitre V : Des groupes de travail<\/h2>\n<h3>Article 26 &#8211; D\u00e9finition<\/h3>\n<p><sup>1<\/sup>Des groupes de travail et des personnes peuvent \u00eatre mandat\u00e9s par le Bureau pour collaborer \u00e0 l\u2019accomplissement de leurs t\u00e2ches.<\/p>\n<p><sup>2<\/sup>Les personnes mandat\u00e9es et les membres du groupe de travail peuvent \u00eatre choisis \u00e0 l\u2019ext\u00e9rieur du Bureau et de l\u2019Assembl\u00e9e g\u00e9n\u00e9rale.<\/p>\n<p><sup>3<\/sup>Leur mandat est permanent ou temporaire.<\/p>\n<p>&nbsp;<\/p>\n<h2>Chapitre VI : Du v\u00e9rificateur des comptes<\/h2>\n<h3>Article 27 &#8211; Nomination<\/h3>\n<p>L\u2019Assembl\u00e9e g\u00e9n\u00e9rale nomme parmi les membres qui ne si\u00e8gent pas au Bureau un v\u00e9rificateur.trice pour l\u2019exercice en cours.<\/p>\n<p>&nbsp;<\/p>\n<h3>Article 28 &#8211; Pouvoirs et obligations<\/h3>\n<p><sup>1<\/sup>Le.la tr\u00e9sorier.\u00e8re soumet les comptes au.\u00e0 la v\u00e9rificateur.trice \u00e0 la fin de chaque exercice.<\/p>\n<p><sup>2<\/sup>S\u2019ils sont exacts, il.elle les certifie comme tels. Dans le cas contraire, il.elle en informe le Bureau et si n\u00e9cessaire l\u2019Assembl\u00e9e g\u00e9n\u00e9rale.<\/p>\n<p>&nbsp;<\/p>\n<h1>TITRE QUATRIEME : DISPOSITIONS FINALES ET TRANSITOIRES<\/h1>\n<h3>Article 29 &#8211; Dissolution<\/h3>\n<p><sup>1<\/sup>La dissolution est prononc\u00e9e par l\u2019Assembl\u00e9e g\u00e9n\u00e9rale \u00e0 la majorit\u00e9 des deux tiers des voix exprim\u00e9es.<\/p>\n<p><sup>2<\/sup>Dans le cas susmentionn\u00e9, les actifs et fonds disponibles seront transf\u00e9r\u00e9s au fonds Reiss de l\u2019ESC qui pourra les attribuer lors de la fondation de toute autre association d\u2019\u00e9tudiant.e.s poursuivant les m\u00eames buts que l\u2019AESC.<\/p>\n<p>&nbsp;<\/p>\n<h3>Article 30 &#8211; R\u00e9vision des statuts<\/h3>\n<p>Les pr\u00e9sents statuts peuvent \u00eatre r\u00e9vis\u00e9s en tout temps par l\u2019Assembl\u00e9e g\u00e9n\u00e9rale \u00e0 la majorit\u00e9 des deux tiers des voix exprim\u00e9es.<\/p>\n<p>&nbsp;<\/p>\n<p>Date d\u2019adoption des pr\u00e9sents statuts par l\u2019Assembl\u00e9e g\u00e9n\u00e9rale\u00a0: <span style=\"color: #ff0000\">23.09.2024<\/span><\/p>\n<p>&nbsp;<\/p>\n<p style=\"text-align: justify\">La co-pr\u00e9sidence<\/p>\n<table border=\"0\" cellspacing=\"0\" cellpadding=\"0\">\n<tbody>\n<tr>\n<td valign=\"top\" width=\"326\">\n<p align=\"center\">Chiara Deslex<\/p>\n<\/td>\n<td valign=\"top\" width=\"326\">\n<p align=\"center\">Olivier Gianella<\/p>\n<\/td>\n<\/tr>\n<\/tbody>\n<\/table>\n<p>&nbsp;<\/p>\n","protected":false},"excerpt":{"rendered":"<p>Version \u00a0PDF des statuts : Statuts AESC 2025 \u00a0Association des \u00c9tudiant\u00b7e\u00b7s en Sciences Criminelles (AESC) de l\u2019Universit\u00e9 de Lausanne Pr\u00e9ambule Dans l\u2019ensemble des pr\u00e9sents statuts, les titres et fonctions d\u00e9signent indiff\u00e9remment des femmes et des hommes. TITRE PREMIER : DISPOSITIONS G\u00c9N\u00c9RALES Article Premier &#8211; Statuts 1L\u2019Association des \u00c9tudiant\u00b7e\u00b7s en Sciences Criminelles (AESC) de l\u2019Universit\u00e9 de &hellip; <\/p>\n<p class=\"link-more\"><a href=\"https:\/\/wp.unil.ch\/aesc\/structure\/statuts\/\" class=\"more-link\">Continuer la lecture<span class=\"screen-reader-text\"> de &laquo;&nbsp;Statuts&nbsp;&raquo;<\/span><\/a><\/p>\n","protected":false},"author":165,"featured_media":0,"parent":14,"menu_order":2,"comment_status":"closed","ping_status":"closed","template":"","meta":{"_seopress_robots_primary_cat":"","_seopress_titles_title":"","_seopress_titles_desc":"","_seopress_robots_index":"","footnotes":""},"class_list":["post-25","page","type-page","status-publish"],"_links":{"self":[{"href":"https:\/\/wp.unil.ch\/aesc\/wp-json\/wp\/v2\/pages\/25","targetHints":{"allow":["GET"]}}],"collection":[{"href":"https:\/\/wp.unil.ch\/aesc\/wp-json\/wp\/v2\/pages"}],"about":[{"href":"https:\/\/wp.unil.ch\/aesc\/wp-json\/wp\/v2\/types\/page"}],"author":[{"embeddable":true,"href":"https:\/\/wp.unil.ch\/aesc\/wp-json\/wp\/v2\/users\/165"}],"replies":[{"embeddable":true,"href":"https:\/\/wp.unil.ch\/aesc\/wp-json\/wp\/v2\/comments?post=25"}],"version-history":[{"count":3,"href":"https:\/\/wp.unil.ch\/aesc\/wp-json\/wp\/v2\/pages\/25\/revisions"}],"predecessor-version":[{"id":3707,"href":"https:\/\/wp.unil.ch\/aesc\/wp-json\/wp\/v2\/pages\/25\/revisions\/3707"}],"up":[{"embeddable":true,"href":"https:\/\/wp.unil.ch\/aesc\/wp-json\/wp\/v2\/pages\/14"}],"wp:attachment":[{"href":"https:\/\/wp.unil.ch\/aesc\/wp-json\/wp\/v2\/media?parent=25"}],"curies":[{"name":"wp","href":"https:\/\/api.w.org\/{rel}","templated":true}]}}