{"id":83,"date":"2014-06-17T22:41:06","date_gmt":"2014-06-17T20:41:06","guid":{"rendered":"http:\/\/wp.unil.ch\/aelac\/?page_id=83"},"modified":"2024-07-22T08:45:01","modified_gmt":"2024-07-22T06:45:01","slug":"series-apocryphorum","status":"publish","type":"page","link":"https:\/\/wp.unil.ch\/aelac\/publications\/series-apocryphorum\/","title":{"rendered":"Series Apocryphorum"},"content":{"rendered":"\n\n\n\n<h2 class=\"wp-block-heading\">Le projet<\/h2>\n\n\n\n<p>La <em>Series apocryphorum<\/em> entend renouveler et enrichir la connaissance de la litt\u00e9rature apocryphe chr\u00e9tienne par le regroupement, l\u2019\u00e9dition critique, la traduction et l\u2019interpr\u00e9tation de textes le plus souvent dispers\u00e9s, quand ils ne sont pas in\u00e9dits.<\/p>\n\n\n\n<h2 class=\"wp-block-heading\">Le corpus<\/h2>\n\n\n\n<p>La <em>Series apocryphorum<\/em> inclut au premier chef ce qu\u2019on a coutume d\u2019appeler \u00ables apocryphes du Nouveau Testament\u00bb (\u00e9vangiles, actes, \u00e9p\u00eetres, apocalypses). Mais la seule r\u00e9f\u00e9rence au Nouveau Testament ne permet pas de rendre compte de la diversit\u00e9 de cette litt\u00e9rature. Son champ est plus large : il s\u2019\u00e9tend \u00e0 tous les textes pseud\u00e9pigraphiques ou anonymes d\u2019origine chr\u00e9tienne qui ont pour centre d\u2019int\u00e9r\u00eat des personnages apparaissant dans les livres bibliques ou se rapportant \u00e0 des \u00e9v\u00e9nements racont\u00e9s ou sugg\u00e9r\u00e9s par ceux-ci. Dans la mesure o\u00f9 ils ont \u00e9t\u00e9 christianis\u00e9s au cours de leur transmission, les \u00e9crits se rattachant \u00e0 des personnages de l\u2019Ancien Testament ou reprenant des traditions juives appartiennent \u00e9galement \u00e0 cette litt\u00e9rature.<\/p>\n\n\n\n<p>De m\u00eame, la <em>Series apocryphorum<\/em> accueille les \u00e9crits post\u00e9rieurs au IVe si\u00e8cle qui, dans des langues diverses, r\u00e9pondent aux caract\u00e9ristiques de la litt\u00e9rature apocryphe chr\u00e9tienne.<\/p>\n\n\n\n<h2 class=\"wp-block-heading\">Un dossier complet<\/h2>\n\n\n\n<p>Du fait des voies de transmission de cette litt\u00e9rature, nombre d\u2019\u00e9crits apocryphes ne nous sont pas parvenus dans leur langue originale ou ne le sont que partiellement ; en revanche, ils ont souvent laiss\u00e9 des traces dans des versions ou remaniements conserv\u00e9s dans une grande vari\u00e9t\u00e9 de langues. Le but de la <em>Series apocryphorum<\/em> est de regrouper tous ces textes qui contribuent directement ou indirectement \u00e0 la connaissance d\u2019un \u00e9crit apocryphe dans un m\u00eame volume afin de faciliter l\u2019\u00e9tude de l\u2019\u00e9crit concern\u00e9 et pour permettre de percevoir comment il a \u00e9t\u00e9 transmis et remani\u00e9 au cours des temps et dans des milieux divers.<\/p>\n\n\n\n<p>Les volumes de la <em>Series apocryphorum<\/em> prennent donc l\u2019aspect d\u2019un dossier, \u00e9labor\u00e9 \u00e0 partir d\u2019un \u00e9crit apocryphe. En r\u00e8gle g\u00e9n\u00e9rale, les pi\u00e8ces de ce dossier b\u00e9n\u00e9ficient d\u2019une nouvelle \u00e9dition critique, souvent am\u00e9lior\u00e9e par la d\u00e9couverte et l\u2019utilisation de t\u00e9moins manuscrits nouveaux. Pour faciliter l\u2019utilisation de ces dossiers rassemblant des pi\u00e8ces d\u2019\u00e9poques et d\u2019expressions linguistiques diff\u00e9rentes, les textes sont pr\u00e9sent\u00e9s et traduits dans une langue moderne internationale. La complexit\u00e9 des probl\u00e8mes litt\u00e9raires et l\u2019obscurit\u00e9 dans laquelle sont encore plong\u00e9es les origines de ces \u00e9crits ont conduit les \u00e9diteurs \u00e0 r\u00e9server une place importante aux introductions et aux commentaires.<\/p>\n\n\n\n<h2 class=\"wp-block-heading\">La Clavis<\/h2>\n\n\n\n<p>La <em>Clavis apocryphorum<\/em> pr\u00e9par\u00e9e par Maurice Geerard constitue un instrument de travail indispensable pour les collaborateurs et les utilisateurs de la Series apocryphorum.<\/p>\n\n\n\n<h2 class=\"wp-block-heading\">Volumes parus<\/h2>\n\n\n\n<table id=\"tablepress-4\" class=\"tablepress tablepress-id-4 collection\">\n<tbody class=\"row-striping row-hover\">\n<tr class=\"row-1\">\n\t<td class=\"column-1\"><\/td><td class=\"column-2\"><em>Clauis Apocryphorum Noui Testamenti<\/em> \/ M. Geerard (1992)<\/td>\n<\/tr>\n<tr class=\"row-2\">\n\t<td class=\"column-1\">1-2<\/td><td class=\"column-2\"><em>Acta Iohannis<\/em> \/ \u00c9. Junod &amp; J.-D. Kaestli (1983)<\/td>\n<\/tr>\n<tr class=\"row-3\">\n\t<td class=\"column-1\">3-4<\/td><td class=\"column-2\"><em>Acta Apostolorum Armeniaca<\/em> \/ \/ L. Leloir (1986, 1992)<\/td>\n<\/tr>\n<tr class=\"row-4\">\n\t<td class=\"column-1\">5-6<\/td><td class=\"column-2\"><em>Acta Andreae<\/em> \/ J.-M. Prieur (1989)<\/td>\n<\/tr>\n<tr class=\"row-5\">\n\t<td class=\"column-1\">7-8 <\/td><td class=\"column-2\"><em>Ascensio Isaiae<\/em> \/ E. Norelli, P. Bettiolo, A. Giambelluca Kossova, C. Leonardi, L. Perrone (1995)<\/td>\n<\/tr>\n<tr class=\"row-6\">\n\t<td class=\"column-1\">9-10<\/td><td class=\"column-2\"><em>Libri de natiuitate Mariae<\/em> \/ R. Beyers, J. Gijsel (1997)<\/td>\n<\/tr>\n<tr class=\"row-7\">\n\t<td class=\"column-1\">11-12<\/td><td class=\"column-2\"><em>Acta Philippi<\/em>  \/ F. Bovon, B. Bouvier, F. Amsler (1999)<\/td>\n<\/tr>\n<tr class=\"row-8\">\n\t<td class=\"column-1\">13-14<\/td><td class=\"column-2\"><em>Apocrypha Hiberniae<\/em>, t. I : <em>Evangelia infantiae<\/em> \/ M. McNamara, C. Breatnach, J. Carey, M. Herbert, J.-D. Kaestli, \u2020 B. \u00d3 Cu\u00edv, P. \u00d3 Fiannachta, \u2020 D. \u00d3 Laoghaire, R. Beyers (2001-2002) <\/td>\n<\/tr>\n<tr class=\"row-9\">\n\t<td class=\"column-1\">15<\/td><td class=\"column-2\"><em>Kerygma Petri<\/em> \/ M. Cambe (2003)<\/td>\n<\/tr>\n<tr class=\"row-10\">\n\t<td class=\"column-1\">16<\/td><td class=\"column-2\"><em>Apocrypha Hiberniae<\/em>,  t. II,1 : <em>In Tenga Bithnua \u2014 The Ever-New Tongue<\/em> \/ J. Carrey (2009)<\/td>\n<\/tr>\n<tr class=\"row-11\">\n\t<td class=\"column-1\">17<\/td><td class=\"column-2\"><em>De infantia Iesu Euangelium Thomae Graece<\/em> \/ T. Burke (2011)<\/td>\n<\/tr>\n<tr class=\"row-12\">\n\t<td class=\"column-1\">18-19<\/td><td class=\"column-2\"><em>Vita latina Adae et Evae<\/em> \/ J.-P. Pettorelli (2012)<\/td>\n<\/tr>\n<tr class=\"row-13\">\n\t<td class=\"column-1\">20<\/td><td class=\"column-2\"><em>Apocrypha Armeniaca<\/em>, t. 1 :  <a href=\"https:\/\/www.brepols.net\/Pages\/ShowProduct.aspx?prod_id=IS-9782503569864-1\"><em>Acta Pauli et Theclae \u2013 Miracula Theclae \u2013 Martyrium Pauli<\/em><\/a><\/em> \/  V. Calzolari (2017)<\/td>\n<\/tr>\n<tr class=\"row-14\">\n\t<td class=\"column-1\">21<\/td><td class=\"column-2\"><em>Apocrypha Hiberniae<\/em>, t. II.2 :  <a href=\"https:\/\/www.brepols.net\/Pages\/ShowProduct.aspx?prod_id=IS-9782503585352-1\"><em>Apocalyptica 2<\/em><\/a><\/em> \/  M. McNamara MSC, C. Breatnach, P. A. Breatnach, J. Carey, U. Mac Gearailt, M. Herbert, C. \u00d3 Dochartaigh, E. Poppe, C. D. Wright (2019)<\/td>\n<\/tr>\n<tr class=\"row-15\">\n\t<td class=\"column-1\">22<\/td><td class=\"column-2\"><em>Apocrypha Hiberniae<\/em>, t. II.3 :  <a href=\"https:\/\/www.brepols.net\/products\/IS-9782503600819-1\"><em>Apocalyptica 3<\/em><\/a><\/em> \/   M. McNamara MSC, C. Breatnach, P. A. Breatnach, J. Carey, J. Flahive, U. Mac Gearailt, M. Herbert, C. \u00d3 Dochartaigh, E. Poppe, Ch. D. Wright (2023)<\/td>\n<\/tr>\n<\/tbody>\n<\/table>\n<!-- #tablepress-4 from cache -->\n\n\n\n<p>\u00c9dition et diffusion : <a href=\"https:\/\/www.brepols.net\/\">Brepols Publishers<\/a>, Begijnhof 67, BE-2300 Turnhout<\/p>\n\n\n\n<h2 class=\"wp-block-heading\">Volumes en pr\u00e9paration<\/h2>\n\n\n\n<ul class=\"wp-block-list\">\n<li><em>Abgari Cyclus<\/em>&nbsp;\/ A. Desreumaux, A. Palmer, N. Tshkhikvadze,\u2020 P. Marrassini, D. Proverbio<\/li>\n\n\n\n<li><em>Acta Andreae et Matthiae<\/em>&nbsp;\/ A. Vinogradov<\/li>\n\n\n\n<li><em>Acta apostolorum Coptica<\/em>&nbsp;\/ F. Morard<\/li>\n\n\n\n<li><em>Acta apostolorum Aethiopica<\/em>&nbsp;\/ A. Bausi<\/li>\n\n\n\n<li><em>Acta Pauli<\/em>&nbsp;\/ W. Rordorf, P. Cherix &amp; P. W. Dunn<\/li>\n\n\n\n<li><em>Acta Petri<\/em>&nbsp;\/ G. Poupon<\/li>\n\n\n\n<li><em>Acta Pilati<\/em>&nbsp;\/ J.-D. Dubois, R. Beylot, A. Frey, Ch. Furrer, R. Gounelle, Z. Izydorczyk, B. Outtier, G. Roquet, S. Torres Prieto, I. Younan<\/li>\n\n\n\n<li><em>Acta Thomae<\/em>&nbsp;\/ P.-H. Poirier &amp; Y. Tissot<\/li>\n\n\n\n<li><em>Anaphora Pilati &amp; Paradosis Pilati, Rescriptum Tiberii, Declaratio Iosephi, Epistulae Pilati et Herodis<\/em>&nbsp;\/ G. Aragione<\/li>\n\n\n\n<li><em>Apocalypses Iohannis apocryphae<\/em>&nbsp;\/ E. Valeriani<\/li>\n\n\n\n<li><em>Apocalypsis Esdrae<\/em>&nbsp;\/ D. Ellul, F. G. Nuvolone, \u2020 J.-Cl. Picard<\/li>\n\n\n\n<li><em>Apocalypsis Pauli<\/em>&nbsp;\/ P. Piovanelli &amp; alii<\/li>\n\n\n\n<li><em>Apocalypsis Petri<\/em>&nbsp;\/ \u2020 P. Marrassini, E. Norelli, A. Bausi<\/li>\n\n\n\n<li><em>Apocalypsis Thomae<\/em>&nbsp;\/ Ch. Wright<\/li>\n\n\n\n<li><em>De Christi sacerdotio<\/em>&nbsp;\/ F. G. Nuvolone &amp; G. Ziffer<\/li>\n\n\n\n<li><em>De uita Mariae Syriace<\/em>&nbsp;\/ St. Shoemaker<\/li>\n\n\n\n<li><em>Epistula apostolorum<\/em>&nbsp;\/ J.-N. P\u00e9r\u00e8s<\/li>\n\n\n\n<li><em>Euangelium Iohannis apocryphum Arabice<\/em>&nbsp;\/ C. B. Horn &amp; P. R. Phenix<\/li>\n\n\n\n<li><em>Evangelium Thomae de infantia salvatoris Latine<\/em>&nbsp;\/ S. Voicu<\/li>\n\n\n\n<li><em>Odae Solomonis<\/em>&nbsp;\/ M.-J. Pierre<\/li>\n\n\n\n<li><em>Oracula sibyllina&nbsp;<\/em>\/ J.-M. Roessli<\/li>\n\n\n\n<li><em>Passio apostolorum Petri et Pauli<\/em>&nbsp;\/ Alberto d&rsquo;Anna<\/li>\n\n\n\n<li><em>Protevangelium Iacobi<\/em>&nbsp;\/ A. Frey &amp; alii<\/li>\n\n\n\n<li><em>Pseudo-Clementina Syriaca<\/em>&nbsp;\/ St. F. Jones<\/li>\n\n\n\n<li><em>Quaestiones Bartholomaei &#8211; Liber resurrectionis Jesu Christi<\/em>&nbsp;\/ J.-D. Kaestli, B. Philonenko-Sayar, P. Cherix<\/li>\n\n\n\n<li><em>Reuelatio magorum<\/em>&nbsp;\/ B. C. Landau<\/li>\n\n\n\n<li><em>Virtutes apostolorum<\/em>&nbsp;\/ Els Rose<\/li>\n\n\n\n<li><em>Vitae prophetarum &#8211; Indices apostolorum discipulorumque<\/em> \/ F. Dolbeau, Ch. Guignard &amp; alii<\/li>\n<\/ul>\n","protected":false},"excerpt":{"rendered":"<p>Le projet La Series apocryphorum entend renouveler et enrichir la connaissance de la litt\u00e9rature apocryphe chr\u00e9tienne par le regroupement, l\u2019\u00e9dition critique, la traduction et l\u2019interpr\u00e9tation de textes le plus souvent &hellip; <\/p>\n","protected":false},"author":1395,"featured_media":857,"parent":87,"menu_order":1,"comment_status":"closed","ping_status":"closed","template":"","meta":{"_seopress_robots_primary_cat":"","_seopress_titles_title":"","_seopress_titles_desc":"","_seopress_robots_index":"","footnotes":""},"class_list":["post-83","page","type-page","status-publish","has-post-thumbnail"],"_links":{"self":[{"href":"https:\/\/wp.unil.ch\/aelac\/wp-json\/wp\/v2\/pages\/83","targetHints":{"allow":["GET"]}}],"collection":[{"href":"https:\/\/wp.unil.ch\/aelac\/wp-json\/wp\/v2\/pages"}],"about":[{"href":"https:\/\/wp.unil.ch\/aelac\/wp-json\/wp\/v2\/types\/page"}],"author":[{"embeddable":true,"href":"https:\/\/wp.unil.ch\/aelac\/wp-json\/wp\/v2\/users\/1395"}],"replies":[{"embeddable":true,"href":"https:\/\/wp.unil.ch\/aelac\/wp-json\/wp\/v2\/comments?post=83"}],"version-history":[{"count":4,"href":"https:\/\/wp.unil.ch\/aelac\/wp-json\/wp\/v2\/pages\/83\/revisions"}],"predecessor-version":[{"id":1686,"href":"https:\/\/wp.unil.ch\/aelac\/wp-json\/wp\/v2\/pages\/83\/revisions\/1686"}],"up":[{"embeddable":true,"href":"https:\/\/wp.unil.ch\/aelac\/wp-json\/wp\/v2\/pages\/87"}],"wp:featuredmedia":[{"embeddable":true,"href":"https:\/\/wp.unil.ch\/aelac\/wp-json\/wp\/v2\/media\/857"}],"wp:attachment":[{"href":"https:\/\/wp.unil.ch\/aelac\/wp-json\/wp\/v2\/media?parent=83"}],"curies":[{"name":"wp","href":"https:\/\/api.w.org\/{rel}","templated":true}]}}