{"id":312,"date":"2014-06-20T18:13:27","date_gmt":"2014-06-20T16:13:27","guid":{"rendered":"http:\/\/wp.unil.ch\/aelac\/?page_id=312"},"modified":"2024-07-22T08:22:04","modified_gmt":"2024-07-22T06:22:04","slug":"liens","status":"publish","type":"page","link":"https:\/\/wp.unil.ch\/aelac\/liens\/","title":{"rendered":"Liens utiles"},"content":{"rendered":"\n<h2 class=\"wp-block-heading\">Annuaire de sites<\/h2>\n\n\n\n<ul class=\"wp-block-list\">\n<li><a href=\"https:\/\/www.uni-leipzig.de\/~nt\/asp\">Arbeitshilfen f\u00fcr das Studium der Pseudepigraphen<\/a><\/li>\n\n\n\n<li><a href=\"https:\/\/www-user.uni-bremen.de\/%7Ewie\/bibel.html\">Bible Links Page de W. Willker <\/a><\/li>\n\n\n\n<li><a href=\"https:\/\/www.menestrel.fr\">M\u00e9nestrel : Histoire religieuse de l\u2019Occident m\u00e9di\u00e9val<\/a><\/li>\n\n\n\n<li><a href=\"https:\/\/www.ntgateway.com\/noncanon.htm\">NT Gateway : The web directory of internet resources <\/a><\/li>\n\n\n\n<li><a href=\"https:\/\/ccat.sas.upenn.edu\/%7Ejtreat\/rs\/resources.html\">Internet Resources for the Study of Judaism and Christianity (Jay C. Treat)<\/a><\/li>\n\n\n\n<li><a href=\"https:\/\/www.tonyburke.ca\/new-testament-apocrypha\">New Testament Apocrypha (T. Burke)<\/a><\/li>\n<\/ul>\n\n\n\n<h2 class=\"wp-block-heading\">Encyclop\u00e9dies &#8211; r\u00e9pertoires bibliographiques<\/h2>\n\n\n\n<ul class=\"wp-block-list\">\n<li><a href=\"https:\/\/www.bibil.net\">BiBIL : Bibliographie Biblique Informatis\u00e9e de Lausanne<\/a><\/li>\n\n\n\n<li><a href=\"https:\/\/www.voskrese.info\/spl\/index.html\">St. Pachomius Library : A First Draft for a Living Encyclop\u00e6dia of Orthodox Christianity<\/a><\/li>\n\n\n\n<li><a href=\"https:\/\/www.bbkl.de\/\">Biographisch-Bibliographisches Kirchenlexikon<\/a><\/li>\n\n\n\n<li><a href=\"https:\/\/www.bibl.ulaval.ca\/bd\/bibp\/\">BIBP : Base d&rsquo;Information Bibliographique en Patristique de la Biblioth\u00e8que de l&rsquo;Universit\u00e9 de Laval<\/a><\/li>\n\n\n\n<li><a href=\"https:\/\/www.uibk.ac.at\/bibfu\/bildi\/\">BILDI: Bibelwissenschaftliche Literaturdokumentation Innsbruck<\/a><\/li>\n\n\n\n<li><a href=\"https:\/\/bibliography.arc-humanities.org\/fr\/the-apocrypha-in-the-middle-ages\/\">Medieval Studies Bibliographies : The Apocrypha in the Middle Ages<\/a><\/li>\n\n\n\n<li><a href=\"https:\/\/www.fordham.edu\/halsall\/byzantium\/\">BYZANTIUM : Byzantine Studies on the Internet<\/a><\/li>\n<\/ul>\n\n\n\n<h2 class=\"wp-block-heading\">Traductions (et textes) des apocryphes<\/h2>\n\n\n\n<ul class=\"wp-block-list\">\n<li><a href=\"https:\/\/www.interfaith.org\/christianity\/apocrypha\/\">NT Apocrypha<\/a><\/li>\n\n\n\n<li><a href=\"https:\/\/wesley.nnu.edu\/sermons-essays-books\/noncanonical-literature\/\">Wesley Center Online (Apocryphes de l&rsquo;AT et du NT et P\u00e8res de l&rsquo;\u00c9glise en traduction anglaise)<\/a><\/li>\n\n\n\n<li><a href=\"https:\/\/www.ccel.org\/fathers\/\">CCEL : Christian Classics Ethereal Library (texte des P\u00e8res ant\u00e9nic\u00e9ens, nic\u00e9ens et post-nic\u00e9ens,<br \/>avec possibilit\u00e9 de recherche)<\/a><\/li>\n\n\n\n<li><a href=\"https:\/\/www.iath.virginia.edu\/anderson\/iath.report.html\">An Electronic Edition of the Life of Adam and Eve Gary A. Anderson The University of Virginia Michael E. Stone The Hebrew University of Jerusalem. <\/a><\/li>\n<\/ul>\n\n\n\n<h2 class=\"wp-block-heading\">R\u00e9pertoire de manuscrits<\/h2>\n\n\n\n<ul class=\"wp-block-list\">\n<li><a href=\"https:\/\/bhlms.fltr.ucl.ac.be\/presentation.cfm\">Bibliotheca hagiographica Latina manuscripta (Universit\u00e9 catholique de Louvain &#8211; Soci\u00e9t\u00e9 des Bollandistes)<\/a><\/li>\n\n\n\n<li><a href=\"https:\/\/pinakes.irht.cnrs.fr\/\">Pinakes : textes et manuscrits grecs<\/a><\/li>\n<\/ul>\n\n\n\n<h2 class=\"wp-block-heading\">Manuscrits num\u00e9ris\u00e9s<\/h2>\n\n\n\n<p>Ne sont ici recens\u00e9s que les sites qui recensent eux-m\u00eame des catalogues de manuscrits num\u00e9ris\u00e9s.<\/p>\n\n\n\n<ul class=\"wp-block-list\">\n<li><a href=\"https:\/\/digitizedmedievalmanuscripts.org\/app\/\">DMMapp &#8211; Digitized medieval manuscripts app<\/a><\/li>\n\n\n\n<li><a href=\"https:\/\/library.princeton.edu\/byzantine\/manuscript-title-list\">Digitized Greek Manuscripts<\/a><\/li>\n\n\n\n<li><a href=\"https:\/\/irht.hypotheses.org\/3428\">Le manuscrit m\u00e9di\u00e9val num\u00e9ris\u00e9 : ressources en libre acc\u00e8s<\/a><\/li>\n<\/ul>\n\n\n\n<h2 class=\"wp-block-heading\">Iconographie<\/h2>\n\n\n\n<ul class=\"wp-block-list\">\n<li><a href=\"https:\/\/faculty.maryvillecollege.edu\/scripts\/as_web4.exe?Command=First&amp;File=DAVE-DOM.ASK\">APOCICON (D. R. Cartlidge)<\/a><\/li>\n<\/ul>\n","protected":false},"excerpt":{"rendered":"<p>Annuaire de sites Encyclop\u00e9dies &#8211; r\u00e9pertoires bibliographiques Traductions (et textes) des apocryphes R\u00e9pertoire de manuscrits Manuscrits num\u00e9ris\u00e9s Ne sont ici recens\u00e9s que les sites qui recensent eux-m\u00eame des catalogues de &hellip; <\/p>\n","protected":false},"author":1395,"featured_media":0,"parent":0,"menu_order":6,"comment_status":"closed","ping_status":"closed","template":"","meta":{"_seopress_robots_primary_cat":"","_seopress_titles_title":"","_seopress_titles_desc":"","_seopress_robots_index":"","footnotes":""},"class_list":["post-312","page","type-page","status-publish"],"_links":{"self":[{"href":"https:\/\/wp.unil.ch\/aelac\/wp-json\/wp\/v2\/pages\/312","targetHints":{"allow":["GET"]}}],"collection":[{"href":"https:\/\/wp.unil.ch\/aelac\/wp-json\/wp\/v2\/pages"}],"about":[{"href":"https:\/\/wp.unil.ch\/aelac\/wp-json\/wp\/v2\/types\/page"}],"author":[{"embeddable":true,"href":"https:\/\/wp.unil.ch\/aelac\/wp-json\/wp\/v2\/users\/1395"}],"replies":[{"embeddable":true,"href":"https:\/\/wp.unil.ch\/aelac\/wp-json\/wp\/v2\/comments?post=312"}],"version-history":[{"count":1,"href":"https:\/\/wp.unil.ch\/aelac\/wp-json\/wp\/v2\/pages\/312\/revisions"}],"predecessor-version":[{"id":1672,"href":"https:\/\/wp.unil.ch\/aelac\/wp-json\/wp\/v2\/pages\/312\/revisions\/1672"}],"wp:attachment":[{"href":"https:\/\/wp.unil.ch\/aelac\/wp-json\/wp\/v2\/media?parent=312"}],"curies":[{"name":"wp","href":"https:\/\/api.w.org\/{rel}","templated":true}]}}