{"id":217,"date":"2014-06-18T19:54:14","date_gmt":"2014-06-18T17:54:14","guid":{"rendered":"http:\/\/wp.unil.ch\/aelac\/?page_id=217"},"modified":"2023-06-05T15:55:18","modified_gmt":"2023-06-05T13:55:18","slug":"bulletin","status":"publish","type":"page","link":"https:\/\/wp.unil.ch\/aelac\/bulletin\/","title":{"rendered":"Bulletin de l&rsquo;AELAC"},"content":{"rendered":"<h2>Descriptif<\/h2>\n<p>Le Bulletin de l&rsquo;AELAC a pour but de faciliter l&rsquo;\u00e9change d&rsquo;id\u00e9es et d&rsquo;informations entre les personnes int\u00e9ress\u00e9es par la litt\u00e9rature apocryphe chr\u00e9tienne. Aussi le Bulletin ne s&rsquo;adresse-t-il pas seulement aux membres de l&rsquo;AELAC \u2013 qui y trouveront un reflet des activit\u00e9s de l&rsquo;association et des renseignements utiles \u2013, mais \u00e9galement \u00e0 tous ceux qui s&rsquo;int\u00e9ressent de pr\u00e8s ou de loin \u00e0 la litt\u00e9rature apocryphe chr\u00e9tienne.<\/p>\n<p>Chaque Bulletin contient d&rsquo;habitude :<\/p>\n<ul>\n<li>le programme de la r\u00e9union annuelle de l&rsquo;AELAC de Dole ;<\/li>\n<li>les rapports du pr\u00e9sident et du secr\u00e9taire g\u00e9n\u00e9ral ;<\/li>\n<li>une \u00e9tude ;<\/li>\n<li>les comptes rendus de la r\u00e9union de Dole et des diff\u00e9rents groupes de travail ;<\/li>\n<li>des renseignements divers, questions, probl\u00e8mes ;<\/li>\n<li>les travaux signal\u00e9s par les membres et correspondants de l&rsquo;AELAC ;<\/li>\n<li>les adresses des membres et correspondants de l&rsquo;AELAC.<\/li>\n<\/ul>\n<h2>Abonnement<\/h2>\n<p>Pour figurer dans la liste des correspondants et obtenir le Bulletin ou pour vous abonner au Bulletin, veuillez vous adresser \u00e0 la R\u00e9daction du Bulletin de l&rsquo;AELAC, Institut romand des sciences bibliques, Universit\u00e9 de Lausanne, B\u00e2timent central, CH-1015 Lausanne.<\/p>\n<h2>Les Bulletins de l&rsquo;AELAC en format PDF<\/h2>\n<p>N.B. Ces documents ne contiennent ni la bibliographie ni les adresses des membres et correspondants. Vous trouverez sur ce site la bibliographie cumul\u00e9e des bulletins. Les adresses des membres et correspondants sont \u00e9galement disponibles, en acc\u00e8s restreints.<\/p>\n<ul>\n<li><a href=\"https:\/\/wp.unil.ch\/aelac\/files\/2023\/06\/bull2831.pdf\">Bulletin no 28-31 (2018-2021)<\/a><\/li>\n<li><a href=\"https:\/\/wp.unil.ch\/aelac\/files\/2018\/11\/bull2627.pdf\">Bulletin no 26-27 (2016-2017)<\/a><\/li>\n<li><a href=\"https:\/\/wp.unil.ch\/aelac\/files\/2018\/11\/bull2425.pdf\">Bulletin no 24-25 (2014-2015)<\/a><\/li>\n<li><a href=\"https:\/\/wp.unil.ch\/aelac\/files\/2015\/01\/bull2223.pdf\">Bulletin no 22-23 (2012-2013)<\/a><\/li>\n<li><a href=\"https:\/\/wp.unil.ch\/aelac\/files\/2014\/06\/bull2021.pdf\">Bulletin no 20-21 (2010-2011)<\/a><\/li>\n<li><a href=\"https:\/\/wp.unil.ch\/aelac\/files\/2014\/06\/bull1819.pdf\">Bulletin no 18-19 (2008-2009)<\/a><\/li>\n<li><a href=\"https:\/\/wp.unil.ch\/aelac\/files\/2014\/06\/bull17.pdf\">Bulletin no 17 (2007)<\/a><\/li>\n<li><a href=\"https:\/\/wp.unil.ch\/aelac\/files\/2014\/06\/bull1516.pdf\">Bulletin no 15-16 (2005-06)<\/a><\/li>\n<li><a href=\"https:\/\/wp.unil.ch\/aelac\/files\/2014\/06\/bull14.pdf\">Bulletin no 14 (2004)<\/a><\/li>\n<li><a href=\"https:\/\/wp.unil.ch\/aelac\/files\/2014\/06\/bull13.pdf\">Bulletin no 13 (2003)<\/a><\/li>\n<li><a href=\"https:\/\/wp.unil.ch\/aelac\/files\/2014\/06\/bull12.pdf\">Bulletin no 12 (2002)<\/a><\/li>\n<li><a href=\"https:\/\/wp.unil.ch\/aelac\/files\/2014\/06\/bull11.pdf\">Bulletin no 11 (2001)<\/a><\/li>\n<li><a href=\"https:\/\/wp.unil.ch\/aelac\/files\/2014\/06\/bull10.pdf\">Bulletin no 10 (2000)<\/a><\/li>\n<li><a href=\"https:\/\/wp.unil.ch\/aelac\/files\/2014\/06\/bull09.pdf\">Bulletin no 9 (1999)<\/a><\/li>\n<li><a href=\"https:\/\/wp.unil.ch\/aelac\/files\/2014\/06\/bull08.pdf\">Bulletin no 8 (1998)<\/a><\/li>\n<li><a href=\"https:\/\/wp.unil.ch\/aelac\/files\/2014\/06\/bull07.pdf\">Bulletin no 7 (1997)<\/a><\/li>\n<li><a href=\"https:\/\/wp.unil.ch\/aelac\/files\/2014\/06\/bull06.pdf\">Bulletin no 6 (1996)<\/a><\/li>\n<li><a href=\"https:\/\/wp.unil.ch\/aelac\/files\/2014\/06\/bull05.pdf\">Bulletin no 5 (1995)<\/a><\/li>\n<li><a href=\"https:\/\/wp.unil.ch\/aelac\/files\/2014\/06\/bull04.pdf\">Bulletin no 4 (1994)<\/a><\/li>\n<li><a href=\"https:\/\/wp.unil.ch\/aelac\/files\/2014\/06\/bull03.pdf\">Bulletin no 3 (1993)<\/a><\/li>\n<li><a href=\"https:\/\/wp.unil.ch\/aelac\/files\/2014\/06\/bull02.pdf\">Bulletin no 2 (1992)<\/a><\/li>\n<li><a href=\"https:\/\/wp.unil.ch\/aelac\/files\/2014\/06\/bull01.pdf\">Bulletin no 1 (1991)<\/a><\/li>\n<li><a href=\"https:\/\/wp.unil.ch\/aelac\/files\/2015\/05\/bull00.pdf\">Bulletin no 0 (1990)<\/a><\/li>\n<\/ul>\n<h2>\u00c9tudes parues dans les Bulletins de l&rsquo;AELAC<\/h2>\n<ul>\n<li><a href=\"https:\/\/wp.unil.ch\/aelac\/files\/2014\/06\/etud01.pdf\">A. BAUSI, \u00ab\u00a0I manoscritti arabo-cristiani\u00a0: la catalogazione\u00a0\u00bb, Bulletin 3 (1993), p. 17-21.<\/a><\/li>\n<li><a href=\"https:\/\/wp.unil.ch\/aelac\/files\/2014\/06\/etud02.pdf\">B. COULIE, \u00ab\u00a0R\u00e9pertoire des biblioth\u00e8ques et des catalogues de manuscrits arm\u00e9niens\u00a0\u00bb, Bulletin 3 (1993), p. 21-22.<\/a><\/li>\n<li><a href=\"https:\/\/wp.unil.ch\/aelac\/files\/2014\/06\/etud03.pdf\">A. DESREUMAUX, \u00ab\u00a0Les \u0153uvres de la litt\u00e9rature apocryphe chr\u00e9tienne en aram\u00e9en christo-palestinien\u00a0\u00bb, Bulletin 9 (1999), p. 9-14.<\/a><\/li>\n<li><a href=\"https:\/\/wp.unil.ch\/aelac\/files\/2014\/06\/etud04.pdf\">A. DESREUMAUX, \u00ab\u00a0La recherche de manuscrits syriaques\u00a0\u00bb, Bulletin 3 (1993), p. 23.<\/a><\/li>\n<li><a href=\"https:\/\/wp.unil.ch\/aelac\/files\/2014\/06\/etud16.pdf\">L. DITOMMASO, \u00ab\u00a0Microform Manuscript Collections in the United States\u00a0\u00bb, Bulletin 17 (2007), p. 14-16.<\/a><\/li>\n<li><a href=\"https:\/\/wp.unil.ch\/aelac\/files\/2014\/06\/etud06.pdf\">J.-D. DUBOIS, \u00ab\u00a0L&rsquo;AELAC, vingt ans apr\u00e8s \u2014 Ou remarques sur l&rsquo;\u00e9tude des litt\u00e9ratures apocryphes\u00a0\u00bb, Bulletin 11 (2001), p. 24-30.<\/a><\/li>\n<li><a href=\"https:\/\/wp.unil.ch\/aelac\/files\/2014\/06\/etud05.pdf\">J.-D. DUBOIS, \u00ab\u00a0Suggestions pour la recherche de manuscrits latins\u00a0\u00bb, Bulletin 3 (1993), p. 22-23.<\/a><\/li>\n<li><a href=\"https:\/\/wp.unil.ch\/aelac\/files\/2014\/06\/etud07.pdf\">St. EMMEL, \u00ab\u00a0The &lsquo;Gospel of the Savior&rsquo;: A New Witness to the Strasbourg Coptic Gospel\u00a0\u00bb, Bulletin 12 (2002), p. 9-12.<\/a><\/li>\n<li><a href=\"https:\/\/wp.unil.ch\/aelac\/files\/2014\/06\/etud08.pdf\">P. G\u00c9HIN, \u00ab\u00a0Heuristique des manuscrits grecs\u00a0\u00bb, Bulletin 3 (1993), p. 11-17. <\/a><\/li>\n<li><a href=\"https:\/\/wp.unil.ch\/aelac\/files\/2014\/06\/etud17.pdf\">Ch. GUIGNARD, \u00ab\u00a0Tradition horizontale et tradition verticale\u00a0: r\u00e9flexions ecdotiques \u00e0 partir de l&rsquo;introduction de Schwartz son \u00e9dition de l&rsquo;Histoire eccl\u00e9siastique d&rsquo;Eus\u00e8be\u00a0\u00bb, Bulletin 18-19 (2008-2009), p. 21-31. <\/a><\/li>\n<li><a href=\"https:\/\/wp.unil.ch\/aelac\/files\/2015\/01\/etud18.pdf\">Ch. GUIGNARD, \u00ab\u00a0Les listes grecques d\u2019ap\u00f4tres et de disciples du Christ\u00a0: pr\u00e9sentation d\u2019un projet de recherche\u00a0\u00bb, Bulletin 22-23 (2012-2013), p. 29-34. <\/a><\/li>\n<li><a href=\"https:\/\/wp.unil.ch\/aelac\/files\/2014\/06\/etud09.pdf\">E. NORELLI, \u00ab\u00a0Testimonia apocryphes dans le christianisme ancien &#8211; projet d&rsquo;un recueil et probl\u00e8mes de m\u00e9thode\u00a0\u00bb, Bulletin 6 (1996), p. 12-18. <\/a><\/li>\n<li><a href=\"https:\/\/wp.unil.ch\/aelac\/files\/2014\/06\/etud10.pdf\">A. PALMER, \u00ab\u00a0The place of King Abgar in the scheme of Eusebius&rsquo; Ecclesiastical History\u00a0\u00bb, Bulletin 8 (1998), p. 17-19. <\/a><\/li>\n<li><a href=\"https:\/\/wp.unil.ch\/aelac\/files\/2014\/06\/etud11.pdf\">P. PIOVANELLI, \u00ab\u00a0Le Livre du Coq \u00e0 la crois\u00e9e des chemins\u00a0\u00bb, Bulletin 12 (2002), p. 12-16. <\/a><\/li>\n<li><a href=\"https:\/\/wp.unil.ch\/aelac\/files\/2014\/06\/etud12.pdf\">P. PIOVANELLI, \u00ab\u00a0Les Paralipom\u00e8nes de J\u00e9r\u00e9mie d\u00e9pendent-ils de l&rsquo;Histoire de la captivit\u00e9 babylonienne\u00a0?\u00a0\u00bb, Bulletin 7 (1997), p. 10-14.. <\/a><\/li>\n<li><a href=\"https:\/\/wp.unil.ch\/aelac\/files\/2014\/06\/etud13.pdf\">P. PIOVANELLI, \u00ab\u00a0Le texte originel de l&rsquo;Apocalypse de Paul\u00a0: probl\u00e8mes de datation\u00a0\u00bb, Bulletin 3 (1993), p. 25-27. <\/a><\/li>\n<li><a href=\"https:\/\/wp.unil.ch\/aelac\/files\/2014\/06\/etud14.pdf\">M. VAN ESBROECK, \u00ab\u00a0La L\u00e9gende de Christomaios et la L\u00e9gende de Poti\u00a0\u00bb, Bulletin 4 (1994), p. 13. <\/a><\/li>\n<li><a href=\"https:\/\/wp.unil.ch\/aelac\/files\/2014\/06\/etud15.pdf\">S. VOICU, \u00ab\u00a0La Tradition latine des <em>Paidika<\/em>\u00a0\u00bb, Bulletin 14 (2004), p. 13-21. <\/a><\/li>\n<\/ul>\n","protected":false},"excerpt":{"rendered":"<p>Descriptif Le Bulletin de l&rsquo;AELAC a pour but de faciliter l&rsquo;\u00e9change d&rsquo;id\u00e9es et d&rsquo;informations entre les personnes int\u00e9ress\u00e9es par la litt\u00e9rature apocryphe chr\u00e9tienne. Aussi le Bulletin ne s&rsquo;adresse-t-il pas seulement &hellip; <\/p>\n","protected":false},"author":1395,"featured_media":0,"parent":0,"menu_order":3,"comment_status":"closed","ping_status":"closed","template":"","meta":{"_seopress_robots_primary_cat":"","_seopress_titles_title":"","_seopress_titles_desc":"","_seopress_robots_index":"","footnotes":""},"class_list":["post-217","page","type-page","status-publish"],"_links":{"self":[{"href":"https:\/\/wp.unil.ch\/aelac\/wp-json\/wp\/v2\/pages\/217","targetHints":{"allow":["GET"]}}],"collection":[{"href":"https:\/\/wp.unil.ch\/aelac\/wp-json\/wp\/v2\/pages"}],"about":[{"href":"https:\/\/wp.unil.ch\/aelac\/wp-json\/wp\/v2\/types\/page"}],"author":[{"embeddable":true,"href":"https:\/\/wp.unil.ch\/aelac\/wp-json\/wp\/v2\/users\/1395"}],"replies":[{"embeddable":true,"href":"https:\/\/wp.unil.ch\/aelac\/wp-json\/wp\/v2\/comments?post=217"}],"version-history":[{"count":0,"href":"https:\/\/wp.unil.ch\/aelac\/wp-json\/wp\/v2\/pages\/217\/revisions"}],"wp:attachment":[{"href":"https:\/\/wp.unil.ch\/aelac\/wp-json\/wp\/v2\/media?parent=217"}],"curies":[{"name":"wp","href":"https:\/\/api.w.org\/{rel}","templated":true}]}}