{"id":158,"date":"2013-03-05T11:19:44","date_gmt":"2013-03-05T10:19:44","guid":{"rendered":"http:\/\/wp.unil.ch\/ael\/?page_id=158"},"modified":"2025-09-07T15:07:25","modified_gmt":"2025-09-07T13:07:25","slug":"assemblee-des-delegue-e-s-de-la-fae","status":"publish","type":"page","link":"https:\/\/wp.unil.ch\/ael\/politiquefacultaire\/assemblee-des-delegue-e-s-de-la-fae\/","title":{"rendered":"Assembl\u00e9e des D\u00e9l\u00e9gu\u00e9\u00b7e\u00b7s de la FAE"},"content":{"rendered":"\n<h3 class=\"wp-block-heading\">L&rsquo;Assembl\u00e9e des D\u00e9l\u00e9gu\u00e9\u00b7e\u00b7s, qu&rsquo;est-ce?<\/h3>\n\n\n\n<p>L&rsquo;Assembl\u00e9e des D\u00e9l\u00e9gu\u00e9\u00b7e\u00b7s (AD) est l&rsquo;organe l\u00e9gislatif de la FAE. C&rsquo;est aussi l\u00e0 que se d\u00e9cident les prises de position de la FAE et que se discute l&rsquo;orientation g\u00e9n\u00e9rale de la FAE.<\/p>\n\n\n\n<p>L&rsquo;AD de la FAE se r\u00e9unit une fois par mois durant le semestre. Elle est compos\u00e9e des membres du bureau de la FAE, du\/de la Secr\u00e9taire G\u00e9n\u00e9ral\u00b7e\u00b7x de la FAE et des d\u00e9l\u00e9gu\u00e9\u00b7e\u00b7s \u00e9tudiant\u00b7e\u00b7x\u00b7s venant de chaque Facult\u00e9 et des tir\u00e9\u00b7e\u00b7x\u00b7s au sort.<\/p>\n\n\n\n<h3 class=\"wp-block-heading\">Attributions de l&rsquo;Assembl\u00e9e des D\u00e9legu\u00e9\u00b7e\u00b7s<\/h3>\n\n\n\n<p>L&rsquo;assembl\u00e9e des d\u00e9l\u00e9gu\u00e9\u00b7e\u00b7s a pour t\u00e2ches:<\/p>\n\n\n\n<ul class=\"wp-block-list\">\n<li>\u00e9tablir la politique de la FAE ;<\/li>\n\n\n\n<li>\u00e9lire le bureau ;<\/li>\n\n\n\n<li>\u00e9lire les copr\u00e9sident\u00b7e\u00b7x\u00b7s de la FAE ;<\/li>\n\n\n\n<li>\u00e9lire le\u00b7a secr\u00e9taire g\u00e9n\u00e9ral\u00b7e\u00b7x et d&rsquo;\u00e9tablir son cahier des charges ;<\/li>\n\n\n\n<li>approuver chaque ann\u00e9e, apr\u00e8s deux discussions (avant et apr\u00e8s la pause estivale), le plan d&rsquo;activit\u00e9s, qui traite notamment des relations avec les associations membres et du champ d&rsquo;action de la FAE ;<\/li>\n\n\n\n<li>approuver chaque ann\u00e9e les rapports d&rsquo;activit\u00e9s pr\u00e9sent\u00e9s par le Bureau et le\u00b7a secr\u00e9taire g\u00e9n\u00e9ral\u00b7e\u00b7x et par les repr\u00e9sentant\u00b7e\u00b7x\u00b7s de la FAE dans les commissions du Rectorat ;<\/li>\n\n\n\n<li>\u00e9lire l&rsquo;organe de r\u00e9vision ;<\/li>\n\n\n\n<li>approuver les comptes, de voter le budget et de d\u00e9cider des d\u00e9penses extraordinaires exc\u00e9dant 700.- frs ; \u00e0 l&rsquo;exception des subventions qui sont fix\u00e9es par le r\u00e8glement approuv\u00e9 par l&rsquo;AD du 8 novembre 2005.<\/li>\n\n\n\n<li>mandater des groupes de travail ou des responsables, de les r\u00e9voquer et de leur fixer des d\u00e9lais pour la pr\u00e9sentation des rapports ;<\/li>\n\n\n\n<li>\u00e9lire la commission de recours ; <\/li>\n\n\n\n<li>\u00e9lire le comit\u00e9 de r\u00e9daction de l&rsquo;Auditoire ;<\/li>\n\n\n\n<li>approuver la charte de l&rsquo;Auditoire ;<\/li>\n\n\n\n<li>approuver les comptes de l&rsquo;Auditoire.<\/li>\n<\/ul>\n\n\n\n<p>En outre, l&rsquo;Assembl\u00e9e des D\u00e9l\u00e9gu\u00e9\u00b7e\u00b7s dispose de toute comp\u00e9tence qui n&rsquo;est pas express\u00e9ment attribu\u00e9e \u00e0 un autre organe de la FAE.<\/p>\n\n\n\n<p>Vous trouverez tous les d\u00e9tails sur l&rsquo;AD dans les <a href=\"https:\/\/www.fae-unil.ch\/wp-content\/uploads\/2020\/01\/Statuts_FAE_190415.pdf\" target=\"_blank\" rel=\"noopener noreferrer\">statuts de la FAE<\/a> aux articles 13 \u00e0 20.<\/p>\n\n\n\n<h3 class=\"wp-block-heading\">D\u00e9l\u00e9gu\u00e9\u00b7e\u00b7s de l&rsquo;AEL \u00e0 l&rsquo;AD de la FAE<\/h3>\n\n\n\n<p class=\"has-text-align-center\">Emilien Chardonnet<\/p>\n\n\n\n<p class=\"has-text-align-center\">Niko Goldmann<\/p>\n\n\n\n<p class=\"has-text-align-center\">Oscar Jordan<\/p>\n\n\n\n<p class=\"has-text-align-center\">Suppl\u00e9ant\u00b7e\u00b7x: &#8211;<\/p>\n\n\n\n<h3 class=\"wp-block-heading\">La FAE<\/h3>\n\n\n\n<p>Si tu d\u00e9sires en savoir un peu plus sur la FAE, ses activit\u00e9s , les contenus de ses prises de positions, alors va visiter directement <a href=\"https:\/\/www.fae-unil.ch\/\" target=\"_blank\" rel=\"noopener noreferrer\">le site qui lui est d\u00e9di\u00e9<\/a>.<\/p>\n","protected":false},"excerpt":{"rendered":"<p>L&rsquo;Assembl\u00e9e des D\u00e9l\u00e9gu\u00e9\u00b7e\u00b7s, qu&rsquo;est-ce? L&rsquo;Assembl\u00e9e des D\u00e9l\u00e9gu\u00e9\u00b7e\u00b7s (AD) est l&rsquo;organe l\u00e9gislatif de la FAE. C&rsquo;est aussi l\u00e0 que se d\u00e9cident les prises de position de la FAE et&hellip;<\/p>\n","protected":false},"author":108,"featured_media":0,"parent":77,"menu_order":2,"comment_status":"closed","ping_status":"closed","template":"","meta":{"_seopress_robots_primary_cat":"","_seopress_titles_title":"","_seopress_titles_desc":"","_seopress_robots_index":"","footnotes":""},"class_list":["post-158","page","type-page","status-publish","has-post-thumbnail"],"_links":{"self":[{"href":"https:\/\/wp.unil.ch\/ael\/wp-json\/wp\/v2\/pages\/158","targetHints":{"allow":["GET"]}}],"collection":[{"href":"https:\/\/wp.unil.ch\/ael\/wp-json\/wp\/v2\/pages"}],"about":[{"href":"https:\/\/wp.unil.ch\/ael\/wp-json\/wp\/v2\/types\/page"}],"author":[{"embeddable":true,"href":"https:\/\/wp.unil.ch\/ael\/wp-json\/wp\/v2\/users\/108"}],"replies":[{"embeddable":true,"href":"https:\/\/wp.unil.ch\/ael\/wp-json\/wp\/v2\/comments?post=158"}],"version-history":[{"count":5,"href":"https:\/\/wp.unil.ch\/ael\/wp-json\/wp\/v2\/pages\/158\/revisions"}],"predecessor-version":[{"id":2198,"href":"https:\/\/wp.unil.ch\/ael\/wp-json\/wp\/v2\/pages\/158\/revisions\/2198"}],"up":[{"embeddable":true,"href":"https:\/\/wp.unil.ch\/ael\/wp-json\/wp\/v2\/pages\/77"}],"wp:attachment":[{"href":"https:\/\/wp.unil.ch\/ael\/wp-json\/wp\/v2\/media?parent=158"}],"curies":[{"name":"wp","href":"https:\/\/api.w.org\/{rel}","templated":true}]}}

Assemblée des Délégué·e·s de la FAE

<h3 class="wp-block-heading">L&rsquo;Assemblée des Délégué·e·s, qu&rsquo;est-ce?</h3>



<p>L&rsquo;Assemblée des Délégué·e·s (AD) est l&rsquo;organe législatif de la FAE. C&rsquo;est aussi là que se décident les prises de position de la FAE et que se discute l&rsquo;orientation générale de la FAE.</p>



<p>L&rsquo;AD de la FAE se réunit une fois par mois durant le semestre. Elle est composée des membres du bureau de la FAE, du/de la Secrétaire Général·e·x de la FAE et des délégué·e·s étudiant·e·x·s venant de chaque Faculté et des tiré·e·x·s au sort.</p>



<h3 class="wp-block-heading">Attributions de l&rsquo;Assemblée des Délegué·e·s</h3>



<p>L&rsquo;assemblée des délégué·e·s a pour tâches:</p>



<ul class="wp-block-list">
<li>établir la politique de la FAE ;</li>



<li>élire le bureau ;</li>



<li>élire les coprésident·e·x·s de la FAE ;</li>



<li>élire le·a secrétaire général·e·x et d&rsquo;établir son cahier des charges ;</li>



<li>approuver chaque année, après deux discussions (avant et après la pause estivale), le plan d&rsquo;activités, qui traite notamment des relations avec les associations membres et du champ d&rsquo;action de la FAE ;</li>



<li>approuver chaque année les rapports d&rsquo;activités présentés par le Bureau et le·a secrétaire général·e·x et par les représentant·e·x·s de la FAE dans les commissions du Rectorat ;</li>



<li>élire l&rsquo;organe de révision ;</li>



<li>approuver les comptes, de voter le budget et de décider des dépenses extraordinaires excédant 700.- frs ; à l&rsquo;exception des subventions qui sont fixées par le règlement approuvé par l&rsquo;AD du 8 novembre 2005.</li>



<li>mandater des groupes de travail ou des responsables, de les révoquer et de leur fixer des délais pour la présentation des rapports ;</li>



<li>élire la commission de recours ; </li>



<li>élire le comité de rédaction de l&rsquo;Auditoire ;</li>



<li>approuver la charte de l&rsquo;Auditoire ;</li>



<li>approuver les comptes de l&rsquo;Auditoire.</li>
</ul>



<p>En outre, l&rsquo;Assemblée des Délégué·e·s dispose de toute compétence qui n&rsquo;est pas expressément attribuée à un autre organe de la FAE.</p>



<p>Vous trouverez tous les détails sur l&rsquo;AD dans les <a href="https://www.fae-unil.ch/wp-content/uploads/2020/01/Statuts_FAE_190415.pdf" target="_blank" rel="noopener noreferrer">statuts de la FAE</a> aux articles 13 à 20.</p>



<h3 class="wp-block-heading">Délégué·e·s de l&rsquo;AEL à l&rsquo;AD de la FAE</h3>



<p class="has-text-align-center">Emilien Chardonnet</p>



<p class="has-text-align-center">Niko Goldmann</p>



<p class="has-text-align-center">Oscar Jordan</p>



<p class="has-text-align-center">Suppléant·e·x: &#8211;</p>



<h3 class="wp-block-heading">La FAE</h3>



<p>Si tu désires en savoir un peu plus sur la FAE, ses activités , les contenus de ses prises de positions, alors va visiter directement <a href="https://www.fae-unil.ch/" target="_blank" rel="noopener noreferrer">le site qui lui est dédié</a>.</p>

<p>L&rsquo;Assemblée des Délégué·e·s, qu&rsquo;est-ce? L&rsquo;Assemblée des Délégué·e·s (AD) est l&rsquo;organe législatif de la FAE. C&rsquo;est aussi là que se décident les prises de position de la FAE et&hellip;</p>
