{"id":149,"date":"2013-03-05T11:08:06","date_gmt":"2013-03-05T10:08:06","guid":{"rendered":"http:\/\/wp.unil.ch\/ael\/?page_id=149"},"modified":"2025-09-07T15:09:39","modified_gmt":"2025-09-07T13:09:39","slug":"conseil-de-faculte","status":"publish","type":"page","link":"https:\/\/wp.unil.ch\/ael\/politiquefacultaire\/conseil-de-faculte\/","title":{"rendered":"Conseil de Facult\u00e9"},"content":{"rendered":"\n<h3 class=\"wp-block-heading\">Qu&rsquo;est-ce que le Conseil de Facult\u00e9 ?<\/h3>\n\n\n\n<p>Le Conseil de Facult\u00e9 est l&rsquo;organe l\u00e9gislatif de la Facult\u00e9. C&rsquo;est l\u00e0 o\u00f9 sont vot\u00e9s les r\u00e8glements de Facult\u00e9 et \u00e9lu\u00b7e\u00b7x\u00b7s les professeur\u00b7e\u00b7x\u00b7s propos\u00e9\u00b7e\u00b7x\u00b7s par les commissions de pr\u00e9sentation. C&rsquo;est \u00e9galement l\u00e0 que sont approuv\u00e9s les programmes d&rsquo;\u00e9tudes. Le Conseil de Facult\u00e9 se r\u00e9unit environ une fois par mois durant le semestre. Les assembl\u00e9es sont pr\u00e9sid\u00e9es par le\u00b7a Doyen\u00b7ne\u00b7x de la Facult\u00e9. Depuis le d\u00e9but de l&rsquo;ann\u00e9e, le conseil est compos\u00e9 de 44 membres, dont 18 issus du corps professoral, 8 du corps interm\u00e9diaire, 6 du personnel administratif et technique (PAT) et 12 du corps \u00e9tudiant. L&rsquo;\u00e9lection de ces 12 membres du corps \u00e9tudiant est organis\u00e9e par l&rsquo;AEL.<\/p>\n\n\n\n<h3 class=\"wp-block-heading\">Attributions du Conseil de Facult\u00e9<\/h3>\n\n\n\n<p><strong>Art. 16 <\/strong>Les attributions du Conseil de Facult\u00e9 sont les suivantes :<\/p>\n\n\n\n<ul class=\"wp-block-list\">\n<li>a)&nbsp;proposer \u00e0 la Direction la d\u00e9signation du Doyen ;<\/li>\n\n\n\n<li>b)&nbsp;\u00e9lire les autres membres du D\u00e9canat ;<\/li>\n\n\n\n<li>c) se prononcer sur la gestion du D\u00e9canat ;<\/li>\n\n\n\n<li>d) adopter la composition des commissions permanentes et temporaires propos\u00e9e par le D\u00e9canat ;<\/li>\n\n\n\n<li>e) proposer \u00e0 la Direction la cr\u00e9ation ou la suppression d\u2019unit\u00e9s ;<\/li>\n\n\n\n<li>f) pr\u00e9aviser, \u00e0 l\u2019intention de la Direction, le r\u00e8glement de la Facult\u00e9 ;<\/li>\n\n\n\n<li>fbis) pr\u00e9aviser, \u00e0 l\u2019intention de la Direction, les r\u00e8glements et les plans d\u2019\u00e9tudes en conformit\u00e9 avec le RGE ;<\/li>\n\n\n\n<li>fter) pr\u00e9aviser, le cas \u00e9ch\u00e9ant, \u00e0 l\u2019intention de la Direction, les directives et les prises de position au nom de la Facult\u00e9 ;<\/li>\n\n\n\n<li>g) pr\u00e9aviser, \u00e0 l\u2019intention de la Direction, les rapports des commissions de pr\u00e9sentation du corps professoral, les rapports des commissions de pr\u00e9sentation des MER, les rapports proposant l\u2019attribution du titre de professeur titulaire, les rapports proposant la stabilisation d\u2019un ma\u00eetre-assistant par promotion \u00e0 la fonction de MER, les rapports proposant l\u2019octroi du titre de privat-docent, les rapports des commissions de promotion ;<\/li>\n\n\n\n<li>gbis) proposer \u00e0 la Direction l\u2019octroi du titre de professeur honoraire ;<\/li>\n\n\n\n<li>h) pr\u00e9aviser la politique g\u00e9n\u00e9rale de la Facult\u00e9 avant adoption d\u00e9finitive par le D\u00e9canat ;<\/li>\n\n\n\n<li>i) adopter des r\u00e9solutions sur toutes questions relatives \u00e0 la Facult\u00e9 ;<\/li>\n\n\n\n<li>j) adopter la proposition de budget de la Facult\u00e9 soumise par le D\u00e9canat.<\/li>\n<\/ul>\n\n\n\n<p>Les articles 13-21 du r\u00e8glement de la facult\u00e9 (RFAC 2019) sont d\u00e9di\u00e9s au conseil de Facult\u00e9. Nous vous invitons \u00e0 en prendre connaissance avant de postuler.<\/p>\n\n\n\n<p>Tous les r\u00e8glements et directives se trouvent sur la page suivante&nbsp;: <a href=\"https:\/\/www.unil.ch\/lettres\/home\/menuinst\/faculte\/reglements-directives.html\">https:\/\/www.unil.ch\/lettres\/home\/menuinst\/faculte\/reglements-directives.html<\/a><\/p>\n\n\n\n<p>Pour votre postulation, nous vous remercions de nous envoyer une lettre expliquant vos int\u00e9r\u00eats augment\u00e9e d\u2019un descriptif de votre parcours acad\u00e9mique et professionnel. Votre candidature sera examin\u00e9e par le comit\u00e9 de l\u2019AEL. En cas de candidatures multiples, nous proc\u00e8derons \u00e0 un vote qui d\u00e9terminera le\u00b7a futur\u00b7e\u00b7x repr\u00e9sentant\u00b7e\u00b7x.<\/p>\n\n\n\n<h3 class=\"wp-block-heading\">Les d\u00e9l\u00e9gu\u00e9es du Corps \u00e9tudiant au Conseil de Facult\u00e9<\/h3>\n\n\n\n<p>Voici les 12 d\u00e9l\u00e9gu\u00e9\u00b7e\u00b7x\u00b7s pour le Conseil de Facult\u00e9. Iels ont \u00e9t\u00e9 \u00e9lu\u00b7e\u00b7x\u00b7s en mai 2023 pour un mandat de deux ans (2023-2025).<\/p>\n\n\n\n<p><\/p>\n\n\n\n<ul class=\"wp-block-list\">\n<li>Ouiss\u00e8m Aggoun<\/li>\n\n\n\n<li>Erika Castrill\u00f3n Morales<\/li>\n\n\n\n<li>Am\u00e9lie Dauban<\/li>\n\n\n\n<li>Fabiano De Donno<\/li>\n\n\n\n<li>Kair\u00f3s Diniz e Benson<\/li>\n\n\n\n<li>R\u00e9ka Ga\u00e1l<\/li>\n\n\n\n<li>Niko Goldmann<\/li>\n\n\n\n<li>Oscar Jordan<\/li>\n\n\n\n<li>Hannah Maxwell<\/li>\n\n\n\n<li>Samuel Meyer<\/li>\n\n\n\n<li>Lucie Ortet<\/li>\n\n\n\n<li>Maxime Regamey<\/li>\n<\/ul>\n\n\n\n<h3 class=\"wp-block-heading\">Tu d\u00e9sires en savoir plus sur le Conseil de Facult\u00e9?<\/h3>\n\n\n\n<p>Consulte donc la page qui lui est d\u00e9di\u00e9 <a href=\"https:\/\/www.unil.ch\/lettres\/page6876.html\" target=\"_blank\" rel=\"noopener noreferrer\">sur le site de la Facult\u00e9<\/a>.<\/p>\n\n\n\n<p>&nbsp;<\/p>\n","protected":false},"excerpt":{"rendered":"<p>Qu&rsquo;est-ce que le Conseil de Facult\u00e9 ? Le Conseil de Facult\u00e9 est l&rsquo;organe l\u00e9gislatif de la Facult\u00e9. C&rsquo;est l\u00e0 o\u00f9 sont vot\u00e9s les r\u00e8glements de Facult\u00e9 et \u00e9lu\u00b7e\u00b7x\u00b7s&hellip;<\/p>\n","protected":false},"author":108,"featured_media":0,"parent":77,"menu_order":0,"comment_status":"closed","ping_status":"closed","template":"","meta":{"_seopress_robots_primary_cat":"","_seopress_titles_title":"","_seopress_titles_desc":"","_seopress_robots_index":"","footnotes":""},"class_list":["post-149","page","type-page","status-publish","has-post-thumbnail"],"_links":{"self":[{"href":"https:\/\/wp.unil.ch\/ael\/wp-json\/wp\/v2\/pages\/149","targetHints":{"allow":["GET"]}}],"collection":[{"href":"https:\/\/wp.unil.ch\/ael\/wp-json\/wp\/v2\/pages"}],"about":[{"href":"https:\/\/wp.unil.ch\/ael\/wp-json\/wp\/v2\/types\/page"}],"author":[{"embeddable":true,"href":"https:\/\/wp.unil.ch\/ael\/wp-json\/wp\/v2\/users\/108"}],"replies":[{"embeddable":true,"href":"https:\/\/wp.unil.ch\/ael\/wp-json\/wp\/v2\/comments?post=149"}],"version-history":[{"count":5,"href":"https:\/\/wp.unil.ch\/ael\/wp-json\/wp\/v2\/pages\/149\/revisions"}],"predecessor-version":[{"id":2200,"href":"https:\/\/wp.unil.ch\/ael\/wp-json\/wp\/v2\/pages\/149\/revisions\/2200"}],"up":[{"embeddable":true,"href":"https:\/\/wp.unil.ch\/ael\/wp-json\/wp\/v2\/pages\/77"}],"wp:attachment":[{"href":"https:\/\/wp.unil.ch\/ael\/wp-json\/wp\/v2\/media?parent=149"}],"curies":[{"name":"wp","href":"https:\/\/api.w.org\/{rel}","templated":true}]}}