{"id":120,"date":"2013-02-27T14:39:27","date_gmt":"2013-02-27T13:39:27","guid":{"rendered":"http:\/\/wp.unil.ch\/ael\/?page_id=120"},"modified":"2025-11-12T19:13:54","modified_gmt":"2025-11-12T18:13:54","slug":"recours","status":"publish","type":"page","link":"https:\/\/wp.unil.ch\/ael\/service-aux-etudiant-e-s\/recours\/","title":{"rendered":"Recours"},"content":{"rendered":"\n<h1 class=\"wp-block-heading\">Permanence recours<\/h1>\n\n\n\n<p>Apr\u00e8s chaque session d&rsquo;examens, l&rsquo;AEL organise une permanence pour aider les \u00e9tudiant\u00b7e\u00b7x\u00b7s souhaitant faire recours contre leurs r\u00e9sultats. Toutefois, le recours n&rsquo;est pas de tout repos! En effet, cela prend du temps et de l&rsquo;\u00e9nergie et il n&rsquo;aboutit que sur l&rsquo;annulation de la note, et en aucun cas sur un changement de celle-ci!<\/p>\n\n\n\n<p>De plus, le recours est soumis \u00e0 quelques conditions et doit se fonder exclusivement \u00ab\u00a0sur l\u2019ill\u00e9galit\u00e9 de la d\u00e9cision, un grief de vice de forme ou d\u2019arbitraire\u00a0\u00bb. Tu trouveras le r\u00e8glement d&rsquo;\u00e9tude complet, dont l&rsquo;article 35 r\u00e9git les recours (extrait de l&rsquo;art. 35 ci-dessous), sur la page des <strong><a href=\"https:\/\/www.unil.ch\/lettres\/fr\/home\/menuinst\/faculte\/reglements-directives.html\" target=\"_blank\" rel=\"noreferrer noopener\">r\u00e8glements facultaires<\/a> <\/strong>(r\u00e8glement entr\u00e9 en vigueur le 2 janvier 2018).<\/p>\n\n\n\n<figure class=\"wp-block-image\"><a href=\"https:\/\/wp.unil.ch\/ael\/files\/2018\/01\/Art.-35-Recours-R\u00e8glement-facultaire.png\"><img alt=\"\" loading=\"lazy\" decoding=\"async\" width=\"1024\" height=\"574\" src=\"https:\/\/wp.unil.ch\/ael\/files\/2018\/01\/Art.-35-Recours-R\u00e8glement-facultaire-1024x574.png\" alt=\"\" class=\"wp-image-1306\" srcset=\"https:\/\/wp.unil.ch\/ael\/files\/2018\/01\/Art.-35-Recours-R\u00e8glement-facultaire-1024x574.png 1024w, https:\/\/wp.unil.ch\/ael\/files\/2018\/01\/Art.-35-Recours-R\u00e8glement-facultaire-300x168.png 300w, https:\/\/wp.unil.ch\/ael\/files\/2018\/01\/Art.-35-Recours-R\u00e8glement-facultaire-768x430.png 768w, https:\/\/wp.unil.ch\/ael\/files\/2018\/01\/Art.-35-Recours-R\u00e8glement-facultaire.png 1278w\" sizes=\"auto, (max-width: 1024px) 100vw, 1024px\" \/><\/a><\/figure>\n\n\n\n<h3 class=\"wp-block-heading\">Quelques pr\u00e9cisions<\/h3>\n\n\n\n<ul class=\"wp-block-list\">\n<li><strong>Tu as fait une note insuffisante<\/strong><br><p style=\"text-align: justify\">Il faut, dans tous les cas, essayer de comprendre la raison de ton \u00e9chec. Et n&rsquo;h\u00e9site pas \u00e0 aller voir ta copie et \u00e0 prendre rendez-vous avec les professeur\u00b7e\u00b7x\u00b7s et enseignant\u00b7e\u00b7x\u00b7s. En comprenant les causes de ton \u00e9chec, tu pourras, nous en sommes s\u00fbrs, am\u00e9liorer tes r\u00e9sultats lors de la prochaine tentative.<\/p><br><\/li>\n\n\n\n<li><strong>Tu as d\u00e9cid\u00e9 de faire recours?<\/strong><br><p style=\"text-align: justify\">Pour que ton recours ait une chance d&rsquo;\u00eatre accept\u00e9, il faut qu&rsquo;il entre dans les crit\u00e8res \u00e9nonc\u00e9s dans l&rsquo;article 35 du r\u00e8glement de facult\u00e9, dont un extrait se trouve ci-dessus. Si c&rsquo;est le cas, tu as <strong>30 jours<\/strong> pour d\u00e9poser ta demande de recours au D\u00e9canat.<\/p><br><\/li>\n<\/ul>\n\n\n\n<p>Nous te conseillons de venir au bureau de l&rsquo;AEL afin de discuter de la proc\u00e9dure et te conseiller sur les \u00e9tapes de ton dossier. En effet, comme nous avons un\u00b7e\u00b7x d\u00e9l\u00e9gu\u00e9\u00b7e\u00b7x dans la commission de recours, nous savons quels sont les \u00e9l\u00e9ments pertinents \u00e0 mentionner dans le m\u00e9moire de recours qu&rsquo;il faudra soumettre \u00e0 la commission qui g\u00e8rera le dossier.<\/p>\n\n\n\n<p>Enfin, n&rsquo;oublie pas de nous tenir au courant de ta d\u00e9marche, nous appr\u00e9cions conna\u00eetre les r\u00e9sultats des recours que nous appuyons, cela nous aide \u00e0 mieux conseiller les proc\u00e9dures suivantes.<\/p>\n\n\n\n<h3 class=\"wp-block-heading\">Conflit avec un\u00b7e\u00b7x enseignant\u00b7e\u00b7x ?<\/h3>\n\n\n\n<p>Si tu as des probl\u00e8mes avec un\u00b7e\u00b7x enseignant\u00b7e\u00b7x, viens nous en parler pour \u00e9viter que la situation s&rsquo;envenime, car nous pouvons t&rsquo;aider \u00e0 les r\u00e9soudre. Il peut s&rsquo;agir notamment de probl\u00e8mes de d\u00e9lais impos\u00e9s, d&rsquo;injustices et\/ou autres.<\/p>\n\n\n\n<h3 class=\"wp-block-heading\">Plus d&rsquo;information?<\/h3>\n\n\n\n<p>Pour plus d&rsquo;informations, nous te conseillons de visiter les sites suivants. Il est possible que lors de ton entretien avec un membre de l&rsquo;AEL, nous te redirigeons vers d&rsquo;autres instances, plus \u00e0 m\u00eame de suivre ton dossier.<\/p>\n\n\n\n<p><a href=\"https:\/\/fae-unil.ch\/service-juridique\/\" target=\"_blank\" rel=\"noreferrer noopener\">Site de la FAE (F\u00e9d\u00e9ration des associations d&rsquo;\u00e9tudiant\u00b7e\u00b7s de l&rsquo;UNIL)<\/a><\/p>\n\n\n\n<p><a href=\"https:\/\/www.crul.ch\/\" target=\"_blank\" rel=\"noreferrer noopener\">Site de la commission de recours de l&rsquo;Universit\u00e9 de Lausanne<\/a><\/p>\n","protected":false},"excerpt":{"rendered":"<p>Permanence recours Apr\u00e8s chaque session d&rsquo;examens, l&rsquo;AEL organise une permanence pour aider les \u00e9tudiant\u00b7e\u00b7x\u00b7s souhaitant faire recours contre leurs r\u00e9sultats. Toutefois, le recours n&rsquo;est pas de tout repos!&hellip;<\/p>\n","protected":false},"author":108,"featured_media":0,"parent":70,"menu_order":2,"comment_status":"closed","ping_status":"closed","template":"","meta":{"_seopress_robots_primary_cat":"","_seopress_titles_title":"","_seopress_titles_desc":"","_seopress_robots_index":"","footnotes":""},"class_list":["post-120","page","type-page","status-publish","has-post-thumbnail"],"_links":{"self":[{"href":"https:\/\/wp.unil.ch\/ael\/wp-json\/wp\/v2\/pages\/120","targetHints":{"allow":["GET"]}}],"collection":[{"href":"https:\/\/wp.unil.ch\/ael\/wp-json\/wp\/v2\/pages"}],"about":[{"href":"https:\/\/wp.unil.ch\/ael\/wp-json\/wp\/v2\/types\/page"}],"author":[{"embeddable":true,"href":"https:\/\/wp.unil.ch\/ael\/wp-json\/wp\/v2\/users\/108"}],"replies":[{"embeddable":true,"href":"https:\/\/wp.unil.ch\/ael\/wp-json\/wp\/v2\/comments?post=120"}],"version-history":[{"count":2,"href":"https:\/\/wp.unil.ch\/ael\/wp-json\/wp\/v2\/pages\/120\/revisions"}],"predecessor-version":[{"id":2238,"href":"https:\/\/wp.unil.ch\/ael\/wp-json\/wp\/v2\/pages\/120\/revisions\/2238"}],"up":[{"embeddable":true,"href":"https:\/\/wp.unil.ch\/ael\/wp-json\/wp\/v2\/pages\/70"}],"wp:attachment":[{"href":"https:\/\/wp.unil.ch\/ael\/wp-json\/wp\/v2\/media?parent=120"}],"curies":[{"name":"wp","href":"https:\/\/api.w.org\/{rel}","templated":true}]}}