{"id":125,"date":"2012-07-10T11:12:52","date_gmt":"2012-07-10T09:12:52","guid":{"rendered":"http:\/\/wp.unil.ch\/aege\/?page_id=125"},"modified":"2023-11-03T09:20:16","modified_gmt":"2023-11-03T08:20:16","slug":"journee-des-metiers","status":"publish","type":"page","link":"https:\/\/wp.unil.ch\/aege\/evenements\/journee-des-metiers\/","title":{"rendered":"Journ\u00e9e des M\u00e9tiers"},"content":{"rendered":"<p><strong>Malgr\u00e9 ces belles \u00e9tudes, tu te sens perdu\u00b7ex dans tes plans d\u2019avenir ?<\/strong><\/p>\n<p><strong>T\u2019inqui\u00e8te, on a la solution : LA JOURN\u00c9E DES M\u00c9TIERS !<\/strong><\/p>\n<p><strong>Quand ?<\/strong> Mercredi 8 novembre 2023 de 16h20 \u00e0 19h00<\/p>\n<p><strong>O\u00f9?<\/strong> G\u00e9opolis (2 \u00e9tage)<\/p>\n<p>D\u00e9roulement:<\/p>\n<ul>\n<li>Introduction du SOC (Service d&rsquo;orientation et carri\u00e8re)<\/li>\n<li>Pr\u00e9sentations en Environnement salle 2122<\/li>\n<li>Pr\u00e9sentations en G\u00e9ographie salle 2130<\/li>\n<li>Pr\u00e9sentations en G\u00e9ologie salle 2114<\/li>\n<\/ul>\n<p>Le Service d\u2019Orientation et Carri\u00e8re (SOC) ouvrira la soir\u00e9e entre 16h20 et 16h30. Puis, il y a aura dans les 3 salles, les 3 orientations \u00e0 savoir G\u00e9ographie, Science de l\u2019Environnement et G\u00e9ologie. Les intervenant\u00b7e\u00b7x\u00b7s pr\u00e9senteront d\u2019abord leurs parcours et les trucs trop cools qu\u2019iels font en 15 minutes, puis c\u2019est \u00e0 ton tour de poser des questions (n\u2019h\u00e9sites vraiment pas, on compte sur toi pour rendre cette soir\u00e9e interactive !!) !<\/p>\n<p>La soir\u00e9e sera conclue par un ap\u00e9ritif, tu pourras encore \u00e9changer \u00e0 ce moment l\u00e0 avec les diff\u00e9rent\u00b7e\u00b7x\u00b7s intervenant\u00b7e\u00b7x\u00b7s.<\/p>\n<p>Le programme se trouve ici : <a href=\"https:\/\/wp.unil.ch\/aege\/files\/2023\/11\/JDM.23.pdf\">JDM.23<\/a><\/p>\n","protected":false},"excerpt":{"rendered":"<p>Malgr\u00e9 ces belles \u00e9tudes, tu te sens perdu\u00b7ex dans tes plans d\u2019avenir ? T\u2019inqui\u00e8te, on a la solution : LA JOURN\u00c9E DES M\u00c9TIERS ! Quand ? Mercredi 8 novembre 2023 de 16h20 \u00e0 19h00 O\u00f9? G\u00e9opolis (2 \u00e9tage) D\u00e9roulement: Introduction<\/p>\n","protected":false},"author":931,"featured_media":0,"parent":36,"menu_order":1,"comment_status":"closed","ping_status":"closed","template":"","meta":{"_seopress_robots_primary_cat":"","_seopress_titles_title":"","_seopress_titles_desc":"","_seopress_robots_index":"","ngg_post_thumbnail":0,"footnotes":""},"class_list":["post-125","page","type-page","status-publish"],"_links":{"self":[{"href":"https:\/\/wp.unil.ch\/aege\/wp-json\/wp\/v2\/pages\/125","targetHints":{"allow":["GET"]}}],"collection":[{"href":"https:\/\/wp.unil.ch\/aege\/wp-json\/wp\/v2\/pages"}],"about":[{"href":"https:\/\/wp.unil.ch\/aege\/wp-json\/wp\/v2\/types\/page"}],"author":[{"embeddable":true,"href":"https:\/\/wp.unil.ch\/aege\/wp-json\/wp\/v2\/users\/931"}],"replies":[{"embeddable":true,"href":"https:\/\/wp.unil.ch\/aege\/wp-json\/wp\/v2\/comments?post=125"}],"version-history":[{"count":1,"href":"https:\/\/wp.unil.ch\/aege\/wp-json\/wp\/v2\/pages\/125\/revisions"}],"predecessor-version":[{"id":2338,"href":"https:\/\/wp.unil.ch\/aege\/wp-json\/wp\/v2\/pages\/125\/revisions\/2338"}],"up":[{"embeddable":true,"href":"https:\/\/wp.unil.ch\/aege\/wp-json\/wp\/v2\/pages\/36"}],"wp:attachment":[{"href":"https:\/\/wp.unil.ch\/aege\/wp-json\/wp\/v2\/media?parent=125"}],"curies":[{"name":"wp","href":"https:\/\/api.w.org\/{rel}","templated":true}]}}