{"id":179,"date":"2023-03-21T15:18:09","date_gmt":"2023-03-21T14:18:09","guid":{"rendered":"https:\/\/wp.unil.ch\/aeefle\/?page_id=179"},"modified":"2025-06-29T13:49:49","modified_gmt":"2025-06-29T11:49:49","slug":"nous-contacter","status":"publish","type":"page","link":"https:\/\/wp.unil.ch\/aeefle\/nous-contacter\/","title":{"rendered":"Nous contacter"},"content":{"rendered":"\n<div class=\"wp-block-columns is-layout-flex wp-container-core-columns-is-layout-9d6595d7 wp-block-columns-is-layout-flex\">\n<div class=\"wp-block-column is-layout-flow wp-block-column-is-layout-flow\">\n<p>Mail de l&rsquo;association: aeefle@asso-unil.ch<\/p>\n\n\n\n<p>Les coordonn\u00e9es des membres du Bureau Ex\u00e9cutif :<\/p>\n\n\n\n<div class=\"wp-block-columns is-layout-flex wp-container-core-columns-is-layout-9d6595d7 wp-block-columns-is-layout-flex\">\n<div class=\"wp-block-column is-layout-flow wp-block-column-is-layout-flow\" style=\"flex-basis:100%\">\n<p>Vitalina Stukanova  vitalina.stukanova@unil.ch, pr\u00e9sidente<\/p>\n\n\n\n<p>Odalis Micaela Sanmartin D\u00e1vila odalismicaela.sanmartindavila@unil.ch, secr\u00e9taire<\/p>\n\n\n\n<p>Viktoriia Melnykova viktoriia.melnykova@unil.ch, tr\u00e9sori\u00e8re<\/p>\n\n\n\n<p>Yuliya Shvets yuliya.shvets@unil.ch, tr\u00e9sori\u00e8re<\/p>\n\n\n\n<p>Nous tenons \u00e0 exprimer toute notre gratitude \u00e0 nos membres actifs (actuels et anciens): Hussein Al-Challabi, Mehmet Sah et Taisiia Drobysheva, pour leur engagement ! \ud83c\udf1f<\/p>\n\n\n\n<p>Nous remercions \u00e9galement chaleureusement  les premiers membres de l&rsquo;AEEFLE qui l&rsquo;ont cr\u00e9\u00e9e: Bagyan Maria, Birkh\u00e4user Isabelle et Kovalenko Anastasiia. <\/p>\n\n\n\n<p><strong>Nous remercions chaleureusement Arina Granatkina, arina.granat@gmail.com, d&rsquo;avoir \u00e9labor\u00e9 et dessin\u00e9 le symbole de l&rsquo;Association, les illustrations du site et de nos affiches <\/strong>\ud83d\udc27<\/p>\n<\/div>\n<\/div>\n\n\n\n<p class=\"has-small-font-size\"><\/p>\n\n\n\n<div class=\"wp-block-columns is-layout-flex wp-container-core-columns-is-layout-9d6595d7 wp-block-columns-is-layout-flex\">\n<div class=\"wp-block-column is-layout-flow wp-block-column-is-layout-flow\">\n<p>Rejoins notre groupe WhatsApp pour tous les actus et \u00e9v\u00e9nements EFLE, et pour \u00e9changer dans une ambiance d\u00e9tendue !\ud83d\ude0e<\/p>\n\n\n\n<figure class=\"wp-block-image size-large is-resized\"><img alt=\"\" loading=\"lazy\" decoding=\"async\" width=\"879\" height=\"1024\" src=\"https:\/\/wp.unil.ch\/aeefle\/files\/2023\/09\/Capture-decran-2023-09-16-a-17.57.42-879x1024.png\" alt=\"\" class=\"wp-image-385\" style=\"aspect-ratio:0.8582474226804123;width:262px;height:auto\" srcset=\"https:\/\/wp.unil.ch\/aeefle\/files\/2023\/09\/Capture-decran-2023-09-16-a-17.57.42-879x1024.png 879w, https:\/\/wp.unil.ch\/aeefle\/files\/2023\/09\/Capture-decran-2023-09-16-a-17.57.42-257x300.png 257w, https:\/\/wp.unil.ch\/aeefle\/files\/2023\/09\/Capture-decran-2023-09-16-a-17.57.42-768x895.png 768w, https:\/\/wp.unil.ch\/aeefle\/files\/2023\/09\/Capture-decran-2023-09-16-a-17.57.42-540x629.png 540w, https:\/\/wp.unil.ch\/aeefle\/files\/2023\/09\/Capture-decran-2023-09-16-a-17.57.42.png 882w\" sizes=\"auto, (max-width: 879px) 100vw, 879px\" \/><\/figure>\n<\/div>\n\n\n\n<div class=\"wp-block-column is-vertically-aligned-center is-layout-flow wp-block-column-is-layout-flow\">\n<figure class=\"wp-block-image size-large is-resized\"><img alt=\"\" loading=\"lazy\" decoding=\"async\" width=\"473\" height=\"1024\" src=\"https:\/\/wp.unil.ch\/aeefle\/files\/2024\/09\/WhatsApp-Image-2024-09-06-at-14.18.24-473x1024.jpeg\" alt=\"\" class=\"wp-image-502\" style=\"width:322px;height:auto\" srcset=\"https:\/\/wp.unil.ch\/aeefle\/files\/2024\/09\/WhatsApp-Image-2024-09-06-at-14.18.24-473x1024.jpeg 473w, https:\/\/wp.unil.ch\/aeefle\/files\/2024\/09\/WhatsApp-Image-2024-09-06-at-14.18.24-139x300.jpeg 139w, https:\/\/wp.unil.ch\/aeefle\/files\/2024\/09\/WhatsApp-Image-2024-09-06-at-14.18.24-540x1170.jpeg 540w, https:\/\/wp.unil.ch\/aeefle\/files\/2024\/09\/WhatsApp-Image-2024-09-06-at-14.18.24.jpeg 554w\" sizes=\"auto, (max-width: 473px) 100vw, 473px\" \/><\/figure>\n<\/div>\n<\/div>\n<\/div>\n<\/div>\n","protected":false},"excerpt":{"rendered":"<p>Mail de l&rsquo;association: aeefle@asso-unil.ch Les coordonn\u00e9es des membres du Bureau Ex\u00e9cutif : Vitalina Stukanova vitalina.stukanova@unil.ch, pr\u00e9sidente Odalis Micaela Sanmartin D\u00e1vila odalismicaela.sanmartindavila@unil.ch, secr\u00e9taire Viktoriia Melnykova viktoriia.melnykova@unil.ch, tr\u00e9sori\u00e8re Yuliya Shvets&hellip;<\/p>\n","protected":false},"author":1002603,"featured_media":0,"parent":0,"menu_order":0,"comment_status":"closed","ping_status":"closed","template":"","meta":{"_seopress_robots_primary_cat":"","_seopress_titles_title":"","_seopress_titles_desc":"","_seopress_robots_index":"","footnotes":""},"class_list":["post-179","page","type-page","status-publish","has-post-thumbnail"],"_links":{"self":[{"href":"https:\/\/wp.unil.ch\/aeefle\/wp-json\/wp\/v2\/pages\/179","targetHints":{"allow":["GET"]}}],"collection":[{"href":"https:\/\/wp.unil.ch\/aeefle\/wp-json\/wp\/v2\/pages"}],"about":[{"href":"https:\/\/wp.unil.ch\/aeefle\/wp-json\/wp\/v2\/types\/page"}],"author":[{"embeddable":true,"href":"https:\/\/wp.unil.ch\/aeefle\/wp-json\/wp\/v2\/users\/1002603"}],"replies":[{"embeddable":true,"href":"https:\/\/wp.unil.ch\/aeefle\/wp-json\/wp\/v2\/comments?post=179"}],"version-history":[{"count":5,"href":"https:\/\/wp.unil.ch\/aeefle\/wp-json\/wp\/v2\/pages\/179\/revisions"}],"predecessor-version":[{"id":546,"href":"https:\/\/wp.unil.ch\/aeefle\/wp-json\/wp\/v2\/pages\/179\/revisions\/546"}],"wp:attachment":[{"href":"https:\/\/wp.unil.ch\/aeefle\/wp-json\/wp\/v2\/media?parent=179"}],"curies":[{"name":"wp","href":"https:\/\/api.w.org\/{rel}","templated":true}]}}