{"id":74,"date":"2010-11-28T13:33:00","date_gmt":"2010-11-28T12:33:00","guid":{"rendered":"http:\/\/wp.unil.ch\/adas\/"},"modified":"2012-09-01T14:43:09","modified_gmt":"2012-09-01T12:43:09","slug":"comite-2004-2005","status":"publish","type":"page","link":"https:\/\/wp.unil.ch\/adas\/comite\/comite-2004-2005\/?lang=fr","title":{"rendered":"Comit\u00e9 2004-2005"},"content":{"rendered":"<p>&nbsp;<\/br><\/p>\n<h3>Composition du comit\u00e9<\/h3>\n<ul>\n<li>Natacha Bodenhausen, co-pr\u00e9sidente (DBMV)<\/li>\n<li>Aline D\u00e9praz (DEE)<\/li>\n<li>Gr\u00e9goire Castella (DEE)<\/li>\n<li>Solange Cuenin, caissi\u00e8re (DB)<\/li>\n<li>Godefroy Devevey (DEE)<\/li>\n<li>Aur\u00e9lie Gfeller (DBMV)<\/li>\n<li>Lionel Guy, secr\u00e9taire (DMF)<\/li>\n<li>Marisa Haenni, co-pr\u00e9sidente (DMF)<\/li>\n<li>Robin Tecon (DMF)<\/li>\n<\/ul>\n<h3>Liste des repr\u00e9sentants<\/h3>\n<ul>\n<li><strong>Conseil de Facult\u00e9:<\/strong> Natacha Bodenhausen, Solange Cuenin, Lionel Guy, Marisa Haenni<\/li>\n<li><strong>Conseil de l&#8217;Ecole de Biologie:<\/strong> Aline Depraz, Marisa Haenni<\/li>\n<li><strong>Conseil de l&#8217;Ecole Doctorale:<\/strong> Natacha Bodenhausen, Aur\u00e9lie Gfeller, Lionel Guy, Godefroy Devevey<\/li>\n<li><strong>Conseil de la Section des Sciences Fondamentales:<\/strong> Natacha Bodenhausen, Godefroy deVevey<\/li>\n<li><strong>Commission de la Recherche:<\/strong> Marisa Haenni<\/li>\n<li><strong>Commission de l&#8217;Enseignement:<\/strong> Aline Depraz et Natacha Bodenhausen<\/li>\n<li><strong>Commission de la Rel\u00e8ve:<\/strong> abandonn\u00e9 \u00e0 l&#8217;ACPAME<\/li>\n<\/ul>\n","protected":false},"excerpt":{"rendered":"<p>&nbsp; Composition du comit\u00e9 Natacha Bodenhausen, co-pr\u00e9sidente (DBMV) Aline D\u00e9praz (DEE) Gr\u00e9goire Castella (DEE) Solange Cuenin, caissi\u00e8re (DB) Godefroy Devevey (DEE) Aur\u00e9lie Gfeller (DBMV) Lionel Guy, secr\u00e9taire (DMF) Marisa Haenni, &hellip; <\/p>\n","protected":false},"author":235,"featured_media":0,"parent":2,"menu_order":5,"comment_status":"closed","ping_status":"closed","template":"","meta":{"_seopress_robots_primary_cat":"","_seopress_titles_title":"","_seopress_titles_desc":"","_seopress_robots_index":"","ngg_post_thumbnail":0,"footnotes":"","_links_to":"","_links_to_target":""},"class_list":["post-74","page","type-page","status-publish"],"_links":{"self":[{"href":"https:\/\/wp.unil.ch\/adas\/wp-json\/wp\/v2\/pages\/74","targetHints":{"allow":["GET"]}}],"collection":[{"href":"https:\/\/wp.unil.ch\/adas\/wp-json\/wp\/v2\/pages"}],"about":[{"href":"https:\/\/wp.unil.ch\/adas\/wp-json\/wp\/v2\/types\/page"}],"author":[{"embeddable":true,"href":"https:\/\/wp.unil.ch\/adas\/wp-json\/wp\/v2\/users\/235"}],"replies":[{"embeddable":true,"href":"https:\/\/wp.unil.ch\/adas\/wp-json\/wp\/v2\/comments?post=74"}],"version-history":[{"count":0,"href":"https:\/\/wp.unil.ch\/adas\/wp-json\/wp\/v2\/pages\/74\/revisions"}],"up":[{"embeddable":true,"href":"https:\/\/wp.unil.ch\/adas\/wp-json\/wp\/v2\/pages\/2"}],"wp:attachment":[{"href":"https:\/\/wp.unil.ch\/adas\/wp-json\/wp\/v2\/media?parent=74"}],"curies":[{"name":"wp","href":"https:\/\/api.w.org\/{rel}","templated":true}]}}