{"id":62,"date":"2010-11-28T13:14:58","date_gmt":"2010-11-28T12:14:58","guid":{"rendered":"http:\/\/wp.unil.ch\/adas\/"},"modified":"2012-09-01T14:42:43","modified_gmt":"2012-09-01T12:42:43","slug":"comite-2008-2009","status":"publish","type":"page","link":"https:\/\/wp.unil.ch\/adas\/comite\/comite-2008-2009\/?lang=fr","title":{"rendered":"Comit\u00e9 2008-2009"},"content":{"rendered":"<p>\u00a0<\/p>\n<h3>Composition du comit\u00e9<\/h3>\n<ul>\n<li>Claire Bertelli (IMUL), co-pr\u00e9sidente<\/li>\n<li>Romain Studer (DEE), co-pr\u00e9sident et webmaster<\/li>\n<li>Fran\u00e7ois Collyn (IMUL), caissier<\/li>\n<li>Robin Tecon (DMF), membre actif<\/li>\n<li>Emanuela Frangipani (DMF), membre active<\/li>\n<li>Nayuta Brand (DEE), membre active<\/li>\n<li>Julien Roux (DEE), membre actif<\/li>\n<li>No\u00e9mie Gardiol (Ludwig), membre active<\/li>\n<li>Armand Valsesia (Ludwig), membre actif<\/li>\n<li>Andreas Joosten (CHUV), membre actif<\/li>\n<li>Nadia Steiner (CHUV), membre active<\/li>\n<li>Karen Osmont (DBMV), correspondante DBMV<\/li>\n<li>Patricia Hornitschek (CIG), correspondante CIG<\/li>\n<\/ul>\n<h3>Liste des rep\u00e9sentants<\/h3>\n<ul>\n<li><strong>Conseil de l\u2019Ecole Doctorale : <\/strong>Armand Valessia\u00a0\/\u00a0Damiano\u00a0del Vescovo\u00a0\/ Lukas Baitsch\u00a0\/\u00a0Claire Bertelli<\/li>\n<li><strong>Conseil de l\u2019Ecole de Biologie :<\/strong> Julien Roux \/\u00a0Laeticia Kolly\u00a0\/ Nadia Steiner\u00a0(suppl\u00e9ant)<\/li>\n<li><strong>Comit\u00e9 de pilotage de la r\u00e9forme de l\u2019enseignement en biologie :<\/strong> Julien Roux \/ Nadia Steiner<\/li>\n<li><strong>Commission de recours :<\/strong> Claire Bertelli \/\u00a0Andreas Joosten\u00a0(suppl\u00e9ant)<\/li>\n<li><strong>Groupe de conseil pour la gestion du budget SVS : <\/strong>Laeticia Kolly\u00a0\/ Julien Roux (suppl\u00e9ant)<\/li>\n<li><strong>Commission de la recherche :<\/strong> Lucas Spierer<\/li>\n<li><strong>Conseil de la section des sciences fondamentales :<\/strong> No\u00e9mie Gardiol \/ Nadia Steiner<\/li>\n<li><strong>Conseil de Facult\u00e9 : <\/strong>No\u00e9mie Gardiol\u00a0\/\u00a0Emanuela Frangipani \/ Damiano del Vescovo (suppl\u00e9ant) \/ Nayuta Brand (suppl\u00e9ant)<\/li>\n<li><strong>Conseil de l\u2019Universit\u00e9 :<\/strong> Murielle Bortolotti<\/li>\n<li><strong>Correspondante ACIDUL :<\/strong> Nayuta Brand<\/li>\n<li><strong>Correspondant LAB :<\/strong> Romain Studer<\/li>\n<\/ul>\n","protected":false},"excerpt":{"rendered":"<p>\u00a0 Composition du comit\u00e9 Claire Bertelli (IMUL), co-pr\u00e9sidente Romain Studer (DEE), co-pr\u00e9sident et webmaster Fran\u00e7ois Collyn (IMUL), caissier Robin Tecon (DMF), membre actif Emanuela Frangipani (DMF), membre active Nayuta Brand &hellip; <\/p>\n","protected":false},"author":235,"featured_media":0,"parent":2,"menu_order":1,"comment_status":"closed","ping_status":"closed","template":"","meta":{"_seopress_robots_primary_cat":"","_seopress_titles_title":"","_seopress_titles_desc":"","_seopress_robots_index":"","ngg_post_thumbnail":0,"footnotes":"","_links_to":"","_links_to_target":""},"class_list":["post-62","page","type-page","status-publish"],"_links":{"self":[{"href":"https:\/\/wp.unil.ch\/adas\/wp-json\/wp\/v2\/pages\/62","targetHints":{"allow":["GET"]}}],"collection":[{"href":"https:\/\/wp.unil.ch\/adas\/wp-json\/wp\/v2\/pages"}],"about":[{"href":"https:\/\/wp.unil.ch\/adas\/wp-json\/wp\/v2\/types\/page"}],"author":[{"embeddable":true,"href":"https:\/\/wp.unil.ch\/adas\/wp-json\/wp\/v2\/users\/235"}],"replies":[{"embeddable":true,"href":"https:\/\/wp.unil.ch\/adas\/wp-json\/wp\/v2\/comments?post=62"}],"version-history":[{"count":0,"href":"https:\/\/wp.unil.ch\/adas\/wp-json\/wp\/v2\/pages\/62\/revisions"}],"up":[{"embeddable":true,"href":"https:\/\/wp.unil.ch\/adas\/wp-json\/wp\/v2\/pages\/2"}],"wp:attachment":[{"href":"https:\/\/wp.unil.ch\/adas\/wp-json\/wp\/v2\/media?parent=62"}],"curies":[{"name":"wp","href":"https:\/\/api.w.org\/{rel}","templated":true}]}}