{"id":6,"date":"2010-05-11T09:52:03","date_gmt":"2010-05-11T07:52:03","guid":{"rendered":"http:\/\/wp.unil.ch\/adas\/?page_id=6"},"modified":"2011-05-09T18:03:40","modified_gmt":"2011-05-09T16:03:40","slug":"services","status":"publish","type":"page","link":"https:\/\/wp.unil.ch\/adas\/services\/?lang=fr","title":{"rendered":"Services"},"content":{"rendered":"<p>Toutes les informations utiles sur les bourses, les r\u00e8glements, les conflits ou la formation en cliquand sur les liens ci-dessous:<\/p>\n<ul>\n<li><a href=\"https:\/\/wp.unil.ch\/adas\/services\/bourses\/\">Bourse<\/a><\/li>\n<li><a href=\"https:\/\/wp.unil.ch\/adas\/services\/reglements\/\">R\u00e8glements<\/a><\/li>\n<li><a href=\"https:\/\/wp.unil.ch\/adas\/services\/liens-utiles\/\">Liens utiles<\/a>\n<ul>\n<li><a href=\"https:\/\/wp.unil.ch\/adas\/services\/liens-utiles\/difficultes-conflits\/\">Difficult\u00e9s\/conflits<\/a><\/li>\n<li><a href=\"https:\/\/wp.unil.ch\/adas\/services\/liens-utiles\/evaluations\/\">Evaluation<\/a><\/li>\n<\/ul>\n<\/li>\n<li><a href=\"https:\/\/wp.unil.ch\/adas\/services\/formation\/\">Formation<\/a><\/li>\n<\/ul>\n","protected":false},"excerpt":{"rendered":"<p>Toutes les informations utiles sur les bourses, les r\u00e8glements, les conflits ou la formation en cliquand sur les liens ci-dessous: Bourse R\u00e8glements Liens utiles Difficult\u00e9s\/conflits Evaluation Formation<\/p>\n","protected":false},"author":235,"featured_media":0,"parent":0,"menu_order":2,"comment_status":"closed","ping_status":"closed","template":"","meta":{"_seopress_robots_primary_cat":"","_seopress_titles_title":"","_seopress_titles_desc":"","_seopress_robots_index":"","ngg_post_thumbnail":0,"footnotes":"","_links_to":"","_links_to_target":""},"class_list":["post-6","page","type-page","status-publish"],"_links":{"self":[{"href":"https:\/\/wp.unil.ch\/adas\/wp-json\/wp\/v2\/pages\/6","targetHints":{"allow":["GET"]}}],"collection":[{"href":"https:\/\/wp.unil.ch\/adas\/wp-json\/wp\/v2\/pages"}],"about":[{"href":"https:\/\/wp.unil.ch\/adas\/wp-json\/wp\/v2\/types\/page"}],"author":[{"embeddable":true,"href":"https:\/\/wp.unil.ch\/adas\/wp-json\/wp\/v2\/users\/235"}],"replies":[{"embeddable":true,"href":"https:\/\/wp.unil.ch\/adas\/wp-json\/wp\/v2\/comments?post=6"}],"version-history":[{"count":0,"href":"https:\/\/wp.unil.ch\/adas\/wp-json\/wp\/v2\/pages\/6\/revisions"}],"wp:attachment":[{"href":"https:\/\/wp.unil.ch\/adas\/wp-json\/wp\/v2\/media?parent=6"}],"curies":[{"name":"wp","href":"https:\/\/api.w.org\/{rel}","templated":true}]}}