{"id":3054,"date":"2019-04-29T16:49:16","date_gmt":"2019-04-29T14:49:16","guid":{"rendered":"http:\/\/wp.unil.ch\/adas\/?page_id=3054"},"modified":"2019-08-22T18:33:43","modified_gmt":"2019-08-22T16:33:43","slug":"comite-2018-2019","status":"publish","type":"page","link":"https:\/\/wp.unil.ch\/adas\/comite\/comite-2018-2019\/?lang=fr","title":{"rendered":"Comit\u00e9 2018-2019"},"content":{"rendered":"<h3>Comit\u00e9 2018-2019<\/h3>\n<p><b>Membres du comit\u00e9<\/b><br \/>\n&nbsp;<\/p>\n<table style=\"height: 288px\" width=\"470\">\n<tbody>\n<tr style=\"height: 24px\">\n<td style=\"height: 24px\">Co-Pr\u00e9sidentes :&nbsp;<\/td>\n<td style=\"height: 24px\">Lauriane Hamard, Marion Aruanno, Liliane Broye<\/td>\n<\/tr>\n<tr style=\"height: 24px\">\n<td style=\"height: 24px\">Secr\u00e9taire :&nbsp;&nbsp;&nbsp;&nbsp;<\/td>\n<td style=\"height: 24px\">Patricia Waszyk<\/td>\n<\/tr>\n<tr style=\"height: 24px\">\n<td style=\"height: 24px\">Tr\u00e9sori\u00e8re :&nbsp;&nbsp;&nbsp;&nbsp;&nbsp;<\/td>\n<td style=\"height: 24px\">Aur\u00e9lie Scherler<\/td>\n<\/tr>\n<tr style=\"height: 24px\">\n<td style=\"height: 24px\">Webmasters : &nbsp;&nbsp;<\/td>\n<td style=\"height: 24px\">Aur\u00e9lie Stephan, Patricia Waszyk<\/td>\n<\/tr>\n<tr style=\"height: 24px\">\n<td style=\"height: 24px\">Membre active : &nbsp;&nbsp;<\/td>\n<td style=\"height: 24px\">Cassandre Kinnaer<\/td>\n<\/tr>\n<tr style=\"height: 24px\">\n<td style=\"height: 24px\">Membre actif : &nbsp;<\/td>\n<td style=\"height: 24px\">Eric Delarze<\/td>\n<\/tr>\n<tr style=\"height: 24px\">\n<td style=\"height: 24px\">Membre actif : &nbsp;<\/td>\n<td style=\"height: 24px\">Florian Tagini<\/td>\n<\/tr>\n<tr style=\"height: 24px\">\n<td style=\"height: 24px\">Membre active : &nbsp;<\/td>\n<td style=\"height: 24px\">Charlotte Joll\u00e9<\/td>\n<\/tr>\n<tr style=\"height: 24px\">\n<td style=\"height: 24px\">Membre active :<\/td>\n<td style=\"height: 24px\">Ioanna Stefani<\/td>\n<\/tr>\n<tr style=\"height: 24px\">\n<td style=\"height: 24px\">Membre actif :<\/td>\n<td style=\"height: 24px\">Arnau Llobet Rosell<\/td>\n<\/tr>\n<tr style=\"height: 24px\">\n<td style=\"height: 24px\">Membre active :<\/td>\n<td style=\"height: 24px\">Emilie Trachsel<\/td>\n<\/tr>\n<tr style=\"height: 24px\">\n<td style=\"height: 24px\">Membre active :<\/td>\n<td style=\"height: 24px\">Evgeniya Trofimenko<\/td>\n<\/tr>\n<tr>\n<td>Membre actif:<\/td>\n<td>Paul-Emmanuel Vanderriele<\/td>\n<\/tr>\n<tr>\n<td>Membre actif:<\/td>\n<td>Carlos Vivarrios<\/td>\n<\/tr>\n<tr>\n<td>Membre actif:<\/td>\n<td>Francesco Paolo Ruberto<\/td>\n<\/tr>\n<\/tbody>\n<\/table>\n<p>&nbsp;<\/p>\n<p><b>List of representatives<\/b><\/p>\n<table>\n<tbody>\n<tr>\n<td>Conseil de l\u2019Universit\u00e9:&nbsp;<\/td>\n<td>Florian Tagini<\/td>\n<\/tr>\n<tr>\n<td>Conseil de l\u2019Ecole Doctorale:&nbsp;<\/td>\n<td>Liliane&nbsp;Broye, Ioanna Stefani (suppl\u00e9ante)&nbsp;<\/td>\n<\/tr>\n<tr>\n<td>Conseil de Facult\u00e9:<\/td>\n<td>Evgeniya Trofimenko<\/td>\n<\/tr>\n<tr>\n<td>Conseil de l\u2019Ecole de Biologie:<\/td>\n<td>Aur\u00e9lie Scherler, Cassandre Kinnaer (suppl\u00e9ante)<\/td>\n<\/tr>\n<tr>\n<td>Commission section des sciences fondamentales:<\/td>\n<td>Charlotte Joll\u00e9<\/td>\n<\/tr>\n<tr>\n<td>Commission Pro-femmes:&nbsp;<\/td>\n<td>Charlotte Joll\u00e9, Marion Aruanno (suppl\u00e9ante)<\/td>\n<\/tr>\n<tr>\n<td>Commission de la recherche: &nbsp;<\/td>\n<td>Lauriane Hamard, Ioanna Stefani (suppl\u00e9ante)<\/td>\n<\/tr>\n<tr>\n<td>Commission des recours:&nbsp;<\/td>\n<td>Marion Aruanno, Jizhou Li (suppl\u00e9ant)<\/td>\n<\/tr>\n<tr>\n<td>Commission Prix des Masters:<\/td>\n<td>Emilie Trachsel<\/td>\n<\/tr>\n<tr>\n<td>Repr\u00e9sentante \u00e0 la Soci\u00e9t\u00e9 Vaudoise des Sciences Naturelles: &nbsp;<\/td>\n<td>Aur\u00e9lie Scherler<\/td>\n<\/tr>\n<tr>\n<td>Beer O\u2019Clock: &nbsp;<\/td>\n<td>Ivana Ubezzi<\/td>\n<\/tr>\n<tr>\n<td>Caf\u00e9 scientifique:&nbsp;&nbsp;&nbsp;&nbsp;&nbsp;<\/td>\n<td>Marion, Aruanno, Aur\u00e9lie M. Stephan, Eric Delarze, Emilie Trachsel, Ioanna Stefani<\/td>\n<\/tr>\n<tr>\n<td>Pint of Science:<\/td>\n<td>Ioanna Stefani, Evgeniya Trofimenko, Aur\u00e9lie Stephan<\/td>\n<\/tr>\n<\/tbody>\n<\/table>\n<p>&nbsp;<\/p>\n","protected":false},"excerpt":{"rendered":"<p>Comit\u00e9 2018-2019 Membres du comit\u00e9 &nbsp; Co-Pr\u00e9sidentes :&nbsp; Lauriane Hamard, Marion Aruanno, Liliane Broye Secr\u00e9taire :&nbsp;&nbsp;&nbsp;&nbsp; Patricia Waszyk Tr\u00e9sori\u00e8re :&nbsp;&nbsp;&nbsp;&nbsp;&nbsp; Aur\u00e9lie Scherler Webmasters : &nbsp;&nbsp; Aur\u00e9lie Stephan, Patricia Waszyk Membre &hellip; <\/p>\n","protected":false},"author":996,"featured_media":0,"parent":2,"menu_order":-3,"comment_status":"closed","ping_status":"closed","template":"","meta":{"_seopress_robots_primary_cat":"","_seopress_titles_title":"","_seopress_titles_desc":"","_seopress_robots_index":"","ngg_post_thumbnail":0,"footnotes":"","_links_to":"","_links_to_target":""},"class_list":["post-3054","page","type-page","status-publish"],"_links":{"self":[{"href":"https:\/\/wp.unil.ch\/adas\/wp-json\/wp\/v2\/pages\/3054","targetHints":{"allow":["GET"]}}],"collection":[{"href":"https:\/\/wp.unil.ch\/adas\/wp-json\/wp\/v2\/pages"}],"about":[{"href":"https:\/\/wp.unil.ch\/adas\/wp-json\/wp\/v2\/types\/page"}],"author":[{"embeddable":true,"href":"https:\/\/wp.unil.ch\/adas\/wp-json\/wp\/v2\/users\/996"}],"replies":[{"embeddable":true,"href":"https:\/\/wp.unil.ch\/adas\/wp-json\/wp\/v2\/comments?post=3054"}],"version-history":[{"count":0,"href":"https:\/\/wp.unil.ch\/adas\/wp-json\/wp\/v2\/pages\/3054\/revisions"}],"up":[{"embeddable":true,"href":"https:\/\/wp.unil.ch\/adas\/wp-json\/wp\/v2\/pages\/2"}],"wp:attachment":[{"href":"https:\/\/wp.unil.ch\/adas\/wp-json\/wp\/v2\/media?parent=3054"}],"curies":[{"name":"wp","href":"https:\/\/api.w.org\/{rel}","templated":true}]}}