{"id":2801,"date":"2017-12-01T16:30:51","date_gmt":"2017-12-01T15:30:51","guid":{"rendered":"http:\/\/wp.unil.ch\/adas\/?page_id=2801"},"modified":"2017-12-01T16:32:13","modified_gmt":"2017-12-01T15:32:13","slug":"comite-2016-2017","status":"publish","type":"page","link":"https:\/\/wp.unil.ch\/adas\/comite\/comite-2016-2017\/?lang=fr","title":{"rendered":"Comit\u00e9 2016-2017"},"content":{"rendered":"<p><b>Membres du comit\u00e9<\/b><\/p>\n<table>\n<tbody>\n<tr>\n<td>Co- Pr\u00e9sidentes :&nbsp;<\/td>\n<td>Liliane Gonzalez, Patricia Waszyk<\/td>\n<\/tr>\n<tr>\n<td>Secr\u00e9taire&nbsp;:&nbsp;&nbsp;&nbsp;&nbsp;<\/td>\n<td>Tha\u00efs Reichler, suppl\u00e9ante : Aur\u00e9lie M. Stephan<\/td>\n<\/tr>\n<tr>\n<td>Tr\u00e9sori\u00e8re&nbsp;:&nbsp;&nbsp;&nbsp;&nbsp;&nbsp;<\/td>\n<td>Cassandre Kinnaer<\/td>\n<\/tr>\n<tr>\n<td>Webmaster&nbsp;:&nbsp;&nbsp;&nbsp;&nbsp;&nbsp;&nbsp;<\/td>\n<td>David Dylus,&nbsp;Trestan Pillonel<\/td>\n<\/tr>\n<\/tbody>\n<\/table>\n<p>&nbsp;<\/p>\n<p>&nbsp;<\/p>\n<p>&nbsp;<\/p>\n<p><strong>Commissions et conseils<\/strong><\/p>\n<table>\n<tbody>\n<tr>\n<td>Conseil de l\u2019Universit\u00e9:&nbsp;<\/td>\n<td>Florian Tagini<\/td>\n<\/tr>\n<tr>\n<td>Conseil de l\u2019\u00e9cole Doctorale:&nbsp;<\/td>\n<td>Lilly Khamsy et Florian Tagini<\/td>\n<\/tr>\n<tr>\n<td>Conseil de Facult\u00e9:<\/td>\n<td>Manon Vouga, Trestan Pillonel<\/td>\n<\/tr>\n<tr>\n<td>Conseil de l\u2019Ecole de Biologie:<\/td>\n<td>Cassandre Kinnaer, suppl\u00e9ante : Aur\u00e9lie Scherler<\/td>\n<\/tr>\n<tr>\n<td>Commission SSF:&nbsp;&nbsp;&nbsp;&nbsp;&nbsp;&nbsp;&nbsp;&nbsp;&nbsp;<\/td>\n<td>Cassandre Kinnaer, suppl\u00e9ant : David Dylus<\/td>\n<\/tr>\n<tr>\n<td>Commission Pro-femmes:&nbsp;<\/td>\n<td>Eleni Batzianouli<\/td>\n<\/tr>\n<tr>\n<td>Commission de Recherche: &nbsp;<\/td>\n<td>Aur\u00e9lie M. Stephan<\/td>\n<\/tr>\n<tr>\n<td>Commission de Recours:&nbsp;<\/td>\n<td>Eric Delarze<\/td>\n<\/tr>\n<tr>\n<td>Commission Prix des Masters:<\/td>\n<td>Eric Delarze<\/td>\n<\/tr>\n<tr>\n<td>Beer O\u2019clock: &nbsp;<\/td>\n<td>Wilson Castro<\/td>\n<\/tr>\n<tr>\n<td>Caf\u00e9 Scientifique:&nbsp;&nbsp;&nbsp;&nbsp;&nbsp;<\/td>\n<td>Eleni Batzianouli, Aur\u00e9lie M. Stephan, Eric Delarze, Tha\u00efs Reichler,&nbsp;Aur\u00e9lie Scherler, Wilson Castro et Sarah Vacle<\/td>\n<\/tr>\n<\/tbody>\n<\/table>\n<p>&nbsp;<\/p>\n<p><strong><u>Ordinary Membres<\/u><\/strong><\/p>\n<p>Lidia Lacruz<\/p>\n","protected":false},"excerpt":{"rendered":"<p>Membres du comit\u00e9 Co- Pr\u00e9sidentes :&nbsp; Liliane Gonzalez, Patricia Waszyk Secr\u00e9taire&nbsp;:&nbsp;&nbsp;&nbsp;&nbsp; Tha\u00efs Reichler, suppl\u00e9ante : Aur\u00e9lie M. Stephan Tr\u00e9sori\u00e8re&nbsp;:&nbsp;&nbsp;&nbsp;&nbsp;&nbsp; Cassandre Kinnaer Webmaster&nbsp;:&nbsp;&nbsp;&nbsp;&nbsp;&nbsp;&nbsp; David Dylus,&nbsp;Trestan Pillonel &nbsp; &nbsp; &nbsp; Commissions et &hellip; <\/p>\n","protected":false},"author":1001688,"featured_media":0,"parent":2,"menu_order":-5,"comment_status":"closed","ping_status":"closed","template":"","meta":{"_seopress_robots_primary_cat":"","_seopress_titles_title":"","_seopress_titles_desc":"","_seopress_robots_index":"","ngg_post_thumbnail":0,"footnotes":"","_links_to":"","_links_to_target":""},"class_list":["post-2801","page","type-page","status-publish"],"_links":{"self":[{"href":"https:\/\/wp.unil.ch\/adas\/wp-json\/wp\/v2\/pages\/2801","targetHints":{"allow":["GET"]}}],"collection":[{"href":"https:\/\/wp.unil.ch\/adas\/wp-json\/wp\/v2\/pages"}],"about":[{"href":"https:\/\/wp.unil.ch\/adas\/wp-json\/wp\/v2\/types\/page"}],"author":[{"embeddable":true,"href":"https:\/\/wp.unil.ch\/adas\/wp-json\/wp\/v2\/users\/1001688"}],"replies":[{"embeddable":true,"href":"https:\/\/wp.unil.ch\/adas\/wp-json\/wp\/v2\/comments?post=2801"}],"version-history":[{"count":0,"href":"https:\/\/wp.unil.ch\/adas\/wp-json\/wp\/v2\/pages\/2801\/revisions"}],"up":[{"embeddable":true,"href":"https:\/\/wp.unil.ch\/adas\/wp-json\/wp\/v2\/pages\/2"}],"wp:attachment":[{"href":"https:\/\/wp.unil.ch\/adas\/wp-json\/wp\/v2\/media?parent=2801"}],"curies":[{"name":"wp","href":"https:\/\/api.w.org\/{rel}","templated":true}]}}

Comité 2016-2017

<p><b>Membres du comité</b></p>
<table>
<tbody>
<tr>
<td>Co- Présidentes :&nbsp;</td>
<td>Liliane Gonzalez, Patricia Waszyk</td>
</tr>
<tr>
<td>Secrétaire&nbsp;:&nbsp;&nbsp;&nbsp;&nbsp;</td>
<td>Thaïs Reichler, suppléante : Aurélie M. Stephan</td>
</tr>
<tr>
<td>Trésorière&nbsp;:&nbsp;&nbsp;&nbsp;&nbsp;&nbsp;</td>
<td>Cassandre Kinnaer</td>
</tr>
<tr>
<td>Webmaster&nbsp;:&nbsp;&nbsp;&nbsp;&nbsp;&nbsp;&nbsp;</td>
<td>David Dylus,&nbsp;Trestan Pillonel</td>
</tr>
</tbody>
</table>
<p>&nbsp;</p>
<p>&nbsp;</p>
<p>&nbsp;</p>
<p><strong>Commissions et conseils</strong></p>
<table>
<tbody>
<tr>
<td>Conseil de l’Université:&nbsp;</td>
<td>Florian Tagini</td>
</tr>
<tr>
<td>Conseil de l’école Doctorale:&nbsp;</td>
<td>Lilly Khamsy et Florian Tagini</td>
</tr>
<tr>
<td>Conseil de Faculté:</td>
<td>Manon Vouga, Trestan Pillonel</td>
</tr>
<tr>
<td>Conseil de l’Ecole de Biologie:</td>
<td>Cassandre Kinnaer, suppléante : Aurélie Scherler</td>
</tr>
<tr>
<td>Commission SSF:&nbsp;&nbsp;&nbsp;&nbsp;&nbsp;&nbsp;&nbsp;&nbsp;&nbsp;</td>
<td>Cassandre Kinnaer, suppléant : David Dylus</td>
</tr>
<tr>
<td>Commission Pro-femmes:&nbsp;</td>
<td>Eleni Batzianouli</td>
</tr>
<tr>
<td>Commission de Recherche: &nbsp;</td>
<td>Aurélie M. Stephan</td>
</tr>
<tr>
<td>Commission de Recours:&nbsp;</td>
<td>Eric Delarze</td>
</tr>
<tr>
<td>Commission Prix des Masters:</td>
<td>Eric Delarze</td>
</tr>
<tr>
<td>Beer O’clock: &nbsp;</td>
<td>Wilson Castro</td>
</tr>
<tr>
<td>Café Scientifique:&nbsp;&nbsp;&nbsp;&nbsp;&nbsp;</td>
<td>Eleni Batzianouli, Aurélie M. Stephan, Eric Delarze, Thaïs Reichler,&nbsp;Aurélie Scherler, Wilson Castro et Sarah Vacle</td>
</tr>
</tbody>
</table>
<p>&nbsp;</p>
<p><strong><u>Ordinary Membres</u></strong></p>
<p>Lidia Lacruz</p>

<p>Membres du comité Co- Présidentes :&nbsp; Liliane Gonzalez, Patricia Waszyk Secrétaire&nbsp;:&nbsp;&nbsp;&nbsp;&nbsp; Thaïs Reichler, suppléante : Aurélie M. Stephan Trésorière&nbsp;:&nbsp;&nbsp;&nbsp;&nbsp;&nbsp; Cassandre Kinnaer Webmaster&nbsp;:&nbsp;&nbsp;&nbsp;&nbsp;&nbsp;&nbsp; David Dylus,&nbsp;Trestan Pillonel &nbsp; &nbsp; &nbsp; Commissions et &hellip; </p>
