{"id":2655,"date":"2016-11-25T12:58:45","date_gmt":"2016-11-25T11:58:45","guid":{"rendered":"http:\/\/wp.unil.ch\/adas\/?page_id=2655"},"modified":"2017-12-01T16:33:00","modified_gmt":"2017-12-01T15:33:00","slug":"comite-2015-2016","status":"publish","type":"page","link":"https:\/\/wp.unil.ch\/adas\/comite\/comite-2015-2016\/?lang=fr","title":{"rendered":"Comit\u00e9 2015-2016"},"content":{"rendered":"<p>&nbsp;<\/p>\n<h3>Composition du comit\u00e9<\/h3>\n<ul>\n<li>Omaya Dudin (DMF), co-pr\u00e9sident<\/li>\n<li>B\u00e9ryl Royer-Bertrand (DGM), co-pr\u00e9sidente<\/li>\n<li>Liliane Gonzalez, co-pr\u00e9sidente<\/li>\n<li>Sarah Vacle (DPT), membre active<\/li>\n<li>Tha\u00efs Reichler (DMF), secr\u00e9taire<\/li>\n<li>Trestan Pillonel (IMUR), webmaster<\/li>\n<li>Cassandre Kinnaer (DMF), tr\u00e9sori\u00e8re<\/li>\n<li>Wilson Castro (DB), membre actif<\/li>\n<li>Florian Tagini (IMUR), membre actif<\/li>\n<li>Ludovic Pilloud (IMUR), membre actif<\/li>\n<li>Manon Vouga (IMUR), membre actif<\/li>\n<li>Lilly Khamsy, membre active<\/li>\n<li>Aur\u00e9lie Scherler (IMUR), membre actif<\/li>\n<li>Eric Delarze (IMUR), membre actif<\/li>\n<\/ul>\n<p>&nbsp;<\/p>\n<h3>Liste des rep\u00e9sentants<\/h3>\n<ul>\n<li><strong>Conseil de l&#8217;Ecole Doctorale : <\/strong>Florian Tagini, Manon Vouga<\/li>\n<li><strong>Conseil de l&#8217;Ecole de Biologie : <\/strong><\/li>\n<li><strong>Commission de recours : <\/strong>Tha\u00efs Reichler<\/li>\n<li><strong>Commission de la recherche :<\/strong>Lilly Khamsy<\/li>\n<li><strong>Conseil de la section des sciences fondamentales :<\/strong>Cassandre Kinnaer<\/li>\n<li><strong>Conseil de Facult\u00e9 : <\/strong>Manon Vouga: suppl\u00e9ant: Trestan Pillonel; B\u00e9ryl Royer-Bertrand: suppl\u00e9ante. Sarah Vacle<\/li>\n<li><strong>Conseil de l&#8217;Universit\u00e9 : <\/strong>Florian Tagini<\/li>\n<li><strong>Correspondant ACIDUL : <\/strong>&#8211;<\/li>\n<li><strong>Commission Prix des Master : <\/strong>Omaya Dudin<\/li>\n<li><strong>Commission Pro-Femme : <\/strong>B\u00e9ryl Royer-Bertrand<\/li>\n<li><strong>Soci\u00e9t\u00e9 Vaudoise des Sciences Naturelles : <\/strong>Trestan Pillonel<\/li>\n<\/ul>\n","protected":false},"excerpt":{"rendered":"<p>&nbsp; Composition du comit\u00e9 Omaya Dudin (DMF), co-pr\u00e9sident B\u00e9ryl Royer-Bertrand (DGM), co-pr\u00e9sidente Liliane Gonzalez, co-pr\u00e9sidente Sarah Vacle (DPT), membre active Tha\u00efs Reichler (DMF), secr\u00e9taire Trestan Pillonel (IMUR), webmaster Cassandre Kinnaer &hellip; <\/p>\n","protected":false},"author":1212,"featured_media":0,"parent":2,"menu_order":-5,"comment_status":"closed","ping_status":"closed","template":"","meta":{"_seopress_robots_primary_cat":"","_seopress_titles_title":"","_seopress_titles_desc":"","_seopress_robots_index":"","ngg_post_thumbnail":0,"footnotes":"","_links_to":"","_links_to_target":""},"class_list":["post-2655","page","type-page","status-publish"],"_links":{"self":[{"href":"https:\/\/wp.unil.ch\/adas\/wp-json\/wp\/v2\/pages\/2655","targetHints":{"allow":["GET"]}}],"collection":[{"href":"https:\/\/wp.unil.ch\/adas\/wp-json\/wp\/v2\/pages"}],"about":[{"href":"https:\/\/wp.unil.ch\/adas\/wp-json\/wp\/v2\/types\/page"}],"author":[{"embeddable":true,"href":"https:\/\/wp.unil.ch\/adas\/wp-json\/wp\/v2\/users\/1212"}],"replies":[{"embeddable":true,"href":"https:\/\/wp.unil.ch\/adas\/wp-json\/wp\/v2\/comments?post=2655"}],"version-history":[{"count":0,"href":"https:\/\/wp.unil.ch\/adas\/wp-json\/wp\/v2\/pages\/2655\/revisions"}],"up":[{"embeddable":true,"href":"https:\/\/wp.unil.ch\/adas\/wp-json\/wp\/v2\/pages\/2"}],"wp:attachment":[{"href":"https:\/\/wp.unil.ch\/adas\/wp-json\/wp\/v2\/media?parent=2655"}],"curies":[{"name":"wp","href":"https:\/\/api.w.org\/{rel}","templated":true}]}}