{"id":26459,"date":"2019-11-08T10:58:46","date_gmt":"2019-11-08T09:58:46","guid":{"rendered":"http:\/\/wp.unil.ch\/adas\/?page_id=26459"},"modified":"2019-12-04T13:40:10","modified_gmt":"2019-12-04T12:40:10","slug":"integration-dans-le-canton-de-vaud-les-cles-du-succes","status":"publish","type":"page","link":"https:\/\/wp.unil.ch\/adas\/services\/integration-dans-le-canton-de-vaud-les-cles-du-succes\/?lang=fr","title":{"rendered":"Integration dans le Canton de Vaud: les cl\u00e9s du succ\u00e8s"},"content":{"rendered":"<p>Bonjour \u00e0 tous&nbsp;!<\/p>\n<p>L\u2019ADAS organise, avec le soutien du Graduate Campus, le s\u00e9minaire intitul\u00e9:<a href=\"https:\/\/wp.unil.ch\/adas\/files\/2019\/12\/Poster_Course.png\"><img alt=\"\" loading=\"lazy\" decoding=\"async\" class=\"size-medium wp-image-26552 alignright\" src=\"https:\/\/wp.unil.ch\/adas\/files\/2019\/12\/Poster_Course-212x300.png\" alt=\"\" width=\"212\" height=\"300\" srcset=\"https:\/\/wp.unil.ch\/adas\/files\/2019\/12\/Poster_Course-212x300.png 212w, https:\/\/wp.unil.ch\/adas\/files\/2019\/12\/Poster_Course-724x1024.png 724w, https:\/\/wp.unil.ch\/adas\/files\/2019\/12\/Poster_Course-768x1086.png 768w, https:\/\/wp.unil.ch\/adas\/files\/2019\/12\/Poster_Course-156x220.png 156w, https:\/\/wp.unil.ch\/adas\/files\/2019\/12\/Poster_Course.png 849w\" sizes=\"auto, (max-width: 212px) 100vw, 212px\" \/><\/a><\/p>\n<p style=\"text-align: center\"><span style=\"color: #6497e3\"><strong>Integration in Canton de Vaud: the keys to succeed<\/strong><\/span><br \/>\n<strong><span style=\"color: #666699\">5-6 f\u00e9vrier 2020<\/span><\/strong><br \/>\n<strong><span style=\"color: #666699\">09h00-17h00<\/span><\/strong><br \/>\n<strong><span style=\"color: #666699\">Amphimax, salle 412<\/span><\/strong><\/p>\n<p>Ce s\u00e9minaire de deux jours aura lieu le <b>5 et 6 f\u00e9vrier 2020 de 9h \u00e0 17h dans la salle 412 de l\u2019Amphimax<\/b>. Les inscriptions sont ouvertes \u00e0 tous les doctorants et post-doctorants de l\u2019Universit\u00e9 de Lausanne, sur la base du \u00ab&nbsp;premier arriv\u00e9, premier servi&nbsp;\u00bb, le nombre de places \u00e9tant limit\u00e9.<\/p>\n<p>Comme vous le savez, les assistants doctorants et premiers assistants \u00e9trangers qui arrivent \u00e0 l\u2019Universit\u00e9 de Lausanne tendent \u00e0 \u00eatre d\u00e9sorient\u00e9s apr\u00e8s les premiers mois de leur nouvelle vie en Suisse et souvent ils ne connaissent pas le fonctionnement des diverses institutions qui les entourent (Ville de Lausanne, service des automobiles, etc.). Il y a beaucoup de d\u00e9marches administratives \u00e0 faire durant les premiers mois de l&#8217;arriv\u00e9e, mais aussi apr\u00e8s quelques temps \u00e9tablis \u00e0 Lausanne. Ils sont fr\u00e9quemment d\u00e9munis face \u00e0 une administration ou tout est en fran\u00e7ais et dont ils ne connaissent pas le fonctionnement. Apr\u00e8s quelque temps, les assistants entreprennent aussi des d\u00e9marches sociales ou culturelles, et souvent ils ne connaissent pas les diff\u00e9rentes possibilit\u00e9s qu\u2019offre la r\u00e9gion lausannoise.<\/p>\n<p>Le but de ce cours est d\u2019offrir aux assistants doctorants et premiers assistants des informations utiles en anglais pour les aider dans leurs d\u00e9marches administratives, sociales, culturelles, etc., car aucune offre globale dans ce sens n\u2019existe \u00e0 l\u2019UNIL. Ainsi, ce cours leur fournira tous les outils n\u00e9cessaires \u00e0 une meilleure compr\u00e9hension et utilisation des institutions Lausannoises et Vaudoises et rendra, de m\u00eame, l&#8217;int\u00e9gration des assistants plus facile, pour finalement r\u00e9duire le stress occasionn\u00e9 par un s\u00e9jour loin de chez soi. Ce cours leur donnera les outils n\u00e9cessaires pour une installation et une int\u00e9gration sociale r\u00e9ussie dans la r\u00e9gion l\u00e9manique.<\/p>\n<p>Ce cours-s\u00e9minaire aura une dynamique participative bas\u00e9e sur des pr\u00e9sentations, des \u00e9changes et des discussions fournissant des informations se voulant pertinentes pour tous les participants. Il sera donn\u00e9 par 2 experts en mati\u00e8re d\u2019int\u00e9gration \u00e0 Lausanne&nbsp;: Brigitte Gonzalez-Ostos et Douglas Gonzalez. Ils combinent \u00e0 eux deux plus de 40 ans d&#8217;exp\u00e9rience dans l&#8217;accueil et l&#8217;int\u00e9gration des \u00e9trangers dans le Canton de Vaud. \u00c0 ceci, vient s\u2019ajouter une excellente connaissance du terrain et des institutions lausannoises, vaudoises et suisses. Mme Gonzalez-Ostos est ing\u00e9nieur avec un MAS en Urbanisme durable, d\u00e9livr\u00e9 par l\u2019UNIL. Elle a fait partie, durant plusieurs ann\u00e9es, de la Commission Cantonale Consultative des Immigr\u00e9s. Mr Gonzalez est ing\u00e9nieur avec un MAS en Sant\u00e9 publique d\u00e9livr\u00e9 par l\u2019UNIGE. Il est l\u2019ancien pr\u00e9sident-fondateur du Forum des Etrangers et Etrang\u00e8res de Lausanne. Ensemble, ils font partie du R\u00e9seau Sociolution et de Web for Migrants. Actuellement, ils donnent des ateliers de naturalisation suisse, subventionn\u00e9s par la Ville de Lausanne, qui ont un fort succ\u00e8s tant aupr\u00e8s de la population que des autorit\u00e9s.<\/p>\n<p>En combinant les connaissances de ces experts de l\u2019int\u00e9gration et l\u2019aspect participatif permettant de cibler les besoins et attentes des participants, ce cours-s\u00e9minaire sera une opportunit\u00e9 unique de faciliter et d\u2019enrichir le s\u00e9jour dans le Canton de Vaud des assistants doctorants et premiers assistants \u00e9trangers de toutes les facult\u00e9s de l\u2019UNIL.<\/p>\n<p>Pour suivre ce s\u00e9minaire, il suffit de remplir le formulaire d&#8217;inscription ci-dessous:<br \/>\n(merci de remplir tous les champs)<\/p>\n<p>[contact-form-7 id=&#8221;26462&#8243; title=&#8221;Registration Integration in Canton de Vaud_FR&#8221;]<\/p>\n<p>Au plaisir de vous rencontrer&nbsp;!<\/p>\n<p>Liliane Broye pour l\u2019ADAS<\/p>\n","protected":false},"excerpt":{"rendered":"<p>Bonjour \u00e0 tous&nbsp;! L\u2019ADAS organise, avec le soutien du Graduate Campus, le s\u00e9minaire intitul\u00e9: Integration in Canton de Vaud: the keys to succeed 5-6 f\u00e9vrier 2020 09h00-17h00 Amphimax, salle 412 &hellip; <\/p>\n","protected":false},"author":996,"featured_media":0,"parent":6,"menu_order":0,"comment_status":"closed","ping_status":"closed","template":"","meta":{"_seopress_robots_primary_cat":"","_seopress_titles_title":"","_seopress_titles_desc":"","_seopress_robots_index":"","ngg_post_thumbnail":0,"footnotes":"","_links_to":"","_links_to_target":""},"class_list":["post-26459","page","type-page","status-publish"],"_links":{"self":[{"href":"https:\/\/wp.unil.ch\/adas\/wp-json\/wp\/v2\/pages\/26459","targetHints":{"allow":["GET"]}}],"collection":[{"href":"https:\/\/wp.unil.ch\/adas\/wp-json\/wp\/v2\/pages"}],"about":[{"href":"https:\/\/wp.unil.ch\/adas\/wp-json\/wp\/v2\/types\/page"}],"author":[{"embeddable":true,"href":"https:\/\/wp.unil.ch\/adas\/wp-json\/wp\/v2\/users\/996"}],"replies":[{"embeddable":true,"href":"https:\/\/wp.unil.ch\/adas\/wp-json\/wp\/v2\/comments?post=26459"}],"version-history":[{"count":0,"href":"https:\/\/wp.unil.ch\/adas\/wp-json\/wp\/v2\/pages\/26459\/revisions"}],"up":[{"embeddable":true,"href":"https:\/\/wp.unil.ch\/adas\/wp-json\/wp\/v2\/pages\/6"}],"wp:attachment":[{"href":"https:\/\/wp.unil.ch\/adas\/wp-json\/wp\/v2\/media?parent=26459"}],"curies":[{"name":"wp","href":"https:\/\/api.w.org\/{rel}","templated":true}]}}

Integration dans le Canton de Vaud: les clés du succès

<p>Bonjour à tous&nbsp;!</p>
<p>L’ADAS organise, avec le soutien du Graduate Campus, le séminaire intitulé:<a href="https://wp.unil.ch/adas/files/2019/12/Poster_Course.png"><img alt="" loading="lazy" decoding="async" class="size-medium wp-image-26552 alignright" src="https://wp.unil.ch/adas/files/2019/12/Poster_Course-212x300.png" alt="" width="212" height="300" srcset="https://wp.unil.ch/adas/files/2019/12/Poster_Course-212x300.png 212w, https://wp.unil.ch/adas/files/2019/12/Poster_Course-724x1024.png 724w, https://wp.unil.ch/adas/files/2019/12/Poster_Course-768x1086.png 768w, https://wp.unil.ch/adas/files/2019/12/Poster_Course-156x220.png 156w, https://wp.unil.ch/adas/files/2019/12/Poster_Course.png 849w" sizes="auto, (max-width: 212px) 100vw, 212px" /></a></p>
<p style="text-align: center"><span style="color: #6497e3"><strong>Integration in Canton de Vaud: the keys to succeed</strong></span><br />
<strong><span style="color: #666699">5-6 février 2020</span></strong><br />
<strong><span style="color: #666699">09h00-17h00</span></strong><br />
<strong><span style="color: #666699">Amphimax, salle 412</span></strong></p>
<p>Ce séminaire de deux jours aura lieu le <b>5 et 6 février 2020 de 9h à 17h dans la salle 412 de l’Amphimax</b>. Les inscriptions sont ouvertes à tous les doctorants et post-doctorants de l’Université de Lausanne, sur la base du «&nbsp;premier arrivé, premier servi&nbsp;», le nombre de places étant limité.</p>
<p>Comme vous le savez, les assistants doctorants et premiers assistants étrangers qui arrivent à l’Université de Lausanne tendent à être désorientés après les premiers mois de leur nouvelle vie en Suisse et souvent ils ne connaissent pas le fonctionnement des diverses institutions qui les entourent (Ville de Lausanne, service des automobiles, etc.). Il y a beaucoup de démarches administratives à faire durant les premiers mois de l&#8217;arrivée, mais aussi après quelques temps établis à Lausanne. Ils sont fréquemment démunis face à une administration ou tout est en français et dont ils ne connaissent pas le fonctionnement. Après quelque temps, les assistants entreprennent aussi des démarches sociales ou culturelles, et souvent ils ne connaissent pas les différentes possibilités qu’offre la région lausannoise.</p>
<p>Le but de ce cours est d’offrir aux assistants doctorants et premiers assistants des informations utiles en anglais pour les aider dans leurs démarches administratives, sociales, culturelles, etc., car aucune offre globale dans ce sens n’existe à l’UNIL. Ainsi, ce cours leur fournira tous les outils nécessaires à une meilleure compréhension et utilisation des institutions Lausannoises et Vaudoises et rendra, de même, l&#8217;intégration des assistants plus facile, pour finalement réduire le stress occasionné par un séjour loin de chez soi. Ce cours leur donnera les outils nécessaires pour une installation et une intégration sociale réussie dans la région lémanique.</p>
<p>Ce cours-séminaire aura une dynamique participative basée sur des présentations, des échanges et des discussions fournissant des informations se voulant pertinentes pour tous les participants. Il sera donné par 2 experts en matière d’intégration à Lausanne&nbsp;: Brigitte Gonzalez-Ostos et Douglas Gonzalez. Ils combinent à eux deux plus de 40 ans d&#8217;expérience dans l&#8217;accueil et l&#8217;intégration des étrangers dans le Canton de Vaud. À ceci, vient s’ajouter une excellente connaissance du terrain et des institutions lausannoises, vaudoises et suisses. Mme Gonzalez-Ostos est ingénieur avec un MAS en Urbanisme durable, délivré par l’UNIL. Elle a fait partie, durant plusieurs années, de la Commission Cantonale Consultative des Immigrés. Mr Gonzalez est ingénieur avec un MAS en Santé publique délivré par l’UNIGE. Il est l’ancien président-fondateur du Forum des Etrangers et Etrangères de Lausanne. Ensemble, ils font partie du Réseau Sociolution et de Web for Migrants. Actuellement, ils donnent des ateliers de naturalisation suisse, subventionnés par la Ville de Lausanne, qui ont un fort succès tant auprès de la population que des autorités.</p>
<p>En combinant les connaissances de ces experts de l’intégration et l’aspect participatif permettant de cibler les besoins et attentes des participants, ce cours-séminaire sera une opportunité unique de faciliter et d’enrichir le séjour dans le Canton de Vaud des assistants doctorants et premiers assistants étrangers de toutes les facultés de l’UNIL.</p>
<p>Pour suivre ce séminaire, il suffit de remplir le formulaire d&#8217;inscription ci-dessous:<br />
(merci de remplir tous les champs)</p>
<p>[contact-form-7 id=&#8221;26462&#8243; title=&#8221;Registration Integration in Canton de Vaud_FR&#8221;]</p>
<p>Au plaisir de vous rencontrer&nbsp;!</p>
<p>Liliane Broye pour l’ADAS</p>

<p>Bonjour à tous&nbsp;! L’ADAS organise, avec le soutien du Graduate Campus, le séminaire intitulé: Integration in Canton de Vaud: the keys to succeed 5-6 février 2020 09h00-17h00 Amphimax, salle 412 &hellip; </p>
