{"id":22,"date":"2010-05-11T09:57:09","date_gmt":"2010-05-11T07:57:09","guid":{"rendered":"http:\/\/wp.unil.ch\/adas\/?page_id=22"},"modified":"2019-06-05T14:53:09","modified_gmt":"2019-06-05T12:53:09","slug":"liens","status":"publish","type":"page","link":"https:\/\/wp.unil.ch\/adas\/liens\/?lang=fr","title":{"rendered":"Liens"},"content":{"rendered":"<h3>Liens \u00e0 l&#8217;Universit\u00e9<\/h3>\n<ul>\n<li><a href=\"https:\/\/www.unil.ch\/ecoledoctoralefbm\/\">Ecole doctorale<\/a><\/li>\n<li><a href=\"https:\/\/www.unil.ch\/dialog\/page17891.html\">DialogUNIL<\/a><\/li>\n<li><a href=\"https:\/\/www.unil.ch\/fbm\/page32449_fr.html\">FBM &#8211; Int\u00e9grit\u00e9 scientifique<\/a><\/li>\n<\/ul>\n<h3>Associations<\/h3>\n<ul>\n<li style=\"list-style-type: none\">\n<ul>\n<li><a href=\"https:\/\/wp.unil.ch\/acidul\/\">ACIDUL: association du corps interm\u00e9diaire de l&#8217;UNIL<\/a><\/li>\n<li><a href=\"https:\/\/acide.epfl.ch\/\">ACIDE: association du corps interm\u00e9diaire de l&#8217;EPFL<\/a><\/li>\n<li><a href=\"https:\/\/www2.unine.ch\/acine\">ACINE: association du corps interm\u00e9diaire de l&#8217;UNINE<\/a><\/li>\n<li><a href=\"https:\/\/www.actionuni.ch\/\">ACTIOUNI: association des chercheurs<\/a><\/li>\n<li><a href=\"https:\/\/www.unifr.ch\/agef\/fr\/\">AGEF: Association g\u00e9n\u00e9rale des \u00e9tudiants de l&#8217;UNI de Fribourg<\/a><\/li>\n<li><a href=\"https:\/\/www.fae-unil.ch\">FAE: F\u00e9d\u00e9ration des associations des \u00e9tudiant-e-s<\/a><\/li>\n<li><a href=\"https:\/\/lab-unil.ch\">LAB: L&#8217;association des \u00e9tudiants en biologie<\/a><\/li>\n<\/ul>\n<\/li>\n<\/ul>\n<p><!-- href=\"https:\/\/www.unil.ch\/interne\/page40526.html\"&gt;AMER-FBM: Association des Ma\u00eetres d'Enseignement et de Recherche--><\/p>\n<h3>Liens utiles \u00e0 l&#8217;arriv\u00e9e \u00e0 Lausanne<\/h3>\n<ul>\n<li><a href=\"https:\/\/www.unil.ch\/sasme\/home.html\">Service des affaires socio-culturelles<\/a><\/li>\n<li><a href=\"https:\/\/www.epfl.ch\/about\/working\/fr\/professeurs\/infopratiqueprofs\/installation\/\">Lien utile de l&#8217;EPFL: s&#8217;installer en Suisse<\/a><\/li>\n<\/ul>\n<h3>Formation 3\u00e8me cycle<\/h3>\n<ul>\n<li><a href=\"https:\/\/www.unil.ch\/ecoledoctoralefbm\/page92166_en.html\">Programmes doctoraux<\/a><\/li>\n<li><a href=\"https:\/\/www.unil.ch\/ln\/page72258.html\">Cours en Neurosciences<\/a><\/li>\n<li><a href=\"https:\/\/biologie.cuso.ch\/ecologie-evolution\/welcome\/\">Programme doctoral en \u00e9cologie et biologie \u00e9volutive<\/a><\/li>\n<li><a href=\"https:\/\/www.sib.swiss\/training\/upcoming-training-courses\">Cours bio-informatique au G\u00e9nopode (SIB)<\/a><\/li>\n<li><a href=\"https:\/\/www.cuso.ch\/accueil\/\">Cours 3\u00e8me cycle CUSO<\/a><\/li>\n<li><a href=\"https:\/\/www.ch.embnet.org\/pages\/courses.php\">Cours Embnet (Bioinfo d\u00e9butants et avanc\u00e9)<\/a><\/li>\n<li><a href=\"https:\/\/www.isb-sib.ch\/training.html\">Cours ISB-SIB (Bioinfo avanc\u00e9)<\/a><\/li>\n<li><a href=\"https:\/\/www.generegulationworkshop.ch\">Gene Regulation Workshop<\/a>&nbsp;and <a href=\"https:\/\/www.ls2.ch\">LS2<\/a><\/li>\n<\/ul>\n<p><!--Offres d'emploi--><\/p>\n","protected":false},"excerpt":{"rendered":"<p>Liens \u00e0 l&#8217;Universit\u00e9 Ecole doctorale DialogUNIL FBM &#8211; Int\u00e9grit\u00e9 scientifique Associations ACIDUL: association du corps interm\u00e9diaire de l&#8217;UNIL ACIDE: association du corps interm\u00e9diaire de l&#8217;EPFL ACINE: association du corps interm\u00e9diaire &hellip; <\/p>\n","protected":false},"author":1001873,"featured_media":0,"parent":0,"menu_order":8,"comment_status":"closed","ping_status":"closed","template":"","meta":{"_seopress_robots_primary_cat":"","_seopress_titles_title":"","_seopress_titles_desc":"","_seopress_robots_index":"","ngg_post_thumbnail":0,"footnotes":"","_links_to":"","_links_to_target":""},"class_list":["post-22","page","type-page","status-publish"],"_links":{"self":[{"href":"https:\/\/wp.unil.ch\/adas\/wp-json\/wp\/v2\/pages\/22","targetHints":{"allow":["GET"]}}],"collection":[{"href":"https:\/\/wp.unil.ch\/adas\/wp-json\/wp\/v2\/pages"}],"about":[{"href":"https:\/\/wp.unil.ch\/adas\/wp-json\/wp\/v2\/types\/page"}],"author":[{"embeddable":true,"href":"https:\/\/wp.unil.ch\/adas\/wp-json\/wp\/v2\/users\/1001873"}],"replies":[{"embeddable":true,"href":"https:\/\/wp.unil.ch\/adas\/wp-json\/wp\/v2\/comments?post=22"}],"version-history":[{"count":0,"href":"https:\/\/wp.unil.ch\/adas\/wp-json\/wp\/v2\/pages\/22\/revisions"}],"wp:attachment":[{"href":"https:\/\/wp.unil.ch\/adas\/wp-json\/wp\/v2\/media?parent=22"}],"curies":[{"name":"wp","href":"https:\/\/api.w.org\/{rel}","templated":true}]}}