{"id":160,"date":"2010-12-31T14:59:30","date_gmt":"2010-12-31T13:59:30","guid":{"rendered":"http:\/\/wp.unil.ch\/adas\/"},"modified":"2012-06-26T13:31:08","modified_gmt":"2012-06-26T11:31:08","slug":"evaluations","status":"publish","type":"page","link":"https:\/\/wp.unil.ch\/adas\/services\/liens-utiles\/evaluations\/?lang=fr","title":{"rendered":"Evaluations"},"content":{"rendered":"<p>&nbsp;<\/p>\n<p><strong>Vous d\u00e9sirez progresser dans votre enseignement en le faisant \u00e9valuer?<\/strong><\/p>\n<p>L&#8217;ADAS et le\u00a0Centre de Soutien \u00e0 l&#8217;Enseignement\u00a0(CSE, <a href=\"https:\/\/www.unil.ch\/cse\">https:\/\/www.unil.ch\/cse<\/a>) vous proposent 3 questionnaires \u00e0 choix. Ces derniers ont \u00e9t\u00e9 pens\u00e9s pour couvrir la majorit\u00e9 des enseignements qu&#8217;un assistant en biologie peut \u00eatre appel\u00e9 \u00e0 donner. Ces questionnaires sont bien s\u00fbr modifiables et adaptables selon les besoins! A toi de choisir!<\/p>\n<p><span style=\"color: #0000ff\"><a href=\"https:\/\/www.unil.ch\/cse\/page34834.html\"><span style=\"color: #0000ff\">Questionnaires<\/span><\/a><\/span><\/p>\n<ul>\n<li>Evaluation d&#8217;EXERCICES:\u00a0Traite des s\u00e9ries d&#8217;exercices en salle et portant sur l&#8217;application en g\u00e9n\u00e9ral th\u00e9orique de concepts.<\/li>\n<\/ul>\n<ul>\n<li>Evaluation de SEMINAIRES: &#8220;S\u00e9minaire&#8221; est compris ici dans un sens tr\u00e8s large o\u00f9 les \u00e9tudiants sont amen\u00e9s \u00e0 faire une pr\u00e9sentation orale d&#8217;un sujet (article, th\u00e8me, &#8230;) qu&#8217;ils ont pr\u00e9par\u00e9.<\/li>\n<\/ul>\n<ul>\n<li>Evaluation de TRAVAUX PRATIQUES: Pour tous les enseignements comportant une partie pratique, appliqu\u00e9e: que ce soit au labo, en salle d&#8217;informatique ou sur le terrain.<\/li>\n<\/ul>\n<p>\u00a0<br \/>\n\u00a0<\/p>\n<p><strong>TON PROPRE QUESTIONNAIRE<\/strong><\/p>\n<p>Tu peux sans autre r\u00e9cup\u00e9rer le canevas WORD d&#8217;un de ces questionnaires et le modifier selon ton besoin! Et s&#8217;il peut int\u00e9resser beaucoup d&#8217;assistants, nous pouvons le mettre en ligne avec les questionnaires existants!\u00a0<\/p>\n<p>Cette possibilit\u00e9 d&#8217;\u00e9valuation est OFFERTE \u00e0 tout assistant: elle n&#8217;est NI OBLIGATOIRE, NI PUBLIQUE. Les r\u00e9sultats seront trait\u00e9s par le CSE et EXCLUSIVEMENT retourn\u00e9s \u00e0 la personne concern\u00e9e.<\/p>\n<p>&nbsp;<\/p>\n<p><strong>MARCHE A SUIVRE<\/strong><\/p>\n<ol>\n<li>s\u00e9lectionner le questionnaire le mieux adapt\u00e9 \u00e0 l&#8217;enseignement que vous voulez faire \u00e9valuer<\/li>\n<li>t\u00e9l\u00e9charger le questionnaire et faire le nombre de copies n\u00e9cessaires\u00a0<\/li>\n<li>faire remplir le questionnaire aux \u00e9tudiants (anonymement)<\/li>\n<li>\u00e0 la fin de l&#8217;enseignement r\u00e9colter les questionnaires remplis<\/li>\n<li>les envoyer (par courrier interne) au CSE (Secr\u00e9taritat du CSE, Unicentre, 1015 Lausanne) en ajoutant une note avec votre adresse pour le retour des r\u00e9sultats<\/li>\n<li>attendre les r\u00e9sultats qui vous seront retourn\u00e9s!<\/li>\n<\/ol>\n<p>&nbsp;<\/p>\n<p>PS. lors de l&#8217;\u00e9valuation, il peut \u00eatre bon de pr\u00e9ciser que le questionnaire est anonyme et de quitter la salle le temps que les \u00e9tudiants remplissent le questionnaire.<\/p>\n","protected":false},"excerpt":{"rendered":"<p>&nbsp; Vous d\u00e9sirez progresser dans votre enseignement en le faisant \u00e9valuer? L&#8217;ADAS et le\u00a0Centre de Soutien \u00e0 l&#8217;Enseignement\u00a0(CSE, https:\/\/www.unil.ch\/cse) vous proposent 3 questionnaires \u00e0 choix. Ces derniers ont \u00e9t\u00e9 pens\u00e9s &hellip; <\/p>\n","protected":false},"author":235,"featured_media":0,"parent":112,"menu_order":2,"comment_status":"closed","ping_status":"closed","template":"","meta":{"_seopress_robots_primary_cat":"","_seopress_titles_title":"","_seopress_titles_desc":"","_seopress_robots_index":"","ngg_post_thumbnail":0,"footnotes":"","_links_to":"","_links_to_target":""},"class_list":["post-160","page","type-page","status-publish"],"_links":{"self":[{"href":"https:\/\/wp.unil.ch\/adas\/wp-json\/wp\/v2\/pages\/160","targetHints":{"allow":["GET"]}}],"collection":[{"href":"https:\/\/wp.unil.ch\/adas\/wp-json\/wp\/v2\/pages"}],"about":[{"href":"https:\/\/wp.unil.ch\/adas\/wp-json\/wp\/v2\/types\/page"}],"author":[{"embeddable":true,"href":"https:\/\/wp.unil.ch\/adas\/wp-json\/wp\/v2\/users\/235"}],"replies":[{"embeddable":true,"href":"https:\/\/wp.unil.ch\/adas\/wp-json\/wp\/v2\/comments?post=160"}],"version-history":[{"count":0,"href":"https:\/\/wp.unil.ch\/adas\/wp-json\/wp\/v2\/pages\/160\/revisions"}],"up":[{"embeddable":true,"href":"https:\/\/wp.unil.ch\/adas\/wp-json\/wp\/v2\/pages\/112"}],"wp:attachment":[{"href":"https:\/\/wp.unil.ch\/adas\/wp-json\/wp\/v2\/media?parent=160"}],"curies":[{"name":"wp","href":"https:\/\/api.w.org\/{rel}","templated":true}]}}