{"id":1366,"date":"2012-09-01T15:54:15","date_gmt":"2012-09-01T13:54:15","guid":{"rendered":"http:\/\/wp.unil.ch\/adas\/?page_id=1366"},"modified":"2026-03-17T13:43:44","modified_gmt":"2026-03-17T12:43:44","slug":"assembly","status":"publish","type":"page","link":"https:\/\/wp.unil.ch\/adas\/assembly\/","title":{"rendered":"Assemblies"},"content":{"rendered":"<p>&nbsp;<\/p>\n<h3>Ordinary general assemblies<\/h3>\n<p>Here you can find the minutes of the general assemblies of ADAS in PDF format (only in French):<\/p>\n<ul>\n<li>Minute of the general assembly (2025)<\/li>\n<li><a href=\"https:\/\/wp.unil.ch\/adas\/files\/2026\/03\/adas-general-assembly-2024-november.pdf\">Minute of the general assembly (2024)<\/a><\/li>\n<li><a href=\"https:\/\/wp.unil.ch\/adas\/files\/2026\/03\/ga-2023.pdf\">Minute of the general assembly (2023)<\/a><\/li>\n<li><a href=\"https:\/\/wp.unil.ch\/adas\/files\/2022\/11\/PVGA2022-1.pdf\">Minute of the general assembly (2022)<\/a><\/li>\n<li><a href=\"https:\/\/wp.unil.ch\/adas\/files\/2021\/11\/PVGA2021.pdf\">Minute of the general assembly (2021)<\/a><\/li>\n<li><a href=\"https:\/\/wp.unil.ch\/adas\/files\/2021\/11\/201105_ADAS_AG_PV.pdf\">Minute of the general assembly (2020)<\/a><\/li>\n<li><a href=\"https:\/\/wp.unil.ch\/adas\/files\/2021\/09\/AG_PV_11.2019.pdf\">Minute of the general assembly (2019)<\/a><\/li>\n<li><a href=\"https:\/\/wp.unil.ch\/adas\/files\/2019\/11\/PV_AG_2018.pdf\">Minute of the general assembly (2018)<\/a><\/li>\n<li><a href=\"https:\/\/wp.unil.ch\/adas\/files\/2017\/12\/PV_AG_2017.pdf\">Minute of the general assembly (2017)<\/a><\/li>\n<li><a href=\"https:\/\/wp.unil.ch\/adas\/files\/2017\/12\/ADAS20-20AG20201620-20PV.pdf\">Minute of the general assembly (2016)<\/a><\/li>\n<li><a href=\"https:\/\/wp.unil.ch\/adas\/files\/2016\/11\/PV_AG_2015.pdf\">Minute of the general assembly (2015)<\/a><\/li>\n<li><a href=\"https:\/\/wp.unil.ch\/adas\/files\/2016\/11\/PV_AG_2014.pdf\">Minute of the general assembly (2014)<\/a><\/li>\n<li><a href=\"https:\/\/wp.unil.ch\/adas\/files\/2014\/06\/PV_AG_2013.pdf\">Minute of the general assembly (2013)<\/a><\/li>\n<li><a href=\"https:\/\/wp.unil.ch\/adas\/files\/2013\/06\/PV-AG-2012.pdf\">Minute of the general assembly (2012)<\/a><\/li>\n<li><a href=\"https:\/\/wp.unil.ch\/adas\/files\/2012\/11\/PV-AG-20111.pdf\">Minute of the general assembly (2011)<\/a><\/li>\n<li><a href=\"https:\/\/wp.unil.ch\/adas\/files\/2010\/05\/AG_20101.pdf\">Minute of the general assembly (2010)<\/a><\/li>\n<li><a href=\"https:\/\/wp.unil.ch\/adas\/files\/2010\/05\/Assemblee_generale_ADAS_2009_1_.pdf\">Minute of the general assembly (2009)<\/a><\/li>\n<li><a href=\"https:\/\/wp.unil.ch\/adas\/files\/2010\/05\/ADAS_PV_AG_2008.pdf\">Minute of the general assembly (2008)<\/a><\/li>\n<li><a href=\"https:\/\/wp.unil.ch\/adas\/files\/2010\/05\/PV_AG_07.pdf\">Minute of the general assembly (2007)<\/a><\/li>\n<li><a href=\"https:\/\/wp.unil.ch\/adas\/files\/2010\/05\/AG_30.11.06.pdf\">Minute of the general assembly (2006)<\/a><\/li>\n<li><a href=\"https:\/\/wp.unil.ch\/adas\/files\/2010\/05\/PV_Assembl\u00e9eG\u00e9n\u00e9rale_27oct2005.pdf\">Minute of the general assembly (2005)<\/a><\/li>\n<li><a href=\"https:\/\/wp.unil.ch\/adas\/files\/2010\/05\/PV_assembl\u00e9e_g\u00e9n\u00e9rale_24juin2004.pdf\">Minute of the general assembly (2004)<\/a><\/li>\n<\/ul>\n<h3>Extraordinary general assemblies<\/h3>\n<p>Here you can find the minutes of the extraordinary general assemblies of ADAS in PDF format (only in French):<\/p>\n<ul>\n<li><a href=\"https:\/\/wp.unil.ch\/adas\/files\/2017\/12\/assembl\u00e9e_g\u00e9n\u00e9rale_extraordinaire.pdf\">Minute of the extraordinary general assembly on December 14th, 2016<\/a><\/li>\n<li><a href=\"https:\/\/wp.unil.ch\/adas\/files\/2014\/06\/PV_AG_extraordinaire_avril_14.pdf\">Minute of the extraordinary general assembly on April 30th, 2013<\/a><\/li>\n<li><a href=\"https:\/\/wp.unil.ch\/adas\/files\/2010\/05\/PV_AGextraordinaire_janvier2010.pdf\">Minute of the extraordinary general assembly on January 21st, 2010<\/a><\/li>\n<li><a href=\"https:\/\/wp.unil.ch\/adas\/files\/2010\/05\/PVAG_extraordinaire_16_f\u00e9vrier_20062.pdf\">Minute of the extraordinary general assembly on February 16th, 2006<\/a><\/li>\n<\/ul>\n<p>Others:<\/p>\n<ul>\n<li><a href=\"https:\/\/wp.unil.ch\/adas\/files\/2010\/05\/LettreStatutsDoctorants_1_.pdf\">Letter about PhD students\u2019 statute<\/a><\/li>\n<\/ul>\n","protected":false},"excerpt":{"rendered":"<p>&nbsp; Ordinary general assemblies Here you can find the minutes of the general assemblies of ADAS in PDF format (only in French): Minute of the general assembly (2025) Minute of &hellip; <\/p>\n","protected":false},"author":108,"featured_media":0,"parent":0,"menu_order":3,"comment_status":"closed","ping_status":"closed","template":"","meta":{"_seopress_robots_primary_cat":"","_seopress_titles_title":"","_seopress_titles_desc":"","_seopress_robots_index":"","ngg_post_thumbnail":0,"footnotes":"","_links_to":"","_links_to_target":""},"class_list":["post-1366","page","type-page","status-publish"],"_links":{"self":[{"href":"https:\/\/wp.unil.ch\/adas\/wp-json\/wp\/v2\/pages\/1366","targetHints":{"allow":["GET"]}}],"collection":[{"href":"https:\/\/wp.unil.ch\/adas\/wp-json\/wp\/v2\/pages"}],"about":[{"href":"https:\/\/wp.unil.ch\/adas\/wp-json\/wp\/v2\/types\/page"}],"author":[{"embeddable":true,"href":"https:\/\/wp.unil.ch\/adas\/wp-json\/wp\/v2\/users\/108"}],"replies":[{"embeddable":true,"href":"https:\/\/wp.unil.ch\/adas\/wp-json\/wp\/v2\/comments?post=1366"}],"version-history":[{"count":2,"href":"https:\/\/wp.unil.ch\/adas\/wp-json\/wp\/v2\/pages\/1366\/revisions"}],"predecessor-version":[{"id":28530,"href":"https:\/\/wp.unil.ch\/adas\/wp-json\/wp\/v2\/pages\/1366\/revisions\/28530"}],"wp:attachment":[{"href":"https:\/\/wp.unil.ch\/adas\/wp-json\/wp\/v2\/media?parent=1366"}],"curies":[{"name":"wp","href":"https:\/\/api.w.org\/{rel}","templated":true}]}}