{"id":1340,"date":"2012-09-01T15:54:15","date_gmt":"2012-09-01T13:54:15","guid":{"rendered":"http:\/\/wp.unil.ch\/adas\/?page_id=1340"},"modified":"2021-11-11T20:02:20","modified_gmt":"2021-11-11T19:02:20","slug":"committee-20042005","status":"publish","type":"page","link":"https:\/\/wp.unil.ch\/adas\/committee\/committee-20042005\/","title":{"rendered":"committee 2004-2005"},"content":{"rendered":"<p>&nbsp;<\/p>\n<h3> Members of the committee<\/h3>\n<ul>\n<li>Natacha Bodenhausen, co-president (DBMV)<\/li>\n<li>Aline D\u00e9praz (DEE)<\/li>\n<li>Gr\u00e9goire Castella (DEE)<\/li>\n<li>Solange Cuenin, Treasurer (DB)<\/li>\n<li>Godefroy Devevey (DEE)<\/li>\n<li>Aur\u00e9lie Gfeller (DBMV)<\/li>\n<li>Lionel Guy, Secretary (DMF)<\/li>\n<li>Marisa Haenni, co-president (DMF)<\/li>\n<li>Robin Tecon (DMF)<\/li>\n<\/ul>\n<h3> Representative list<\/h3>\n<ul>\n<li><strong> Faculty Board:<\/strong> Natacha Bodenhausen, Solange Cuenin, Lionel Guy, Marisa Haenni<\/li>\n<li><strong> Biology School Board:<\/strong> Aline Depraz, Marisa Haenni<\/li>\n<li><strong> Doctoral School Board:<\/strong> Natacha Bodenhausen, Aur\u00e9lie Gfeller, Lionel Guy, Godefroy Devevey<\/li>\n<li><strong> Board of the section of fundamental sciences:<\/strong> Natacha Bodenhausen, Godefroy deVevey<\/li>\n<li><strong> Commission of Research:<\/strong> Marisa Haenni<\/li>\n<li><strong>Commission de l&#8217;Enseignement:<\/strong> Aline Depraz et Natacha Bodenhausen<\/li>\n<li><strong>Commission de la Rel\u00e8ve:<\/strong> abandonn\u00e9 \u00e0 l&#8217;ACPAME<\/li>\n<\/ul>\n","protected":false},"excerpt":{"rendered":"<p>&nbsp; Members of the committee Natacha Bodenhausen, co-president (DBMV) Aline D\u00e9praz (DEE) Gr\u00e9goire Castella (DEE) Solange Cuenin, Treasurer (DB) Godefroy Devevey (DEE) Aur\u00e9lie Gfeller (DBMV) Lionel Guy, Secretary (DMF) Marisa &hellip; <\/p>\n","protected":false},"author":832,"featured_media":0,"parent":530,"menu_order":5,"comment_status":"closed","ping_status":"closed","template":"","meta":{"_seopress_robots_primary_cat":"","_seopress_titles_title":"","_seopress_titles_desc":"","_seopress_robots_index":"","ngg_post_thumbnail":0,"footnotes":"","_links_to":"","_links_to_target":""},"class_list":["post-1340","page","type-page","status-publish"],"_links":{"self":[{"href":"https:\/\/wp.unil.ch\/adas\/wp-json\/wp\/v2\/pages\/1340","targetHints":{"allow":["GET"]}}],"collection":[{"href":"https:\/\/wp.unil.ch\/adas\/wp-json\/wp\/v2\/pages"}],"about":[{"href":"https:\/\/wp.unil.ch\/adas\/wp-json\/wp\/v2\/types\/page"}],"author":[{"embeddable":true,"href":"https:\/\/wp.unil.ch\/adas\/wp-json\/wp\/v2\/users\/832"}],"replies":[{"embeddable":true,"href":"https:\/\/wp.unil.ch\/adas\/wp-json\/wp\/v2\/comments?post=1340"}],"version-history":[{"count":0,"href":"https:\/\/wp.unil.ch\/adas\/wp-json\/wp\/v2\/pages\/1340\/revisions"}],"up":[{"embeddable":true,"href":"https:\/\/wp.unil.ch\/adas\/wp-json\/wp\/v2\/pages\/530"}],"wp:attachment":[{"href":"https:\/\/wp.unil.ch\/adas\/wp-json\/wp\/v2\/media?parent=1340"}],"curies":[{"name":"wp","href":"https:\/\/api.w.org\/{rel}","templated":true}]}}