{"id":16,"date":"2017-07-31T19:15:10","date_gmt":"2017-07-31T17:15:10","guid":{"rendered":"http:\/\/wp.unil.ch\/acontrario\/?page_id=16"},"modified":"2026-03-11T14:56:45","modified_gmt":"2026-03-11T13:56:45","slug":"la-revue","status":"publish","type":"page","link":"https:\/\/wp.unil.ch\/acontrario\/la-revue\/","title":{"rendered":"la revue"},"content":{"rendered":"<p><strong><em>a contrario<\/em><\/strong><\/p>\n<p>Fond\u00e9e en 2003, la revue <em>a contrario<\/em> voudrait aujourd\u2019hui r\u00e9affirmer le sens de la locution latine qui lui donna son titre. Celle-ci signifie : <em>par l\u2019hypoth\u00e8se du contraire<\/em>. En cette formule, on entendra r\u00e9sonner une question qui vient inqui\u00e9ter les ordres \u00e9tablis du discours, des savoirs et de la soci\u00e9t\u00e9 : \u00ab\u00a0et s\u2019il en allait autrement\u00a0? \u00bb<\/p>\n<p>La revue\u00a0<em>a<\/em><em> contrario <\/em>voudrait \u00eatre un espace pour des textes qui accueillent cette question et la renvoient \u00e0 d\u2019autres, quelle qu\u2019en soit la mani\u00e8re ou les formes\u00a0; pour des textes qui ne demeurent pas insensibles \u00e0 la tonalit\u00e9 critique et utopique qui vibre dans \u00ab\u00a0l\u2019hypoth\u00e8se du contraire\u00a0\u00bb.<\/p>\n<p>La revue\u00a0<em>a<\/em><em> contrario<\/em> veut faire le pari que cette hypoth\u00e8se se d\u00e9veloppera avec d\u2019autant plus de force que la voix qui l\u2019\u00e9nonce se fera collective et dialogique. Elle se con\u00e7oit d\u00e8s lors comme une chambre d&rsquo;\u00e9cho pour des savoirs qui s\u2019\u00e9laborent de mani\u00e8re polyphonique. Elle invite \u00e0 suspendre l\u2019isolement silencieux de la pens\u00e9e aussi bien que les cl\u00f4tures des champs disciplinaires, pour frayer des chemins de traverse o\u00f9 l\u2019on s\u2019engage \u00e0 plusieurs.<\/p>\n<p>La revue <em>a contrario <\/em>entend donc accueillir des projets port\u00e9s par des collectifs, qu\u2019ils soient \u00e9ph\u00e9m\u00e8res ou durables, pr\u00e9existants \u00e0 l\u2019occasion ou saisissant la chance de s\u2019y constituer. Pour favoriser la conversation plut\u00f4t que la juxtaposition de voix isol\u00e9es, elle encouragera et privil\u00e9giera les contributions \u00e9labor\u00e9es par et pour la discussion collective. Pour se donner les moyens d\u2019un tel dialogue, le comit\u00e9 de r\u00e9daction de la revue se proposera de faire une (re)lecture des projets, o\u00f9\u00a0l\u2019entr\u00e9e en mati\u00e8re et les regards port\u00e9s sur les textes soumis d\u00e9pendront plus de la reconnaissance d\u2019un d\u00e9sir partag\u00e9 de dialoguer que de l\u2019identification de crit\u00e8res disciplinaires pr\u00e9\u00e9tablis. Il esp\u00e8re ainsi faire de chaque num\u00e9ro d\u2019<em>a contrario<\/em> le moyen d\u2019un \u00e9change f\u00e9cond entre toutes les actrices et tous les acteurs qui prennent part \u00e0 sa fabrication.<\/p>\n<p><strong>Le comit\u00e9 de r\u00e9daction<\/strong><\/p>\n<p>Sacha Auderset, Julia Cela, Boris Colina Pereira, C\u00e9lia De Pietro, Lorena Ehrbar, Yulia Kukles, Julie Lang, Amelia Veitch, Mathilde Zbaeren<\/p>\n","protected":false},"excerpt":{"rendered":"<p>a contrario Fond\u00e9e en 2003, la revue a contrario voudrait aujourd\u2019hui r\u00e9affirmer le sens de la locution latine qui lui donna son titre. Celle-ci signifie : par l\u2019hypoth\u00e8se du contraire. &hellip; <\/p>\n","protected":false},"author":1001449,"featured_media":0,"parent":0,"menu_order":0,"comment_status":"closed","ping_status":"closed","template":"","meta":{"_seopress_robots_primary_cat":"","_seopress_titles_title":"","_seopress_titles_desc":"","_seopress_robots_index":"","footnotes":""},"class_list":["post-16","page","type-page","status-publish"],"_links":{"self":[{"href":"https:\/\/wp.unil.ch\/acontrario\/wp-json\/wp\/v2\/pages\/16","targetHints":{"allow":["GET"]}}],"collection":[{"href":"https:\/\/wp.unil.ch\/acontrario\/wp-json\/wp\/v2\/pages"}],"about":[{"href":"https:\/\/wp.unil.ch\/acontrario\/wp-json\/wp\/v2\/types\/page"}],"author":[{"embeddable":true,"href":"https:\/\/wp.unil.ch\/acontrario\/wp-json\/wp\/v2\/users\/1001449"}],"replies":[{"embeddable":true,"href":"https:\/\/wp.unil.ch\/acontrario\/wp-json\/wp\/v2\/comments?post=16"}],"version-history":[{"count":4,"href":"https:\/\/wp.unil.ch\/acontrario\/wp-json\/wp\/v2\/pages\/16\/revisions"}],"predecessor-version":[{"id":325,"href":"https:\/\/wp.unil.ch\/acontrario\/wp-json\/wp\/v2\/pages\/16\/revisions\/325"}],"wp:attachment":[{"href":"https:\/\/wp.unil.ch\/acontrario\/wp-json\/wp\/v2\/media?parent=16"}],"curies":[{"name":"wp","href":"https:\/\/api.w.org\/{rel}","templated":true}]}}