{"id":544,"date":"2014-12-27T20:29:43","date_gmt":"2014-12-27T19:29:43","guid":{"rendered":"http:\/\/wp.unil.ch\/acissp\/?page_id=544"},"modified":"2026-04-09T13:05:15","modified_gmt":"2026-04-09T11:05:15","slug":"comptes-rendus-du-conseil-de-faculte","status":"publish","type":"page","link":"https:\/\/wp.unil.ch\/acissp\/documents-utiles\/comptes-rendus-du-conseil-de-faculte\/","title":{"rendered":"Comptes rendus du Conseil de Facult\u00e9"},"content":{"rendered":"<p><strong>Ann\u00e9e 2026<\/strong><\/p>\n<p><a href=\"https:\/\/wp.unil.ch\/acissp\/files\/2026\/04\/pv_cfac_12.03.26_public.pdf\">CONSEIL DE FACULTE DU 12 MARS 2026<\/a><\/p>\n<p><strong>Ann\u00e9e 2025<\/strong><\/p>\n<p><a href=\"https:\/\/wp.unil.ch\/acissp\/files\/2026\/02\/pv_ci_cf_11.12.pdf\">CONSEIL DE FACULTE DU 11 DECEMBRE 2025<\/a><\/p>\n<p><a href=\"https:\/\/wp.unil.ch\/acissp\/files\/2025\/11\/pv_cdf_09_10_2025.pdf\">CONSEIL DE FACULTE DU 9 OCTOBRE 2025<\/a><\/p>\n<p><strong>Ann\u00e9e 2021<\/strong><\/p>\n<p><a href=\"https:\/\/wp.unil.ch\/acissp\/files\/2021\/11\/Cfac-04.02.2021.pdf\">CONSEIL DE FACULTE DU 4 FEVRIER 2021<\/a><\/p>\n<p><a href=\"https:\/\/wp.unil.ch\/acissp\/files\/2021\/11\/Cfac-15.04.2021.pdf\">CONSEIL DE FACULTE DU 15 AVRIL 2021<\/a><\/p>\n<p><a href=\"https:\/\/wp.unil.ch\/acissp\/files\/2021\/11\/Cfac-27.05.2021.pdf\">CONSEIL DE FACULTE DU 27 MAI 2021<\/a><\/p>\n<p><a href=\"https:\/\/wp.unil.ch\/acissp\/files\/2021\/11\/Cfac-24.06.2021.pdf\">CONSEIL DE FACULTE DU 24 JUIN 2021<\/a><\/p>\n<p><strong>Ann\u00e9e 2020<\/strong><\/p>\n<p><a href=\"https:\/\/wp.unil.ch\/acissp\/files\/2021\/11\/Cfac-08.10.2020.pdf\">CONSEIL DE FACULTE DU 8 OCTOBRE 2020<\/a><\/p>\n<p><strong>Ann\u00e9e 2017<\/strong><\/p>\n<p><a href=\"https:\/\/wp.unil.ch\/acissp\/files\/2014\/12\/CR-CF-2017_01_26_VF.pdf\">CONSEIL DE FACULTE DU 26 JANVIER 2017<\/a><\/p>\n<p><strong>Ann\u00e9e 2016<\/strong><\/p>\n<p><a href=\"https:\/\/wp.unil.ch\/acissp\/files\/2014\/12\/CONSEIL-DE-FACULTE-DU-8-DECEMBRE-2016.pdf\">CONSEIL DE FACULTE DU 8 DECEMBRE 2016<\/a><\/p>\n<p><a href=\"https:\/\/wp.unil.ch\/acissp\/files\/2014\/12\/CONSEIL-DE-FACULTE-DU-17-MARS-2016.pdf\">CONSEIL DE FACULTE DU 17 MARS 2016<\/a><\/p>\n<p><strong>Ann\u00e9e 2015<\/strong><\/p>\n<p><a href=\"https:\/\/wp.unil.ch\/acissp\/files\/2014\/12\/CONSEIL-DE-FACULTE\u0301-DU-10-DE\u0301CEMBRE-2015.pdf\">CONSEIL DE FACULTE\u0301 DU 10 D\u00c9CEMBRE\u00a0 2015<\/a><\/p>\n<p><a href=\"https:\/\/wp.unil.ch\/acissp\/files\/2014\/12\/CONSEIL-DE-FACULTE\u0301-DU-1er-OCTOBRE-2015.pdf\">CONSEIL DE FACULTE\u0301 DU 1er OCTOBRE\u00a0 2015<\/a><\/p>\n<p><a href=\"https:\/\/wp.unil.ch\/acissp\/files\/2014\/12\/CONSEIL-DE-FACULTE\u0301-DU-2-JUILLET-2015.pdf\">CONSEIL DE FACULTE\u0301 DU 2 JUILLET\u00a02015<\/a><\/p>\n<p><a href=\"https:\/\/wp.unil.ch\/acissp\/files\/2014\/12\/CONSEIL-DE-FACULTE\u0301-DU-4-JUIN-2015.pdf\">CONSEIL DE FACULTE\u0301 DU 4 JUIN 2015<\/a><\/p>\n<p><a href=\"https:\/\/wp.unil.ch\/acissp\/files\/2014\/12\/CONSEIL-DE-FACULTE\u0301-DU-12-MARS-2015.pdf\">CONSEIL DE FACULTE\u0301 DU 12 MARS 2015<\/a><\/p>\n<p><a href=\"https:\/\/wp.unil.ch\/acissp\/files\/2014\/12\/CONSEIL-DE-FACULTE\u0301-DU-23-AVRIL-2015.pdf\">CONSEIL DE FACULTE\u0301 DU 23 AVRIL 2015<\/a><\/p>\n<p><a href=\"https:\/\/wp.unil.ch\/acissp\/files\/2014\/12\/CONSEIL-DE-FACULTE\u0301-DU-29-JANVIER-2015.pdf\">CONSEIL DE FACULTE\u0301 DU 29 JANVIER 2015<\/a><\/p>\n<p><strong>Ann\u00e9e 2014<\/strong><\/p>\n<p><a href=\"https:\/\/wp.unil.ch\/acissp\/files\/2014\/12\/CONSEIL-DE-FACULTE\u0301-DU-11-DE\u0301CEMBRE-2014.pdf\">CONSEIL DE FACULTE\u0301 DU 11 D\u00c9CEMBRE 2014<\/a><\/p>\n","protected":false},"excerpt":{"rendered":"<p>Ann\u00e9e 2026 CONSEIL DE FACULTE DU 12 MARS 2026 Ann\u00e9e 2025 CONSEIL DE FACULTE DU 11 DECEMBRE 2025 CONSEIL DE FACULTE DU 9 OCTOBRE 2025 Ann\u00e9e 2021 CONSEIL&hellip;<\/p>\n","protected":false},"author":1001021,"featured_media":0,"parent":61,"menu_order":2,"comment_status":"closed","ping_status":"closed","template":"template-full-width.php","meta":{"_seopress_robots_primary_cat":"","_seopress_titles_title":"","_seopress_titles_desc":"","_seopress_robots_index":"","footnotes":""},"class_list":["post-544","page","type-page","status-publish","has-post-thumbnail"],"_links":{"self":[{"href":"https:\/\/wp.unil.ch\/acissp\/wp-json\/wp\/v2\/pages\/544","targetHints":{"allow":["GET"]}}],"collection":[{"href":"https:\/\/wp.unil.ch\/acissp\/wp-json\/wp\/v2\/pages"}],"about":[{"href":"https:\/\/wp.unil.ch\/acissp\/wp-json\/wp\/v2\/types\/page"}],"author":[{"embeddable":true,"href":"https:\/\/wp.unil.ch\/acissp\/wp-json\/wp\/v2\/users\/1001021"}],"replies":[{"embeddable":true,"href":"https:\/\/wp.unil.ch\/acissp\/wp-json\/wp\/v2\/comments?post=544"}],"version-history":[{"count":5,"href":"https:\/\/wp.unil.ch\/acissp\/wp-json\/wp\/v2\/pages\/544\/revisions"}],"predecessor-version":[{"id":1179,"href":"https:\/\/wp.unil.ch\/acissp\/wp-json\/wp\/v2\/pages\/544\/revisions\/1179"}],"up":[{"embeddable":true,"href":"https:\/\/wp.unil.ch\/acissp\/wp-json\/wp\/v2\/pages\/61"}],"wp:attachment":[{"href":"https:\/\/wp.unil.ch\/acissp\/wp-json\/wp\/v2\/media?parent=544"}],"curies":[{"name":"wp","href":"https:\/\/api.w.org\/{rel}","templated":true}]}}