{"id":62,"date":"2018-03-01T14:56:09","date_gmt":"2018-03-01T13:56:09","guid":{"rendered":"http:\/\/wp.unil.ch\/acilex\/?page_id=62"},"modified":"2022-01-31T11:15:06","modified_gmt":"2022-01-31T10:15:06","slug":"archives","status":"publish","type":"page","link":"https:\/\/wp.unil.ch\/acilex\/archives\/","title":{"rendered":"Archives"},"content":{"rendered":"\n<figure class=\"wp-block-image size-large is-style-rounded\"><img alt=\"\" loading=\"lazy\" decoding=\"async\" width=\"883\" height=\"552\" src=\"https:\/\/wp.unil.ch\/acilex\/files\/2021\/03\/34479780_1918811824797525_8113706135728422912_o-5-edited.jpg\" alt=\"\" class=\"wp-image-229\" srcset=\"https:\/\/wp.unil.ch\/acilex\/files\/2021\/03\/34479780_1918811824797525_8113706135728422912_o-5-edited.jpg 883w, https:\/\/wp.unil.ch\/acilex\/files\/2021\/03\/34479780_1918811824797525_8113706135728422912_o-5-edited-300x188.jpg 300w, https:\/\/wp.unil.ch\/acilex\/files\/2021\/03\/34479780_1918811824797525_8113706135728422912_o-5-edited-768x480.jpg 768w\" sizes=\"auto, (max-width: 706px) 89vw, (max-width: 767px) 82vw, 740px\" \/><\/figure>\n\n\n<p><strong>STATUTS DE L&rsquo;ASSOCIATION :<br \/><\/strong><\/p>\n<p><a href=\"https:\/\/wp.unil.ch\/acilex\/files\/2018\/03\/STATUTS-2018.pdf\">Statuts (version 2018)<\/a><\/p>\n<p><strong>PROC\u00c8S-VERBAUX DES ASSEMBL\u00c9ES G\u00c9N\u00c9RALES :<br \/><\/strong><\/p>\n<p><a href=\"https:\/\/wp.unil.ch\/acilex\/files\/2018\/03\/PV-ACILex-22.08.2017.pdf\">PV ACILex 22.08.2017<\/a><\/p>\n<p><a href=\"https:\/\/wp.unil.ch\/acilex\/files\/2018\/03\/PV-ACILex-11.01.2018.pdf\">PV ACILex 11.01.2018<\/a><\/p>\n<p><a href=\"https:\/\/wp.unil.ch\/acilex\/files\/2019\/05\/PV-ACILex-Assembl\u00e9e-g\u00e9n\u00e9rale-ordinaire-28.02.2019.pdf\">PV ACILex 22.02.2019<\/a><\/p>\n<p><a href=\"https:\/\/wp.unil.ch\/acilex\/files\/2022\/01\/PV-Assemble\u0301e-ge\u0301ne\u0301rale-ACILex-05.03.2020.pdf\">PV ACILex 05.03.2020<\/a><\/p>\n<p><a href=\"https:\/\/wp.unil.ch\/acilex\/files\/2022\/01\/PV-AG-ACILex-4-mars-2021.pdf\">PV ACILex 04.03.2021<\/a><\/p>\n<p>Les PV des <strong>s\u00e9ances du Comit\u00e9<\/strong> sont tenus \u00e0 disposition des membres sur demande.<\/p>\n<p><strong>BILAN DE LA JOURN\u00c9E DES ASSISTANTS 2019 :<br \/><\/strong><\/p>\n<p><a href=\"https:\/\/wp.unil.ch\/acilex\/files\/2019\/05\/i.-Synth\u00e8se-Valorisation-de-lassistanat.pdf\">1. Synth\u00e8se &#8211; Valorisation de l&rsquo;assistanat<\/a><\/p>\n<p><a href=\"https:\/\/wp.unil.ch\/acilex\/files\/2019\/05\/ii.-Synth\u00e8se-openaccess.pdf\">2. Synth\u00e8se &#8211; Openaccess<\/a><\/p>\n<p><a href=\"https:\/\/wp.unil.ch\/acilex\/files\/2019\/05\/iii.-Synth\u00e8se-Conditions-dobtention-du-doctorat.pdf\">3. Synth\u00e8se &#8211; Conditions d&rsquo;obtention du doctorat<\/a><\/p>\n<p><a href=\"https:\/\/wp.unil.ch\/acilex\/files\/2019\/05\/iv.-Synth\u00e8se-\u2013-d\u00e9veloppement-des-activit\u00e9s-d\u2019ACILex.pdf\">4. Synth\u00e8se &#8211; D\u00e9veloppement des activit\u00e9s d\u2019ACILex<\/a><\/p>\n<p><a href=\"https:\/\/wp.unil.ch\/acilex\/files\/2019\/05\/v.-Synth\u00e8se_planification-et-rel\u00e8ve-acad\u00e9mique.pdf\">5. Synth\u00e8se &#8211; Planification et rel\u00e8ve acad\u00e9mique<\/a><\/p>\n<p><strong>DIVERS :<br \/><\/strong><\/p>\n<p><a href=\"https:\/\/wp.unil.ch\/acilex\/files\/2019\/04\/Rapport-Enqu\u00eate-Ecole-de-Droit.pdf\">Rapport Enqu\u00eate Taux d&rsquo;engagement \u00c9cole de Droit<\/a><\/p>\n<p>\u00a0<\/p>","protected":false},"excerpt":{"rendered":"<p>STATUTS DE L&rsquo;ASSOCIATION : Statuts (version 2018) PROC\u00c8S-VERBAUX DES ASSEMBL\u00c9ES G\u00c9N\u00c9RALES : PV ACILex 22.08.2017 PV ACILex 11.01.2018 PV ACILex 22.02.2019 PV ACILex 05.03.2020 PV ACILex 04.03.2021 Les PV des s\u00e9ances du Comit\u00e9 sont tenus \u00e0 disposition des membres sur demande. BILAN DE LA JOURN\u00c9E DES ASSISTANTS 2019 : 1. Synth\u00e8se &#8211; Valorisation de l&rsquo;assistanat &hellip; <\/p>\n<p class=\"link-more\"><a href=\"https:\/\/wp.unil.ch\/acilex\/archives\/\" class=\"more-link\">Continuer la lecture<span class=\"screen-reader-text\"> de &laquo;&nbsp;Archives&nbsp;&raquo;<\/span><\/a><\/p>\n","protected":false},"author":1001699,"featured_media":0,"parent":0,"menu_order":3,"comment_status":"closed","ping_status":"closed","template":"","meta":{"_seopress_robots_primary_cat":"","_seopress_titles_title":"","_seopress_titles_desc":"","_seopress_robots_index":"","footnotes":""},"class_list":["post-62","page","type-page","status-publish"],"_links":{"self":[{"href":"https:\/\/wp.unil.ch\/acilex\/wp-json\/wp\/v2\/pages\/62","targetHints":{"allow":["GET"]}}],"collection":[{"href":"https:\/\/wp.unil.ch\/acilex\/wp-json\/wp\/v2\/pages"}],"about":[{"href":"https:\/\/wp.unil.ch\/acilex\/wp-json\/wp\/v2\/types\/page"}],"author":[{"embeddable":true,"href":"https:\/\/wp.unil.ch\/acilex\/wp-json\/wp\/v2\/users\/1001699"}],"replies":[{"embeddable":true,"href":"https:\/\/wp.unil.ch\/acilex\/wp-json\/wp\/v2\/comments?post=62"}],"version-history":[{"count":0,"href":"https:\/\/wp.unil.ch\/acilex\/wp-json\/wp\/v2\/pages\/62\/revisions"}],"wp:attachment":[{"href":"https:\/\/wp.unil.ch\/acilex\/wp-json\/wp\/v2\/media?parent=62"}],"curies":[{"name":"wp","href":"https:\/\/api.w.org\/{rel}","templated":true}]}}