{"id":47,"date":"2018-02-23T15:26:49","date_gmt":"2018-02-23T14:26:49","guid":{"rendered":"http:\/\/wp.unil.ch\/acilex\/?page_id=47"},"modified":"2025-03-03T11:30:34","modified_gmt":"2025-03-03T10:30:34","slug":"savoir-institutionnel","status":"publish","type":"page","link":"https:\/\/wp.unil.ch\/acilex\/savoir-institutionnel\/","title":{"rendered":"Informations utiles pour le doctorat"},"content":{"rendered":"\n<p><span style=\"color: #000000\"><em>Vademecum<\/em> du doctorat et de l&rsquo;assistanat<\/span> (version 2025) :<\/p>\n\n\n\n<div data-wp-interactive=\"core\/file\" class=\"wp-block-file\"><object data-wp-bind--hidden=\"!state.hasPdfPreview\" hidden class=\"wp-block-file__embed\" data=\"https:\/\/wp.unil.ch\/acilex\/files\/2025\/03\/Vademecum-ACILex_version-2025-1.pdf\" type=\"application\/pdf\" style=\"width:100%;height:600px\" aria-label=\"Contenu embarqu\u00e9 Vademecum-ACILex_version-2025-1.\"><\/object><a id=\"wp-block-file--media-7d95a84f-fe22-4650-a996-8e4aab57ee56\" href=\"https:\/\/wp.unil.ch\/acilex\/files\/2025\/03\/Vademecum-ACILex_version-2025-1.pdf\">Vademecum-ACILex_version-2025-1<\/a><a href=\"https:\/\/wp.unil.ch\/acilex\/files\/2025\/03\/Vademecum-ACILex_version-2025-1.pdf\" class=\"wp-block-file__button wp-element-button\" download aria-describedby=\"wp-block-file--media-7d95a84f-fe22-4650-a996-8e4aab57ee56\">T\u00e9l\u00e9charger<\/a><\/div>\n\n\n\n<h1 class=\"wp-block-heading has-black-color has-text-color has-medium-font-size\"><strong>Soutien \u00e0 la recherche<\/strong><\/h1>\n\n\n\n<p>Le soutien \u00e0 l\u2019enseignement et&nbsp;\u00e0 la recherche&nbsp;se d\u00e9veloppe dans notre facult\u00e9.&nbsp;<strong>Hugo Hueber<\/strong> vient de se joindre \u00e0 l\u2019\u00e9quipe et est d\u00e8s \u00e0 pr\u00e9sent l\u00e0 pour vous&nbsp;aider&nbsp;dans certains aspects de vos activit\u00e9s de recherche.&nbsp;<\/p>\n\n\n\n<p>Hugo Hueber vous&nbsp;accompagne dans la mise en \u0153uvre de solutions informatiques pour mener \u00e0 bien vos projets de recherche. Il a \u00e9t\u00e9 engag\u00e9 pour vous orienter vers les ressources disponibles \u00e0 l&rsquo;UNIL, vous aider \u00e0 identifier des solutions informatiques adapt\u00e9es \u00e0 vos besoins et vous assister dans le d\u00e9veloppement de solutions personnalis\u00e9es. Titulaire d\u2019un Master en Cybers\u00e9curit\u00e9 de l\u2019EPFL et l\u2019ETHZ, &nbsp;Hugo a travaill\u00e9 dans diff\u00e9rents domaines, notamment le d\u00e9veloppement d&rsquo;applications web et la communication sur les r\u00e9seaux sociaux, accumulant ainsi de solides comp\u00e9tences dans l&rsquo;informatique appliqu\u00e9e \u00e0 la recherche.<\/p>\n\n\n\n<p>En cas de questions, n\u2019h\u00e9sitez pas \u00e0 le contacter \u00e0 l&rsquo;adresse suivante&nbsp;:&nbsp;&nbsp;<a href=\"mailto:hugo.hueber@unil.ch\">hugo.hueber@unil.ch<\/a><\/p>\n\n\n\n<p><strong>Programmes pour la formation de la Rel\u00e8ve acad\u00e9mique \u00e0 l&rsquo;Universit\u00e9 de Lausann<\/strong><em><strong>e <\/strong><\/em><\/p>\n\n\n\n<p class=\"has-black-color has-text-color\"><em>Le programme d&rsquo;ateliers \u00ab\u00a0REGARD\u00a0\u00bb<\/em><\/p>\n\n\n\n<p class=\"has-text-align-left\">Ce programme est propos\u00e9 par les bureaux de l&rsquo;\u00e9galit\u00e9 des hautes \u00e9coles de Suisse romande. L&rsquo;inscription se fait en ligne sur le site internet d\u00e9di\u00e9 : <a href=\"https:\/\/www.unifr.ch\/regard\">www.unifr.ch\/regard<\/a>. Un nouveau programme d&rsquo;ateliers est d\u00e9fini chaque ann\u00e9e, pour un public cible form\u00e9 de doctorant-e-s et post-docs (la participation aux ateliers est gratuite). Th\u00e9matiques principales des ateliers : Carri\u00e8re, communication, d\u00e9veloppement personnel, gestion de projets. <\/p>\n\n\n\n<p class=\"has-black-color has-text-color\"><em>Le R\u00e9seau romand de mentoring pour femmes (RRM)<\/em><\/p>\n\n\n\n<p>Le R\u00e9seau romand de mentoring pour femmes soutient les femmes d\u00e9butant leur carri\u00e8re scientifique, par le biais de mentoring individuel et de rencontres plus larges. Il vise deux objectifs principaux : 1) aider les femmes \u00e0 r\u00e9soudre des difficult\u00e9s pratiques li\u00e9es \u00e0 l&rsquo;organisation de la vie acad\u00e9mique et \u00e0 la r\u00e9alisation du projet scientifique 2) cr\u00e9er un r\u00e9seau de contacts entre les femmes des universit\u00e9s romandes, qui leur permet d&rsquo;\u00e9changer des informations ainsi que d&rsquo;augmenter les chances de succ\u00e8s des femmes de la rel\u00e8ve. Public cible : terminer un travail de doctorat, ou \u00eatre en situation post-doctorale. Participation au programme soumise \u00e0 candidature et gratuite. Site d\u00e9di\u00e9 : <a href=\"https:\/\/www.unil.ch\/egalite\/rrm\">https:\/\/www.unil.ch\/egalite\/rrm<\/a>. <\/p>\n\n\n\n<p class=\"has-black-color has-text-color\"><em>La CUSO (Conf\u00e9rence Universitaire de Suisse Orientale)<\/em> <\/p>\n\n\n\n<p>La CUSO finance, coordonne et organise des activit\u00e9s doctorales communes et collectives sur mandat de ses membres (Universit\u00e9s de Fribourg, Gen\u00e8ve, Lausanne, Neuch\u00e2tel), et membres associ\u00e9s (IHEID, ISDC) et partenaires (Universit\u00e9 de Berne). Les ateliers sont gratuits pour les doctorant-e-s des universit\u00e9s \u00ab\u00a0CUSO\u00a0\u00bb et de l&rsquo;Universit\u00e9 de Berne. La prise en charge des frais de participation s&rsquo;effectue sur requ\u00eate du participant. Le programme doctoral en droit est plus particuli\u00e8rement disponible sur : <a href=\"https:\/\/droit.cuso.ch\/accueil\">https:\/\/droit.cuso.ch\/accueil<\/a>. L&rsquo;inscription s&rsquo;effectue en ligne. <\/p>\n\n\n\n<p class=\"has-black-color has-text-color\"><em>Graduate campus<\/em><\/p>\n\n\n\n<p><em>Graduate campus<\/em> est tout d\u2019abord un site internet (<a href=\"https:\/\/www.unil.ch\/graduatecampus\/fr\/home.html\">https:\/\/www.unil.ch\/graduatecampus\/fr\/home.html<\/a>) fournissant un panel d\u2019informations et des guides aux doctorant-e-s et postdoctorant-e-s (possibilit\u00e9s de financement, informations sur les carri\u00e8res, etc\u2026). <em>Graduate campus <\/em>propose \u00e9galement des ateliers, \u00e0 l\u2019organisation semestrielle, gratuits pour les personnes inscrites \u00e0 l\u2019Unil. Ces ateliers portent sur la recherche doctorale, la pr\u00e9paration de la soutenance, ou encore sur le d\u00e9veloppement de carri\u00e8re.<\/p>\n\n\n\n<p class=\"has-black-color has-text-color\"><em>Le CSE (Centre de Soutien \u00e0 l\u2019Enseignement)<\/em><\/p>\n\n\n\n<p>Le CSE (<a href=\"https:\/\/www.unil.ch\/cse\/home.html\">https:\/\/www.unil.ch\/cse\/home.html<\/a>), dont les bureaux sont situ\u00e9s dans le b\u00e2timent Anthropole, propose des guides et des formations pour les enseignants, et \u00e9galement pour les assistant-e-s dipl\u00f4m\u00e9-e-s ayant \u00e0 encadrer des \u00e9tudiants pour une activit\u00e9 d\u2019enseignement.<\/p>\n\n\n\n<p class=\"has-black-color has-text-color\"><em>Le Welcome centre<\/em><\/p>\n\n\n\n<p>Il se situe au ch\u00e2teau de Dorigny et dispose d\u2019un site internet&nbsp;: <a href=\"https:\/\/www.unil.ch\/welcomecentre\/home.html\">https:\/\/www.unil.ch\/welcomecentre\/home.html<\/a>. Le <em>Welcome Centre<\/em> s\u2019adresse g\u00e9n\u00e9ralement \u00e0 tous les nouveaux arrivants sur le campus de l\u2019Universit\u00e9 de Lausanne, et notamment aux jeunes doctorant-e-s d\u00e9butant leur th\u00e8se \u00e0 l\u2019Unil. On peut y trouver des informations administratives, des guides sur la vie du campus de l\u2019Unil, ou encore des annonces d\u2019\u00e9v\u00e9nements conviviaux (tels que le <em>Meet and Greet<\/em>, organis\u00e9 en partenariat avec Graduate Campus).<\/p>\n\n\n\n<hr class=\"wp-block-separator has-alpha-channel-opacity\" \/>\n\n\n\n<h4 class=\"wp-block-heading\"><span style=\"color: #000000\">Vad\u00e9m\u00e9cum du doctorat et de l&rsquo;assistanat<\/span> (version 2024) : <\/h4>\n\n\n\n<div class=\"wp-block-file\"><a id=\"wp-block-file--media-76b4fc1f-325b-417f-bea8-a0f9a56aeb29\" href=\"https:\/\/wp.unil.ch\/acilex\/files\/2024\/05\/Vademecum-ACILex_version-2024-1.docx\">Vademecum-ACILex_version-2024-1<\/a><a href=\"https:\/\/wp.unil.ch\/acilex\/files\/2024\/05\/Vademecum-ACILex_version-2024-1.docx\" class=\"wp-block-file__button wp-element-button\" download aria-describedby=\"wp-block-file--media-76b4fc1f-325b-417f-bea8-a0f9a56aeb29\">T\u00e9l\u00e9charger<\/a><\/div>\n\n\n\n<hr class=\"wp-block-separator has-css-opacity\" \/>\n\n\n\n<h4 class=\"wp-block-heading\"><span style=\"color: #000000\">Financement de mobilit\u00e9<\/span><\/h4>\n\n\n\n<p><span style=\"color: #000000\">Deux types de financement, non cumulables, sont possibles et calcul\u00e9s sur la base d\u2019un s\u00e9jour de 6 mois&nbsp; :<\/span><\/p>\n\n\n\n<ul class=\"wp-block-list\">\n<li><span style=\"color: #000000\"><strong>la bourse de mobilit\u00e9 :&nbsp;<\/strong>est destin\u00e9e aux doctorant\u00b7e\u00b7s sans contrat de travail avec l\u2019UNIL ou qui vont interrompre leur contrat d\u2019assistant\u00b7e dipl\u00f4m\u00e9\u00b7e le temps de leur s\u00e9jour \u00e0 l\u2019\u00e9tranger.&nbsp;<\/span><br><span style=\"color: #000000\">&nbsp;<\/span><\/li>\n\n\n\n<li><span style=\"color: #000000\"><strong>le subside de mobilit\u00e9 :&nbsp;<\/strong>d\u2019un montant beaucoup plus modeste que la bourse et r\u00e9pondant \u00e0 une logique de per diem, il est destin\u00e9 \u00e0 contribuer aux frais de s\u00e9jour des doctorant\u00b7e\u00b7s qui d\u00e9cideront, d\u2019entente avec le d\u00e9canat de leur facult\u00e9 de rattachement, de ne pas interrompre leur contrat de travail avec l\u2019UNIL et qui continueront ainsi de percevoir leur salaire pendant leur absence.<\/span><\/li>\n<\/ul>\n\n\n\n<p><span style=\"color: #000000\">Pour plus d&rsquo;informations, voir le <a style=\"color: #000000\" href=\"https:\/\/www.unil.ch\/researcher\/fr\/home\/menuinst\/funding\/mobidoc.html\">lien suivant<\/a>.<\/span><\/p>\n\n\n\n<hr class=\"wp-block-separator has-css-opacity\" \/>\n\n\n\n<h4 class=\"wp-block-heading\"><span style=\"color: #000000\">Mod\u00e8les de th\u00e8se<\/span><\/h4>\n\n\n\n<ul class=\"wp-block-list\">\n<li><span style=\"color: #000000\"><a href=\"https:\/\/www.unine.ch\/droit\/home\/formations\/doctorat\/documents-utiles.html\">Mod\u00e8le de th\u00e8se de l&rsquo;Universit\u00e9 de Neuch\u00e2tel&nbsp; (originel)<\/a><\/span><\/li>\n\n\n\n<li><span style=\"color: #000000\"><a style=\"color: #000000\" href=\"https:\/\/wp.unil.ch\/acilex\/files\/2020\/10\/Template_Doc_the%CC%80se_JF.docx\">Mod\u00e8le de th\u00e8se adapt\u00e9 pour l&rsquo;Ecole de droit UNIL<\/a><\/span><\/li>\n<\/ul>\n\n\n\n<p><span style=\"color: #000000\">Le Centre Informatique offre <a style=\"color: #000000\" href=\"https:\/\/www.unil.ch\/ci\/cours-wordlongsdocuments\">un cours sur comment mieux appr\u00e9hender les longs documents Word<\/a>. Vous pouvez \u00e9galement trouver des informations pr\u00e9cieuses sur le <a style=\"color: #000000\" href=\"https:\/\/people.unil.ch\/jacquelinefrey\/\">blog de Mme Jacqueline Frey<\/a>.<\/span><\/p>\n\n\n\n<hr class=\"wp-block-separator has-css-opacity\" \/>\n\n\n\n<h4 class=\"wp-block-heading\"><span style=\"font-size: 1rem\">Ressources sur la recherche juridique informatis\u00e9e<\/span><\/h4>\n\n\n\n<ul class=\"wp-block-list\">\n<li><span style=\"color: #000000\"><a style=\"color: #000000\" href=\"https:\/\/wp.unil.ch\/acilex\/files\/2020\/12\/Recherche-juridique-informatisee-polycopie_theorique.pdf\">Polycopi\u00e9 th\u00e9orique du cours de \u00ab\u00a0Recherche juridique informatis\u00e9e\u00a0\u00bb de l&rsquo;Universit\u00e9 de Gen\u00e8ve<\/a>*<\/span><\/li>\n\n\n\n<li><span style=\"color: #000000\"><a style=\"color: #000000\" href=\"https:\/\/wp.unil.ch\/acilex\/files\/2020\/12\/Recherche-juridique-informatisee-polycopie_pratique.pdf\">Polycopi\u00e9 pratique du cours de \u00ab\u00a0Recherche juridique informatis\u00e9e\u00a0\u00bb de l&rsquo;Universit\u00e9 de Gen\u00e8ve<\/a>*<\/span><\/li>\n<\/ul>\n\n\n\n<p>*Documentation mise \u00e0 disposition avec l&rsquo;autorisation du Prof. Alexandre Fl\u00fcckiger.<\/p>\n\n\n\n<hr class=\"wp-block-separator has-css-opacity\" \/>\n\n\n\n<h4 class=\"wp-block-heading\"><span style=\"color: #000000\">Catalogue des biblioth\u00e8ques des diff\u00e9rents centres de l\u2019\u00c9cole de droit<\/span><\/h4>\n\n\n\n<p><span style=\"color: #000000\">Disponible aupr\u00e8s des secr\u00e9tariat des Centres.<\/span><\/p>\n\n\n\n<hr class=\"wp-block-separator has-css-opacity\" \/>\n\n\n\n<h4 class=\"wp-block-heading\"><span style=\"color: #000000\">Contacts du personnel UNIL<\/span><\/h4>\n\n\n\n<p><span style=\"color: #000000\">Voir le <a style=\"color: #000000\" href=\"https:\/\/www3.unil.ch\/annuaire\/browse\/unit\/ou=Facult%C3%A9%20de%20droit%20%20des%20sciences%20criminelles%20et%20d'administration%20publique,%20o=Universite%20de%20Lausanne,%20c=ch\">lien suivant<\/a>.<\/span><\/p>\n\n\n\n<hr class=\"wp-block-separator has-css-opacity\" \/>\n\n\n\n<h4 class=\"wp-block-heading\"><span style=\"color: #000000\">Sites de traduction<\/span><\/h4>\n\n\n\n<p><span style=\"color: #000000\"><a style=\"color: #000000\" href=\"https:\/\/www.linguapc.apps.be.ch\">https:\/\/www.linguapc.apps.be.ch<\/a><\/span><\/p>\n\n\n\n<p><span style=\"color: #000000\"><a style=\"color: #000000\" href=\"https:\/\/drw-www.adw.uni-heidelberg.de\/drw-cgi\/zeige?term=Beschluss&amp;index=lemmata\">https:\/\/drw-www.adw.uni-heidelberg.de\/drw-cgi\/zeige?term=Beschluss&amp;index=lemmata<\/a><\/span><\/p>\n\n\n\n<p><span style=\"color: #000000\"><a style=\"color: #000000\" href=\"https:\/\/iate.europa.eu\/SearchByQueryLoad.do?method=load\">https:\/\/iate.europa.eu\/SearchByQueryLoad.do?method=load<\/a><\/span><\/p>\n\n\n\n<p><span style=\"color: #000000\"><a style=\"color: #000000\" href=\"https:\/\/tds.eurospider.com\/TDS\/main.html\">https:\/\/tds.eurospider.com\/TDS\/main.html<\/a><\/span><\/p>\n\n\n\n<p><span style=\"color: #000000\">Pour trouver la traduction f\u00e9d\u00e9rale exacte des termes juridiques: <a style=\"color: #000000\" href=\"https:\/\/www.termdat.bk.admin.ch\/Search\/Search\">https:\/\/www.termdat.bk.admin.ch\/Search\/Search<\/a><\/span><\/p>\n\n\n\n<p><\/p>\n\n\n\n<div class=\"wp-block-columns is-layout-flex wp-container-core-columns-is-layout-9d6595d7 wp-block-columns-is-layout-flex\">\n<div class=\"wp-block-column is-layout-flow wp-block-column-is-layout-flow\">\n<figure class=\"wp-block-image size-large is-resized is-style-rounded\"><img alt=\"\" loading=\"lazy\" decoding=\"async\" width=\"1798\" height=\"1125\" src=\"https:\/\/wp.unil.ch\/acilex\/files\/2021\/03\/DSC_0028-edited.jpg\" alt=\"\" class=\"wp-image-231\" style=\"width:666px\" srcset=\"https:\/\/wp.unil.ch\/acilex\/files\/2021\/03\/DSC_0028-edited.jpg 1798w, https:\/\/wp.unil.ch\/acilex\/files\/2021\/03\/DSC_0028-edited-300x188.jpg 300w, https:\/\/wp.unil.ch\/acilex\/files\/2021\/03\/DSC_0028-edited-1024x641.jpg 1024w, https:\/\/wp.unil.ch\/acilex\/files\/2021\/03\/DSC_0028-edited-768x481.jpg 768w, https:\/\/wp.unil.ch\/acilex\/files\/2021\/03\/DSC_0028-edited-1536x961.jpg 1536w\" sizes=\"auto, (max-width: 706px) 89vw, (max-width: 767px) 82vw, 740px\" \/><\/figure>\n<\/div>\n<\/div>\n\n\n\n<p><\/p>\n","protected":false},"excerpt":{"rendered":"<p>Vademecum du doctorat et de l&rsquo;assistanat (version 2025) : Soutien \u00e0 la recherche Le soutien \u00e0 l\u2019enseignement et&nbsp;\u00e0 la recherche&nbsp;se d\u00e9veloppe dans notre facult\u00e9.&nbsp;Hugo Hueber vient de se joindre \u00e0 l\u2019\u00e9quipe et est d\u00e8s \u00e0 pr\u00e9sent l\u00e0 pour vous&nbsp;aider&nbsp;dans certains aspects de vos activit\u00e9s de recherche.&nbsp; Hugo Hueber vous&nbsp;accompagne dans la mise en \u0153uvre de &hellip; <\/p>\n<p class=\"link-more\"><a href=\"https:\/\/wp.unil.ch\/acilex\/savoir-institutionnel\/\" class=\"more-link\">Continuer la lecture<span class=\"screen-reader-text\"> de &laquo;&nbsp;Informations utiles pour le doctorat&nbsp;&raquo;<\/span><\/a><\/p>\n","protected":false},"author":1001699,"featured_media":0,"parent":0,"menu_order":0,"comment_status":"closed","ping_status":"closed","template":"","meta":{"_seopress_robots_primary_cat":"","_seopress_titles_title":"","_seopress_titles_desc":"","_seopress_robots_index":"","footnotes":""},"class_list":["post-47","page","type-page","status-publish"],"_links":{"self":[{"href":"https:\/\/wp.unil.ch\/acilex\/wp-json\/wp\/v2\/pages\/47","targetHints":{"allow":["GET"]}}],"collection":[{"href":"https:\/\/wp.unil.ch\/acilex\/wp-json\/wp\/v2\/pages"}],"about":[{"href":"https:\/\/wp.unil.ch\/acilex\/wp-json\/wp\/v2\/types\/page"}],"author":[{"embeddable":true,"href":"https:\/\/wp.unil.ch\/acilex\/wp-json\/wp\/v2\/users\/1001699"}],"replies":[{"embeddable":true,"href":"https:\/\/wp.unil.ch\/acilex\/wp-json\/wp\/v2\/comments?post=47"}],"version-history":[{"count":5,"href":"https:\/\/wp.unil.ch\/acilex\/wp-json\/wp\/v2\/pages\/47\/revisions"}],"predecessor-version":[{"id":525,"href":"https:\/\/wp.unil.ch\/acilex\/wp-json\/wp\/v2\/pages\/47\/revisions\/525"}],"wp:attachment":[{"href":"https:\/\/wp.unil.ch\/acilex\/wp-json\/wp\/v2\/media?parent=47"}],"curies":[{"name":"wp","href":"https:\/\/api.w.org\/{rel}","templated":true}]}}