{"id":897,"date":"2016-11-26T16:45:07","date_gmt":"2016-11-26T15:45:07","guid":{"rendered":"http:\/\/wp.unil.ch\/acil\/?page_id=897"},"modified":"2021-02-16T20:32:54","modified_gmt":"2021-02-16T19:32:54","slug":"statut-des-mer","status":"publish","type":"page","link":"https:\/\/wp.unil.ch\/acil\/statut-des-mer\/","title":{"rendered":"2013 : Statut des MER"},"content":{"rendered":"<p>L\u2019ACIL a organis\u00e9&nbsp;le mercredi 20 f\u00e9vrier 2013 une r\u00e9union sp\u00e9cifiquement destin\u00e9e aux MER de la Facult\u00e9 des lettres.<\/p>\n<p>Cette rencontre avait pour but de faire le point sur les d\u00e9marches en cours et en pr\u00e9paration \u00e0 propos du statut des MER et sur les probl\u00e8mes li\u00e9s \u00e0 leurs conditions de travail.<\/p>\n<p>Le programme \u00e9tait le suivant :<\/p>\n<ul>\n<li>&nbsp; &nbsp; pr\u00e9sentation de la situation actuelle, par le comit\u00e9 de l\u2019ACIL ;<\/li>\n<li>&nbsp; &nbsp; pr\u00e9sentation des travaux de la commission l\u00e9gislative du Conseil de l\u2019UNIL sur le statut des MER, avec Boris Vejdovsky (Pr\u00e9sident du Conseil de l\u2019UNIL et MER en section d\u2019anglais) ;<\/li>\n<li>&nbsp; &nbsp; r\u00e9ponses aux questions et recueil des dol\u00e9ances des MER de Lettres ;<\/li>\n<li>&nbsp; &nbsp; \u00e9laboration d\u2019une strat\u00e9gie d\u2019action concert\u00e9e.<\/li>\n<\/ul>\n<p>L\u2019ACIL a ensuite relay\u00e9 les pr\u00e9occupations des MER le mercredi 13 mars 2013 lors de sa rencontre avec le D\u00e9canat, qui l\u2019a charg\u00e9e de transmettre sa position \u00e0 ses membres.<\/p>\n<p>Un document de synth\u00e8se de la s\u00e9ance du 20 f\u00e9vrier et de la position du D\u00e9canat est disponible&nbsp;<a title=\"Synth\u00e8se MER\" href=\"https:\/\/wp.unil.ch\/acil\/files\/2013\/05\/MER_synthese.pdf\" target=\"_blank\" rel=\"noopener\">ici<\/a>.<\/p>\n","protected":false},"excerpt":{"rendered":"<p>L\u2019ACIL a organis\u00e9&nbsp;le mercredi 20 f\u00e9vrier 2013 une r\u00e9union sp\u00e9cifiquement destin\u00e9e aux MER de la Facult\u00e9 des lettres. Cette rencontre avait pour but de faire le point sur les d\u00e9marches en cours et en pr\u00e9paration \u00e0 propos du statut des MER et sur les probl\u00e8mes li\u00e9s \u00e0 leurs conditions de travail. Le programme \u00e9tait le &hellip; <\/p>\n<p class=\"link-more\"><a href=\"https:\/\/wp.unil.ch\/acil\/statut-des-mer\/\" class=\"more-link\">Continuer la lecture<span class=\"screen-reader-text\"> de &laquo;&nbsp;2013 : Statut des MER&nbsp;&raquo;<\/span><\/a><\/p>\n","protected":false},"author":268,"featured_media":0,"parent":0,"menu_order":0,"comment_status":"closed","ping_status":"closed","template":"","meta":{"_seopress_robots_primary_cat":"","_seopress_titles_title":"","_seopress_titles_desc":"","_seopress_robots_index":"","footnotes":""},"class_list":["post-897","page","type-page","status-publish"],"_links":{"self":[{"href":"https:\/\/wp.unil.ch\/acil\/wp-json\/wp\/v2\/pages\/897","targetHints":{"allow":["GET"]}}],"collection":[{"href":"https:\/\/wp.unil.ch\/acil\/wp-json\/wp\/v2\/pages"}],"about":[{"href":"https:\/\/wp.unil.ch\/acil\/wp-json\/wp\/v2\/types\/page"}],"author":[{"embeddable":true,"href":"https:\/\/wp.unil.ch\/acil\/wp-json\/wp\/v2\/users\/268"}],"replies":[{"embeddable":true,"href":"https:\/\/wp.unil.ch\/acil\/wp-json\/wp\/v2\/comments?post=897"}],"version-history":[{"count":0,"href":"https:\/\/wp.unil.ch\/acil\/wp-json\/wp\/v2\/pages\/897\/revisions"}],"wp:attachment":[{"href":"https:\/\/wp.unil.ch\/acil\/wp-json\/wp\/v2\/media?parent=897"}],"curies":[{"name":"wp","href":"https:\/\/api.w.org\/{rel}","templated":true}]}}