{"id":799,"date":"2014-10-23T22:59:23","date_gmt":"2014-10-23T20:59:23","guid":{"rendered":"http:\/\/wp.unil.ch\/acil\/?page_id=799"},"modified":"2021-02-16T20:42:20","modified_gmt":"2021-02-16T19:42:20","slug":"dossiers","status":"publish","type":"page","link":"https:\/\/wp.unil.ch\/acil\/dossiers\/","title":{"rendered":"Dossiers"},"content":{"rendered":"\n<p><strong>2017-2018<\/strong><\/p>\n\n\n\n<p><a href=\"https:\/\/wp.unil.ch\/acil\/stabilisation-ma-a-mer-2\/\" data-type=\"URL\" data-id=\"https:\/\/wp.unil.ch\/acil\/stabilisation-ma-a-mer-2\/\">Rel\u00e8ve<\/a><\/p>\n\n\n\n<p><a href=\"https:\/\/wp.unil.ch\/acil\/stabilisation-ma-a-mer\/\">Stabilisation de Ma\u00eetre-assistant\u00b7e \u00e0 Ma\u00eetre d&rsquo;enseignement et de recherche<\/a><\/p>\n\n\n\n<p><strong>2013<\/strong><\/p>\n\n\n\n<p><a href=\"https:\/\/wp.unil.ch\/acil\/statut-des-mer\/\">Statut des MER<\/a><\/p>\n\n\n\n<p><strong>2011<\/strong><\/p>\n\n\n\n<p><a href=\"https:\/\/wp.unil.ch\/acil\/enquete-conditions-travail-assistants\/\">Enqu\u00eate sur les conditions de travail des assistant\u00b7e\u00b7s<\/a><\/p>\n\n\n\n<p><strong>2009-2010<\/strong><\/p>\n\n\n\n<p><a href=\"https:\/\/wp.unil.ch\/acil\/cahiers-des-charges-des-assistant-e-s\/\">Assistant\u00b7e\u00b7s et enseignement<\/a><\/p>\n\n\n\n<p><strong>2008<\/strong><\/p>\n\n\n\n<p><a href=\"https:\/\/wp.unil.ch\/acil\/2008-2\/\">Groupe de travail<\/a><\/p>\n\n\n\n<p><strong>2007<\/strong><\/p>\n\n\n\n<p><a href=\"https:\/\/wp.unil.ch\/acil\/2007-2\/\">Examens<\/a><\/p>\n\n\n\n<p><\/p>\n","protected":false},"excerpt":{"rendered":"<p>2017-2018 Rel\u00e8ve Stabilisation de Ma\u00eetre-assistant\u00b7e \u00e0 Ma\u00eetre d&rsquo;enseignement et de recherche 2013 Statut des MER 2011 Enqu\u00eate sur les conditions de travail des assistant\u00b7e\u00b7s 2009-2010 Assistant\u00b7e\u00b7s et enseignement 2008 Groupe de travail 2007 Examens<\/p>\n","protected":false},"author":108,"featured_media":0,"parent":0,"menu_order":2,"comment_status":"closed","ping_status":"closed","template":"","meta":{"_seopress_robots_primary_cat":"","_seopress_titles_title":"","_seopress_titles_desc":"","_seopress_robots_index":"","footnotes":""},"class_list":["post-799","page","type-page","status-publish"],"_links":{"self":[{"href":"https:\/\/wp.unil.ch\/acil\/wp-json\/wp\/v2\/pages\/799","targetHints":{"allow":["GET"]}}],"collection":[{"href":"https:\/\/wp.unil.ch\/acil\/wp-json\/wp\/v2\/pages"}],"about":[{"href":"https:\/\/wp.unil.ch\/acil\/wp-json\/wp\/v2\/types\/page"}],"author":[{"embeddable":true,"href":"https:\/\/wp.unil.ch\/acil\/wp-json\/wp\/v2\/users\/108"}],"replies":[{"embeddable":true,"href":"https:\/\/wp.unil.ch\/acil\/wp-json\/wp\/v2\/comments?post=799"}],"version-history":[{"count":0,"href":"https:\/\/wp.unil.ch\/acil\/wp-json\/wp\/v2\/pages\/799\/revisions"}],"wp:attachment":[{"href":"https:\/\/wp.unil.ch\/acil\/wp-json\/wp\/v2\/media?parent=799"}],"curies":[{"name":"wp","href":"https:\/\/api.w.org\/{rel}","templated":true}]}}