{"id":506,"date":"2011-08-16T14:09:52","date_gmt":"2011-08-16T12:09:52","guid":{"rendered":"http:\/\/wp.unil.ch\/acil\/?page_id=506"},"modified":"2014-10-23T23:19:54","modified_gmt":"2014-10-23T21:19:54","slug":"les-rencontres-de-lacil","status":"publish","type":"page","link":"https:\/\/wp.unil.ch\/acil\/les-rencontres-de-lacil\/","title":{"rendered":"Les Rencontres de l&rsquo;ACIL"},"content":{"rendered":"<div>\n<p>L\u2019un des constats faits par le comit\u00e9 au terme de son ann\u00e9e d\u2019activit\u00e9 2009-2010 est le <strong>manque d\u2019information<\/strong> donc souffrent souvent les membres du CI, en particulier les (nouveaux) assistants, pour ce qui concerne notamment des sujets aussi importants que leur statut, leurs droits et devoirs, le cahier des charges, les possibilit\u00e9s de bourses, etc.<\/p>\n<p>Afin de tenter de pallier \u00e0 ce probl\u00e8me, le comit\u00e9 a d\u00e9cid\u00e9 de lancer une s\u00e9rie de <strong>RENCONTRES \u00e0 th\u00e8mes<\/strong>. Ces rencontres, qui se veulent informelles et interactives, seront l\u2019occasion pour chacun de s\u2019informer, de poser des questions et de partager ses exp\u00e9riences.<\/p>\n<p>&nbsp;<\/p>\n<p>La premi\u00e8re Rencontre de l&rsquo;ACIL a eu lieu le 8 d\u00e9cembre 2010 et s&rsquo;intitulait <strong>\u00ab\u00a0Tout ce que vous avez toujours voulu savoir sur l\u2019assistanat (sans jamais oser le demander)\u00a0\u00bb<\/strong>. Elle \u00e9tait donc destin\u00e9e particuli\u00e8rement aux assistants, mais \u00e9tait ouverte \u00e0 tous. Elle a r\u00e9uni une dizaine d&rsquo;assistants de la premi\u00e8re \u00e0 la derni\u00e8re ann\u00e9e.<\/p>\n<p>Nous y avons fait le point sur les questions mentionn\u00e9es ci-dessus, et r\u00e9pondu aux interrogations soulev\u00e9es par les participants.<\/p>\n<p><a href=\"..\/files\/2010\/11\/poster-1e-rencontre.pdf\">Poster 1ere Rencontre de l\u2019ACIL<\/a><\/p>\n<\/div>\n","protected":false},"excerpt":{"rendered":"<p>L\u2019un des constats faits par le comit\u00e9 au terme de son ann\u00e9e d\u2019activit\u00e9 2009-2010 est le manque d\u2019information donc souffrent souvent les membres du CI, en particulier les (nouveaux) assistants, pour ce qui concerne notamment des sujets aussi importants que leur statut, leurs droits et devoirs, le cahier des charges, les possibilit\u00e9s de bourses, etc. &hellip; <\/p>\n<p class=\"link-more\"><a href=\"https:\/\/wp.unil.ch\/acil\/les-rencontres-de-lacil\/\" class=\"more-link\">Continuer la lecture<span class=\"screen-reader-text\"> de &laquo;&nbsp;Les Rencontres de l&rsquo;ACIL&nbsp;&raquo;<\/span><\/a><\/p>\n","protected":false},"author":268,"featured_media":0,"parent":0,"menu_order":18,"comment_status":"closed","ping_status":"closed","template":"","meta":{"_seopress_robots_primary_cat":"","_seopress_titles_title":"","_seopress_titles_desc":"","_seopress_robots_index":"","footnotes":""},"class_list":["post-506","page","type-page","status-publish"],"_links":{"self":[{"href":"https:\/\/wp.unil.ch\/acil\/wp-json\/wp\/v2\/pages\/506","targetHints":{"allow":["GET"]}}],"collection":[{"href":"https:\/\/wp.unil.ch\/acil\/wp-json\/wp\/v2\/pages"}],"about":[{"href":"https:\/\/wp.unil.ch\/acil\/wp-json\/wp\/v2\/types\/page"}],"author":[{"embeddable":true,"href":"https:\/\/wp.unil.ch\/acil\/wp-json\/wp\/v2\/users\/268"}],"replies":[{"embeddable":true,"href":"https:\/\/wp.unil.ch\/acil\/wp-json\/wp\/v2\/comments?post=506"}],"version-history":[{"count":0,"href":"https:\/\/wp.unil.ch\/acil\/wp-json\/wp\/v2\/pages\/506\/revisions"}],"wp:attachment":[{"href":"https:\/\/wp.unil.ch\/acil\/wp-json\/wp\/v2\/media?parent=506"}],"curies":[{"name":"wp","href":"https:\/\/api.w.org\/{rel}","templated":true}]}}

<div>
<p>L’un des constats faits par le comité au terme de son année d’activité 2009-2010 est le <strong>manque d’information</strong> donc souffrent souvent les membres du CI, en particulier les (nouveaux) assistants, pour ce qui concerne notamment des sujets aussi importants que leur statut, leurs droits et devoirs, le cahier des charges, les possibilités de bourses, etc.</p>
<p>Afin de tenter de pallier à ce problème, le comité a décidé de lancer une série de <strong>RENCONTRES à thèmes</strong>. Ces rencontres, qui se veulent informelles et interactives, seront l’occasion pour chacun de s’informer, de poser des questions et de partager ses expériences.</p>
<p>&nbsp;</p>
<p>La première Rencontre de l&rsquo;ACIL a eu lieu le 8 décembre 2010 et s&rsquo;intitulait <strong>« Tout ce que vous avez toujours voulu savoir sur l’assistanat (sans jamais oser le demander) »</strong>. Elle était donc destinée particulièrement aux assistants, mais était ouverte à tous. Elle a réuni une dizaine d&rsquo;assistants de la première à la dernière année.</p>
<p>Nous y avons fait le point sur les questions mentionnées ci-dessus, et répondu aux interrogations soulevées par les participants.</p>
<p><a href="../files/2010/11/poster-1e-rencontre.pdf">Poster 1ere Rencontre de l’ACIL</a></p>
</div>

<p>L’un des constats faits par le comité au terme de son année d’activité 2009-2010 est le manque d’information donc souffrent souvent les membres du CI, en particulier les (nouveaux) assistants, pour ce qui concerne notamment des sujets aussi importants que leur statut, leurs droits et devoirs, le cahier des charges, les possibilités de bourses, etc. &hellip; </p>
<p class="link-more"><a href="https://wp.unil.ch/acil/les-rencontres-de-lacil/" class="more-link">Continuer la lecture<span class="screen-reader-text"> de &laquo;&nbsp;Les Rencontres de l&rsquo;ACIL&nbsp;&raquo;</span></a></p>
