{"id":46,"date":"2010-07-29T12:22:01","date_gmt":"2010-07-29T10:22:01","guid":{"rendered":"http:\/\/wp.unil.ch\/acil\/?page_id=46"},"modified":"2022-11-23T12:18:06","modified_gmt":"2022-11-23T11:18:06","slug":"lassociation","status":"publish","type":"page","link":"https:\/\/wp.unil.ch\/acil\/lassociation\/","title":{"rendered":"Qui sommes-nous?"},"content":{"rendered":"<p><a href=\"https:\/\/wp.unil.ch\/acil\/files\/2010\/07\/book_pile-150x1501.jpg\"><img alt=\"\" loading=\"lazy\" decoding=\"async\" class=\"alignright size-full wp-image-232\" src=\"https:\/\/wp.unil.ch\/acil\/files\/2010\/07\/book_pile-150x1501.jpg\" alt=\"\" width=\"150\" height=\"150\" \/><\/a>Depuis le 18 mars 2009, l&rsquo;ACIL est reconnue par la Direction de l&rsquo;Universit\u00e9.<\/p>\n<p>L\u2019association a pour <strong>buts<\/strong> :<br \/>\n\u2022 de d\u00e9fendre et promouvoir les int\u00e9r\u00eats des membres de l\u2019ACIL;<br \/>\n\u2022 de les repr\u00e9senter aupr\u00e8s des autorit\u00e9s acad\u00e9miques et politiques;<br \/>\n\u2022 de favoriser les contacts et les \u00e9changes entre ses membres.<\/p>\n<p>Sont <strong>membres<\/strong> de l\u2019association tous les membres du Corps Interm\u00e9diaire au sens des articles 52b, 59, 60 et 61 de la LUL, ainsi que les candidats au doctorat (article 90 RALUL) et les boursiers FNS attach\u00e9s \u00e0 la Facult\u00e9 des lettres qui en font la demande au Comit\u00e9. En clair: les ma\u00eetres d\u2019enseignement et de recherche (MER de type 1 ou 2), les ma\u00eetres assistants (MA), les assistants (1ers assistants et assistants dipl\u00f4m\u00e9s).<\/p>\n<p>Les membres du Corps Interm\u00e9diaire deviennent automatiquement membres de l\u2019association d\u00e8s leur engagement.<\/p>\n<h3><a href=\"https:\/\/wp.unil.ch\/acil\/files\/2022\/11\/ACIL-Statuts-de-lassociation-mis-a-jour.pdf\"><strong>Les statuts de l&rsquo;association<\/strong><\/a><\/h3>\n<p>R\u00e9dig\u00e9s par un groupe de travail compos\u00e9 de Gilda Bouchat, Maryline Cettou, J\u00e9r\u00f4me David, Michel Pahud, Hugues Poltier et Marie Widmer, les statuts de l\u2019ACIL ont \u00e9t\u00e9 modifi\u00e9s puis approuv\u00e9s lors de l\u2019assembl\u00e9e constitutive du 6 d\u00e9cembre 2006. Afin de parvenir \u00e0 ce r\u00e9sultat, le groupe de travail s\u2019\u00e9tait notamment inspir\u00e9 des statuts: de l\u2019Association des Etudiants en Lettres (AEL), de la F\u00e9d\u00e9ration des Associations d\u2019Etudiants (FAE), de l\u2019Association des Doctorants et Assistants de la Facult\u00e9 de Biologie et M\u00e9decine (ADAS), de l\u2019Association du Corps Interm\u00e9diaire de la Facult\u00e9 de Droit.<\/p>\n","protected":false},"excerpt":{"rendered":"<p>Depuis le 18 mars 2009, l&rsquo;ACIL est reconnue par la Direction de l&rsquo;Universit\u00e9. L\u2019association a pour buts : \u2022 de d\u00e9fendre et promouvoir les int\u00e9r\u00eats des membres de l\u2019ACIL; \u2022 de les repr\u00e9senter aupr\u00e8s des autorit\u00e9s acad\u00e9miques et politiques; \u2022 de favoriser les contacts et les \u00e9changes entre ses membres. Sont membres de l\u2019association tous &hellip; <\/p>\n<p class=\"link-more\"><a href=\"https:\/\/wp.unil.ch\/acil\/lassociation\/\" class=\"more-link\">Continuer la lecture<span class=\"screen-reader-text\"> de &laquo;&nbsp;Qui sommes-nous?&nbsp;&raquo;<\/span><\/a><\/p>\n","protected":false},"author":108,"featured_media":0,"parent":0,"menu_order":5,"comment_status":"closed","ping_status":"closed","template":"","meta":{"_seopress_robots_primary_cat":"","_seopress_titles_title":"","_seopress_titles_desc":"","_seopress_robots_index":"","footnotes":""},"class_list":["post-46","page","type-page","status-publish"],"_links":{"self":[{"href":"https:\/\/wp.unil.ch\/acil\/wp-json\/wp\/v2\/pages\/46","targetHints":{"allow":["GET"]}}],"collection":[{"href":"https:\/\/wp.unil.ch\/acil\/wp-json\/wp\/v2\/pages"}],"about":[{"href":"https:\/\/wp.unil.ch\/acil\/wp-json\/wp\/v2\/types\/page"}],"author":[{"embeddable":true,"href":"https:\/\/wp.unil.ch\/acil\/wp-json\/wp\/v2\/users\/108"}],"replies":[{"embeddable":true,"href":"https:\/\/wp.unil.ch\/acil\/wp-json\/wp\/v2\/comments?post=46"}],"version-history":[{"count":0,"href":"https:\/\/wp.unil.ch\/acil\/wp-json\/wp\/v2\/pages\/46\/revisions"}],"wp:attachment":[{"href":"https:\/\/wp.unil.ch\/acil\/wp-json\/wp\/v2\/media?parent=46"}],"curies":[{"name":"wp","href":"https:\/\/api.w.org\/{rel}","templated":true}]}}