{"id":334,"date":"2010-10-04T09:51:09","date_gmt":"2010-10-04T07:51:09","guid":{"rendered":"http:\/\/wp.unil.ch\/acil\/"},"modified":"2010-10-04T09:51:10","modified_gmt":"2010-10-04T07:51:10","slug":"petition-pour-modifier-les-periodes-dexamens","status":"publish","type":"page","link":"https:\/\/wp.unil.ch\/acil\/petition-pour-modifier-les-periodes-dexamens\/","title":{"rendered":"P\u00e9tition pour modifier les p\u00e9riodes d&rsquo;examens"},"content":{"rendered":"<p><a href=\"https:\/\/wp.unil.ch\/acil\/files\/2010\/10\/PetitionPeriodesExamen.pdf\">P\u00e9tition pour modifier les p\u00e9riodes d&rsquo;examens<\/a><\/p>\n<p>R\u00e9sultat de la p\u00e9tition\u00a0 \t\t     \t     \t     \t\t \t\t    Membres du CI: 230<\/p>\n<p>Soutiennent la p\u00e9tition: 75<br \/>\nRejettent la p\u00e9tition: 1<\/p>\n<p>Participation: 33%<br \/>\nOui: 98,7%<br \/>\nNon: 1,3%<\/p>\n","protected":false},"excerpt":{"rendered":"<p>P\u00e9tition pour modifier les p\u00e9riodes d&rsquo;examens R\u00e9sultat de la p\u00e9tition\u00a0 Membres du CI: 230 Soutiennent la p\u00e9tition: 75 Rejettent la p\u00e9tition: 1 Participation: 33% Oui: 98,7% Non: 1,3%<\/p>\n","protected":false},"author":241,"featured_media":0,"parent":0,"menu_order":22,"comment_status":"closed","ping_status":"closed","template":"","meta":{"_seopress_robots_primary_cat":"","_seopress_titles_title":"","_seopress_titles_desc":"","_seopress_robots_index":"","footnotes":""},"class_list":["post-334","page","type-page","status-publish"],"_links":{"self":[{"href":"https:\/\/wp.unil.ch\/acil\/wp-json\/wp\/v2\/pages\/334","targetHints":{"allow":["GET"]}}],"collection":[{"href":"https:\/\/wp.unil.ch\/acil\/wp-json\/wp\/v2\/pages"}],"about":[{"href":"https:\/\/wp.unil.ch\/acil\/wp-json\/wp\/v2\/types\/page"}],"author":[{"embeddable":true,"href":"https:\/\/wp.unil.ch\/acil\/wp-json\/wp\/v2\/users\/241"}],"replies":[{"embeddable":true,"href":"https:\/\/wp.unil.ch\/acil\/wp-json\/wp\/v2\/comments?post=334"}],"version-history":[{"count":0,"href":"https:\/\/wp.unil.ch\/acil\/wp-json\/wp\/v2\/pages\/334\/revisions"}],"wp:attachment":[{"href":"https:\/\/wp.unil.ch\/acil\/wp-json\/wp\/v2\/media?parent=334"}],"curies":[{"name":"wp","href":"https:\/\/api.w.org\/{rel}","templated":true}]}}

Pétition pour modifier les périodes d&rsquo;examens

<p><a href="https://wp.unil.ch/acil/files/2010/10/PetitionPeriodesExamen.pdf">Pétition pour modifier les périodes d&rsquo;examens</a></p>
<p>Résultat de la pétition  		     	     	     		 		    Membres du CI: 230</p>
<p>Soutiennent la pétition: 75<br />
Rejettent la pétition: 1</p>
<p>Participation: 33%<br />
Oui: 98,7%<br />
Non: 1,3%</p>

<p>Pétition pour modifier les périodes d&rsquo;examens Résultat de la pétition  Membres du CI: 230 Soutiennent la pétition: 75 Rejettent la pétition: 1 Participation: 33% Oui: 98,7% Non: 1,3%</p>
